--
-- Host: localhost    Database: hasa
-- ------------------------------------------------------


--
-- Table structure for table `activations`
--

CREATE TABLE `activations` (
  `id` bigint unsigned NOT NULL AUTO_INCREMENT,
  `user_id` bigint unsigned NOT NULL,
  `code` varchar(120) COLLATE utf8mb4_unicode_ci NOT NULL,
  `completed` tinyint(1) NOT NULL DEFAULT '0',
  `completed_at` timestamp NULL DEFAULT NULL,
  `created_at` timestamp NULL DEFAULT NULL,
  `updated_at` timestamp NULL DEFAULT NULL,
  PRIMARY KEY (`id`),
  KEY `activations_user_id_index` (`user_id`)
) ENGINE=InnoDB AUTO_INCREMENT=4 DEFAULT CHARSET=utf8mb4 COLLATE=utf8mb4_unicode_ci;

--
-- Dumping data for table `activations`
--

INSERT INTO `activations` VALUES (1,1,'K4mVRR4QzXgzU85xTjZ8zDAsW2MpamTg',1,'2023-09-26 16:38:14','2023-09-26 16:38:14','2023-09-26 16:38:14'),(2,2,'nLmtCVBE2eyoNrOtEDPEQsQnMz03khC1',1,'2023-09-26 16:38:14','2023-09-26 16:38:14','2023-09-26 16:38:14'),(3,3,'co60VBEvs9EaYeVheYnr6bOGt1IzwRHs',1,'2023-09-26 16:38:14','2023-09-26 16:38:14','2023-09-26 16:38:14');

--
-- Table structure for table `admin_notifications`
--

CREATE TABLE `admin_notifications` (
  `id` bigint unsigned NOT NULL AUTO_INCREMENT,
  `title` varchar(191) COLLATE utf8mb4_unicode_ci NOT NULL,
  `action_label` varchar(191) COLLATE utf8mb4_unicode_ci DEFAULT NULL,
  `action_url` varchar(191) COLLATE utf8mb4_unicode_ci DEFAULT NULL,
  `description` varchar(400) COLLATE utf8mb4_unicode_ci NOT NULL,
  `read_at` timestamp NULL DEFAULT NULL,
  `created_at` timestamp NULL DEFAULT NULL,
  `updated_at` timestamp NULL DEFAULT NULL,
  `permission` varchar(191) COLLATE utf8mb4_unicode_ci DEFAULT NULL,
  PRIMARY KEY (`id`)
) ENGINE=InnoDB DEFAULT CHARSET=utf8mb4 COLLATE=utf8mb4_unicode_ci;

--
-- Dumping data for table `admin_notifications`
--


--
-- Table structure for table `audit_histories`
--

CREATE TABLE `audit_histories` (
  `id` bigint unsigned NOT NULL AUTO_INCREMENT,
  `user_id` bigint unsigned NOT NULL,
  `module` varchar(60) COLLATE utf8mb4_unicode_ci NOT NULL,
  `request` text COLLATE utf8mb4_unicode_ci,
  `action` varchar(120) COLLATE utf8mb4_unicode_ci NOT NULL,
  `user_agent` text COLLATE utf8mb4_unicode_ci,
  `ip_address` varchar(39) COLLATE utf8mb4_unicode_ci DEFAULT NULL,
  `reference_user` bigint unsigned NOT NULL,
  `reference_id` bigint unsigned NOT NULL,
  `reference_name` varchar(255) COLLATE utf8mb4_unicode_ci NOT NULL,
  `type` varchar(20) COLLATE utf8mb4_unicode_ci NOT NULL,
  `created_at` timestamp NULL DEFAULT NULL,
  `updated_at` timestamp NULL DEFAULT NULL,
  PRIMARY KEY (`id`),
  KEY `audit_histories_user_id_index` (`user_id`),
  KEY `audit_histories_module_index` (`module`)
) ENGINE=InnoDB DEFAULT CHARSET=utf8mb4 COLLATE=utf8mb4_unicode_ci;

--
-- Dumping data for table `audit_histories`
--


--
-- Table structure for table `categories`
--

CREATE TABLE `categories` (
  `id` bigint unsigned NOT NULL AUTO_INCREMENT,
  `name` varchar(120) COLLATE utf8mb4_unicode_ci NOT NULL,
  `parent_id` bigint unsigned NOT NULL DEFAULT '0',
  `description` varchar(400) COLLATE utf8mb4_unicode_ci DEFAULT NULL,
  `status` varchar(60) COLLATE utf8mb4_unicode_ci NOT NULL DEFAULT 'published',
  `author_id` bigint unsigned DEFAULT NULL,
  `author_type` varchar(255) CHARACTER SET utf8mb4 COLLATE utf8mb4_unicode_ci NOT NULL DEFAULT 'Botble\\ACL\\Models\\User',
  `icon` varchar(60) COLLATE utf8mb4_unicode_ci DEFAULT NULL,
  `order` tinyint NOT NULL DEFAULT '0',
  `is_featured` tinyint NOT NULL DEFAULT '0',
  `is_default` tinyint unsigned NOT NULL DEFAULT '0',
  `created_at` timestamp NULL DEFAULT NULL,
  `updated_at` timestamp NULL DEFAULT NULL,
  PRIMARY KEY (`id`),
  KEY `categories_parent_id_index` (`parent_id`),
  KEY `categories_status_index` (`status`),
  KEY `categories_created_at_index` (`created_at`)
) ENGINE=InnoDB AUTO_INCREMENT=5 DEFAULT CHARSET=utf8mb4 COLLATE=utf8mb4_unicode_ci;

--
-- Dumping data for table `categories`
--

INSERT INTO `categories` VALUES (1,'Ecommerce',0,'Ratione deleniti consectetur et. Earum aut earum facere in suscipit quo odit et. Est nulla animi quia hic iure ipsum.','published',2,'Botble\\ACL\\Models\\User',NULL,0,0,1,'2023-09-26 16:38:15','2023-09-26 16:38:15'),(2,'Fashion',0,'Beatae eum nesciunt occaecati. Natus aut est totam vel. Optio eos quasi et quis eaque.','published',2,'Botble\\ACL\\Models\\User',NULL,0,1,0,'2023-09-26 16:38:15','2023-09-26 16:38:15'),(3,'Electronic',0,'Ea expedita possimus vero. Odit quod tenetur enim id ex suscipit. Assumenda consectetur architecto labore nihil voluptas. Nesciunt consequatur recusandae sunt aut eaque nobis.','published',2,'Botble\\ACL\\Models\\User',NULL,0,1,0,'2023-09-26 16:38:15','2023-09-26 16:38:15'),(4,'Commercial',0,'Porro delectus aliquid voluptas accusamus. Eos fugit rerum et dolore. Dolor possimus eos omnis maiores.','published',2,'Botble\\ACL\\Models\\User',NULL,0,1,0,'2023-09-26 16:38:15','2023-09-26 16:38:15');

--
-- Table structure for table `categories_translations`
--

CREATE TABLE `categories_translations` (
  `lang_code` varchar(191) COLLATE utf8mb4_unicode_ci NOT NULL,
  `categories_id` bigint unsigned NOT NULL,
  `name` varchar(255) COLLATE utf8mb4_unicode_ci DEFAULT NULL,
  `description` varchar(400) COLLATE utf8mb4_unicode_ci DEFAULT NULL,
  PRIMARY KEY (`lang_code`,`categories_id`)
) ENGINE=InnoDB DEFAULT CHARSET=utf8mb4 COLLATE=utf8mb4_unicode_ci;

--
-- Dumping data for table `categories_translations`
--


--
-- Table structure for table `cities`
--

CREATE TABLE `cities` (
  `id` bigint unsigned NOT NULL AUTO_INCREMENT,
  `name` varchar(120) COLLATE utf8mb4_unicode_ci NOT NULL,
  `slug` varchar(120) COLLATE utf8mb4_unicode_ci DEFAULT NULL,
  `state_id` bigint unsigned NOT NULL,
  `country_id` bigint unsigned DEFAULT NULL,
  `record_id` varchar(40) COLLATE utf8mb4_unicode_ci DEFAULT NULL,
  `order` tinyint NOT NULL DEFAULT '0',
  `image` varchar(255) COLLATE utf8mb4_unicode_ci DEFAULT NULL,
  `is_default` tinyint unsigned NOT NULL DEFAULT '0',
  `status` varchar(60) COLLATE utf8mb4_unicode_ci NOT NULL DEFAULT 'published',
  `created_at` timestamp NULL DEFAULT NULL,
  `updated_at` timestamp NULL DEFAULT NULL,
  PRIMARY KEY (`id`),
  UNIQUE KEY `cities_slug_unique` (`slug`)
) ENGINE=InnoDB DEFAULT CHARSET=utf8mb4 COLLATE=utf8mb4_unicode_ci;

--
-- Dumping data for table `cities`
--


--
-- Table structure for table `cities_translations`
--

CREATE TABLE `cities_translations` (
  `lang_code` varchar(191) COLLATE utf8mb4_unicode_ci NOT NULL,
  `cities_id` bigint unsigned NOT NULL,
  `name` varchar(120) COLLATE utf8mb4_unicode_ci DEFAULT NULL,
  `slug` varchar(120) CHARACTER SET utf8mb4 COLLATE utf8mb4_unicode_ci DEFAULT NULL,
  PRIMARY KEY (`lang_code`,`cities_id`)
) ENGINE=InnoDB DEFAULT CHARSET=utf8mb4 COLLATE=utf8mb4_unicode_ci;

--
-- Dumping data for table `cities_translations`
--


--
-- Table structure for table `contact_replies`
--

CREATE TABLE `contact_replies` (
  `id` bigint unsigned NOT NULL AUTO_INCREMENT,
  `message` longtext COLLATE utf8mb4_unicode_ci NOT NULL,
  `contact_id` bigint unsigned NOT NULL,
  `created_at` timestamp NULL DEFAULT NULL,
  `updated_at` timestamp NULL DEFAULT NULL,
  PRIMARY KEY (`id`)
) ENGINE=InnoDB DEFAULT CHARSET=utf8mb4 COLLATE=utf8mb4_unicode_ci;

--
-- Dumping data for table `contact_replies`
--


--
-- Table structure for table `contacts`
--

CREATE TABLE `contacts` (
  `id` bigint unsigned NOT NULL AUTO_INCREMENT,
  `name` varchar(60) COLLATE utf8mb4_unicode_ci NOT NULL,
  `email` varchar(60) COLLATE utf8mb4_unicode_ci NOT NULL,
  `phone` varchar(60) COLLATE utf8mb4_unicode_ci DEFAULT NULL,
  `address` varchar(120) COLLATE utf8mb4_unicode_ci DEFAULT NULL,
  `subject` varchar(120) COLLATE utf8mb4_unicode_ci DEFAULT NULL,
  `content` longtext COLLATE utf8mb4_unicode_ci NOT NULL,
  `status` varchar(60) COLLATE utf8mb4_unicode_ci NOT NULL DEFAULT 'unread',
  `created_at` timestamp NULL DEFAULT NULL,
  `updated_at` timestamp NULL DEFAULT NULL,
  PRIMARY KEY (`id`)
) ENGINE=InnoDB DEFAULT CHARSET=utf8mb4 COLLATE=utf8mb4_unicode_ci;

--
-- Dumping data for table `contacts`
--


--
-- Table structure for table `countries`
--

CREATE TABLE `countries` (
  `id` bigint unsigned NOT NULL AUTO_INCREMENT,
  `name` varchar(120) COLLATE utf8mb4_unicode_ci NOT NULL,
  `nationality` varchar(120) CHARACTER SET utf8mb4 COLLATE utf8mb4_unicode_ci DEFAULT NULL,
  `order` tinyint NOT NULL DEFAULT '0',
  `is_default` tinyint unsigned NOT NULL DEFAULT '0',
  `status` varchar(60) COLLATE utf8mb4_unicode_ci NOT NULL DEFAULT 'published',
  `created_at` timestamp NULL DEFAULT NULL,
  `updated_at` timestamp NULL DEFAULT NULL,
  `code` varchar(10) COLLATE utf8mb4_unicode_ci DEFAULT NULL,
  PRIMARY KEY (`id`)
) ENGINE=InnoDB DEFAULT CHARSET=utf8mb4 COLLATE=utf8mb4_unicode_ci;

--
-- Dumping data for table `countries`
--


--
-- Table structure for table `countries_translations`
--

CREATE TABLE `countries_translations` (
  `lang_code` varchar(191) COLLATE utf8mb4_unicode_ci NOT NULL,
  `countries_id` bigint unsigned NOT NULL,
  `name` varchar(120) COLLATE utf8mb4_unicode_ci DEFAULT NULL,
  `nationality` varchar(120) COLLATE utf8mb4_unicode_ci DEFAULT NULL,
  PRIMARY KEY (`lang_code`,`countries_id`)
) ENGINE=InnoDB DEFAULT CHARSET=utf8mb4 COLLATE=utf8mb4_unicode_ci;

--
-- Dumping data for table `countries_translations`
--


--
-- Table structure for table `dashboard_widget_settings`
--

CREATE TABLE `dashboard_widget_settings` (
  `id` bigint unsigned NOT NULL AUTO_INCREMENT,
  `settings` text COLLATE utf8mb4_unicode_ci,
  `user_id` bigint unsigned NOT NULL,
  `widget_id` bigint unsigned NOT NULL,
  `order` tinyint unsigned NOT NULL DEFAULT '0',
  `status` tinyint unsigned NOT NULL DEFAULT '1',
  `created_at` timestamp NULL DEFAULT NULL,
  `updated_at` timestamp NULL DEFAULT NULL,
  PRIMARY KEY (`id`),
  KEY `dashboard_widget_settings_user_id_index` (`user_id`),
  KEY `dashboard_widget_settings_widget_id_index` (`widget_id`)
) ENGINE=InnoDB DEFAULT CHARSET=utf8mb4 COLLATE=utf8mb4_unicode_ci;

--
-- Dumping data for table `dashboard_widget_settings`
--


--
-- Table structure for table `dashboard_widgets`
--

CREATE TABLE `dashboard_widgets` (
  `id` bigint unsigned NOT NULL AUTO_INCREMENT,
  `name` varchar(120) COLLATE utf8mb4_unicode_ci NOT NULL,
  `created_at` timestamp NULL DEFAULT NULL,
  `updated_at` timestamp NULL DEFAULT NULL,
  PRIMARY KEY (`id`)
) ENGINE=InnoDB DEFAULT CHARSET=utf8mb4 COLLATE=utf8mb4_unicode_ci;

--
-- Dumping data for table `dashboard_widgets`
--


--
-- Table structure for table `ec_brands`
--

CREATE TABLE `ec_brands` (
  `id` bigint unsigned NOT NULL AUTO_INCREMENT,
  `name` varchar(191) COLLATE utf8mb4_unicode_ci NOT NULL,
  `description` mediumtext COLLATE utf8mb4_unicode_ci,
  `website` varchar(255) COLLATE utf8mb4_unicode_ci DEFAULT NULL,
  `logo` varchar(255) COLLATE utf8mb4_unicode_ci DEFAULT NULL,
  `status` varchar(60) COLLATE utf8mb4_unicode_ci NOT NULL DEFAULT 'published',
  `order` tinyint unsigned NOT NULL DEFAULT '0',
  `is_featured` tinyint unsigned NOT NULL DEFAULT '0',
  `created_at` timestamp NULL DEFAULT NULL,
  `updated_at` timestamp NULL DEFAULT NULL,
  PRIMARY KEY (`id`)
) ENGINE=InnoDB AUTO_INCREMENT=8 DEFAULT CHARSET=utf8mb4 COLLATE=utf8mb4_unicode_ci;

--
-- Dumping data for table `ec_brands`
--

INSERT INTO `ec_brands` VALUES (1,'Fashion live',NULL,NULL,'brands/1.png','published',0,1,'2023-09-26 16:38:06','2023-09-26 16:38:06'),(2,'Hand crafted',NULL,NULL,'brands/2.png','published',1,1,'2023-09-26 16:38:06','2023-09-26 16:38:06'),(3,'Mestonix',NULL,NULL,'brands/3.png','published',2,1,'2023-09-26 16:38:06','2023-09-26 16:38:06'),(4,'Sunshine',NULL,NULL,'brands/4.png','published',3,1,'2023-09-26 16:38:06','2023-09-26 16:38:06'),(5,'Pure',NULL,NULL,'brands/5.png','published',4,1,'2023-09-26 16:38:06','2023-09-26 16:38:06'),(6,'Anfold',NULL,NULL,'brands/6.png','published',5,1,'2023-09-26 16:38:06','2023-09-26 16:38:06'),(7,'Automotive',NULL,NULL,'brands/7.png','published',6,1,'2023-09-26 16:38:06','2023-09-26 16:38:06');

--
-- Table structure for table `ec_brands_translations`
--

CREATE TABLE `ec_brands_translations` (
  `lang_code` varchar(191) COLLATE utf8mb4_unicode_ci NOT NULL,
  `ec_brands_id` bigint unsigned NOT NULL,
  `name` varchar(191) COLLATE utf8mb4_unicode_ci DEFAULT NULL,
  `description` varchar(191) COLLATE utf8mb4_unicode_ci DEFAULT NULL,
  PRIMARY KEY (`lang_code`,`ec_brands_id`)
) ENGINE=InnoDB DEFAULT CHARSET=utf8mb4 COLLATE=utf8mb4_unicode_ci;

--
-- Dumping data for table `ec_brands_translations`
--


--
-- Table structure for table `ec_cart`
--

CREATE TABLE `ec_cart` (
  `identifier` varchar(60) COLLATE utf8mb4_unicode_ci NOT NULL,
  `instance` varchar(60) COLLATE utf8mb4_unicode_ci NOT NULL,
  `content` longtext COLLATE utf8mb4_unicode_ci NOT NULL,
  `created_at` timestamp NULL DEFAULT NULL,
  `updated_at` timestamp NULL DEFAULT NULL,
  PRIMARY KEY (`identifier`,`instance`)
) ENGINE=InnoDB DEFAULT CHARSET=utf8mb4 COLLATE=utf8mb4_unicode_ci;

--
-- Dumping data for table `ec_cart`
--


--
-- Table structure for table `ec_currencies`
--

CREATE TABLE `ec_currencies` (
  `id` bigint unsigned NOT NULL AUTO_INCREMENT,
  `title` varchar(191) COLLATE utf8mb4_unicode_ci NOT NULL,
  `symbol` varchar(10) COLLATE utf8mb4_unicode_ci NOT NULL,
  `is_prefix_symbol` tinyint unsigned NOT NULL DEFAULT '0',
  `decimals` tinyint unsigned DEFAULT '0',
  `order` int unsigned DEFAULT '0',
  `is_default` tinyint NOT NULL DEFAULT '0',
  `exchange_rate` double NOT NULL DEFAULT '1',
  `created_at` timestamp NULL DEFAULT NULL,
  `updated_at` timestamp NULL DEFAULT NULL,
  PRIMARY KEY (`id`)
) ENGINE=InnoDB AUTO_INCREMENT=4 DEFAULT CHARSET=utf8mb4 COLLATE=utf8mb4_unicode_ci;

--
-- Dumping data for table `ec_currencies`
--

INSERT INTO `ec_currencies` VALUES (1,'USD','$',1,2,0,1,1,'2023-09-26 16:38:06','2023-09-26 16:38:06'),(2,'EUR','€',0,2,1,0,0.91,'2023-09-26 16:38:06','2023-09-26 16:38:06'),(3,'VND','₫',0,0,2,0,23717.5,'2023-09-26 16:38:06','2023-09-26 16:38:06');

--
-- Table structure for table `ec_customer_addresses`
--

CREATE TABLE `ec_customer_addresses` (
  `id` bigint unsigned NOT NULL AUTO_INCREMENT,
  `name` varchar(191) COLLATE utf8mb4_unicode_ci NOT NULL,
  `email` varchar(60) COLLATE utf8mb4_unicode_ci DEFAULT NULL,
  `phone` varchar(20) CHARACTER SET utf8mb4 COLLATE utf8mb4_unicode_ci DEFAULT NULL,
  `country` varchar(120) COLLATE utf8mb4_unicode_ci DEFAULT NULL,
  `state` varchar(120) COLLATE utf8mb4_unicode_ci DEFAULT NULL,
  `city` varchar(120) COLLATE utf8mb4_unicode_ci DEFAULT NULL,
  `address` varchar(255) CHARACTER SET utf8mb4 COLLATE utf8mb4_unicode_ci DEFAULT NULL,
  `customer_id` bigint unsigned NOT NULL,
  `is_default` tinyint unsigned NOT NULL DEFAULT '0',
  `created_at` timestamp NULL DEFAULT NULL,
  `updated_at` timestamp NULL DEFAULT NULL,
  `zip_code` varchar(20) COLLATE utf8mb4_unicode_ci DEFAULT NULL,
  PRIMARY KEY (`id`)
) ENGINE=InnoDB AUTO_INCREMENT=13 DEFAULT CHARSET=utf8mb4 COLLATE=utf8mb4_unicode_ci;

--
-- Dumping data for table `ec_customer_addresses`
--

INSERT INTO `ec_customer_addresses` VALUES (1,'Mrs. Mabel Nader','customer@botble.com','+17858827789','OM','Colorado','Nienowland','4668 Kemmer Trail',1,1,'2023-09-26 16:38:09','2023-09-26 16:38:09','16523-7525'),(2,'Mrs. Mabel Nader','customer@botble.com','+19377151685','IM','Utah','Hermannfurt','95332 Kristofer Island',1,0,'2023-09-26 16:38:09','2023-09-26 16:38:09','24676-3027'),(3,'Logan Graham','john.smith@botble.com','+17253734868','MT','Oregon','South Gregoriaborough','377 Brekke Field',2,1,'2023-09-26 16:38:10','2023-09-26 16:38:10','29772-5268'),(4,'Logan Graham','john.smith@botble.com','+18605990503','SR','Iowa','Lake Thelma','683 Reilly Village',2,0,'2023-09-26 16:38:10','2023-09-26 16:38:10','59210'),(5,'Maurine Kutch','luettgen.liza@example.com','+16786518303','BR','Oklahoma','New Maybellehaven','68300 Swift River Apt. 705',3,1,'2023-09-26 16:38:10','2023-09-26 16:38:10','26744'),(6,'Ruthe Walsh','noelia18@example.net','+16802499786','FK','District of Columbia','Albertachester','5240 Bechtelar Glen Suite 000',4,1,'2023-09-26 16:38:10','2023-09-26 16:38:10','12426-7383'),(7,'Glennie Bradtke','judge14@example.org','+15184248888','FO','Iowa','Lake Eulah','936 Durgan Wall',5,1,'2023-09-26 16:38:10','2023-09-26 16:38:10','36574-6024'),(8,'Prof. Quentin Koss DVM','heller.justice@example.com','+13513235153','DK','Missouri','Dickistad','29155 Leffler Overpass',6,1,'2023-09-26 16:38:11','2023-09-26 16:38:11','35138'),(9,'Ms. Kristy Price V','penelope80@example.com','+17346785452','MQ','Arizona','Pfefferfort','18146 Bode Throughway',7,1,'2023-09-26 16:38:11','2023-09-26 16:38:11','31050-2628'),(10,'Kailee Tremblay Jr.','nienow.leslie@example.com','+13129574863','CC','North Dakota','East Quintenmouth','95451 Zemlak Skyway',8,1,'2023-09-26 16:38:11','2023-09-26 16:38:11','94903-1326'),(11,'Dr. Cleveland Marquardt Sr.','lmurazik@example.net','+19299539834','IQ','Montana','Blakefurt','150 Price Tunnel Suite 271',9,1,'2023-09-26 16:38:11','2023-09-26 16:38:11','44889-6839'),(12,'Amari Howell','ccorkery@example.net','+18326401852','ML','Rhode Island','Simonisborough','425 Will Haven',10,1,'2023-09-26 16:38:12','2023-09-26 16:38:12','88163');

--
-- Table structure for table `ec_customer_password_resets`
--

CREATE TABLE `ec_customer_password_resets` (
  `email` varchar(191) COLLATE utf8mb4_unicode_ci NOT NULL,
  `token` varchar(191) COLLATE utf8mb4_unicode_ci NOT NULL,
  `created_at` timestamp NULL DEFAULT NULL,
  KEY `ec_customer_password_resets_email_index` (`email`),
  KEY `ec_customer_password_resets_token_index` (`token`)
) ENGINE=InnoDB DEFAULT CHARSET=utf8mb4 COLLATE=utf8mb4_unicode_ci;

--
-- Dumping data for table `ec_customer_password_resets`
--


--
-- Table structure for table `ec_customer_recently_viewed_products`
--

CREATE TABLE `ec_customer_recently_viewed_products` (
  `id` bigint unsigned NOT NULL AUTO_INCREMENT,
  `customer_id` bigint unsigned NOT NULL,
  `product_id` bigint unsigned NOT NULL,
  PRIMARY KEY (`id`)
) ENGINE=InnoDB DEFAULT CHARSET=utf8mb4 COLLATE=utf8mb4_unicode_ci;

--
-- Dumping data for table `ec_customer_recently_viewed_products`
--


--
-- Table structure for table `ec_customer_used_coupons`
--

CREATE TABLE `ec_customer_used_coupons` (
  `discount_id` bigint unsigned NOT NULL,
  `customer_id` bigint unsigned NOT NULL,
  PRIMARY KEY (`discount_id`,`customer_id`)
) ENGINE=InnoDB DEFAULT CHARSET=utf8mb4 COLLATE=utf8mb4_unicode_ci;

--
-- Dumping data for table `ec_customer_used_coupons`
--


--
-- Table structure for table `ec_discount_customers`
--

CREATE TABLE `ec_discount_customers` (
  `discount_id` bigint unsigned NOT NULL,
  `customer_id` bigint unsigned NOT NULL,
  PRIMARY KEY (`discount_id`,`customer_id`)
) ENGINE=InnoDB DEFAULT CHARSET=utf8mb4 COLLATE=utf8mb4_unicode_ci;

--
-- Dumping data for table `ec_discount_customers`
--


--
-- Table structure for table `ec_discount_product_categories`
--

CREATE TABLE `ec_discount_product_categories` (
  `discount_id` bigint unsigned NOT NULL,
  `product_category_id` bigint unsigned NOT NULL,
  PRIMARY KEY (`discount_id`,`product_category_id`)
) ENGINE=InnoDB DEFAULT CHARSET=utf8mb4 COLLATE=utf8mb4_unicode_ci;

--
-- Dumping data for table `ec_discount_product_categories`
--


--
-- Table structure for table `ec_discount_product_collections`
--

CREATE TABLE `ec_discount_product_collections` (
  `discount_id` bigint unsigned NOT NULL,
  `product_collection_id` bigint unsigned NOT NULL,
  PRIMARY KEY (`discount_id`,`product_collection_id`)
) ENGINE=InnoDB DEFAULT CHARSET=utf8mb4 COLLATE=utf8mb4_unicode_ci;

--
-- Dumping data for table `ec_discount_product_collections`
--


--
-- Table structure for table `ec_discount_products`
--

CREATE TABLE `ec_discount_products` (
  `discount_id` bigint unsigned NOT NULL,
  `product_id` bigint unsigned NOT NULL,
  PRIMARY KEY (`discount_id`,`product_id`)
) ENGINE=InnoDB DEFAULT CHARSET=utf8mb4 COLLATE=utf8mb4_unicode_ci;

--
-- Dumping data for table `ec_discount_products`
--


--
-- Table structure for table `ec_discounts`
--

CREATE TABLE `ec_discounts` (
  `id` bigint unsigned NOT NULL AUTO_INCREMENT,
  `title` varchar(120) COLLATE utf8mb4_unicode_ci DEFAULT NULL,
  `code` varchar(20) COLLATE utf8mb4_unicode_ci DEFAULT NULL,
  `start_date` datetime DEFAULT NULL,
  `end_date` datetime DEFAULT NULL,
  `quantity` int DEFAULT NULL,
  `total_used` int unsigned NOT NULL DEFAULT '0',
  `value` double DEFAULT NULL,
  `type` varchar(60) COLLATE utf8mb4_unicode_ci DEFAULT 'coupon',
  `can_use_with_promotion` tinyint(1) NOT NULL DEFAULT '0',
  `discount_on` varchar(20) COLLATE utf8mb4_unicode_ci DEFAULT NULL,
  `product_quantity` int unsigned DEFAULT NULL,
  `type_option` varchar(100) COLLATE utf8mb4_unicode_ci NOT NULL DEFAULT 'amount',
  `target` varchar(100) COLLATE utf8mb4_unicode_ci NOT NULL DEFAULT 'all-orders',
  `min_order_price` decimal(15,2) DEFAULT NULL,
  `apply_via_url` tinyint(1) NOT NULL DEFAULT '0',
  `created_at` timestamp NULL DEFAULT NULL,
  `updated_at` timestamp NULL DEFAULT NULL,
  PRIMARY KEY (`id`),
  UNIQUE KEY `ec_discounts_code_unique` (`code`)
) ENGINE=InnoDB DEFAULT CHARSET=utf8mb4 COLLATE=utf8mb4_unicode_ci;

--
-- Dumping data for table `ec_discounts`
--


--
-- Table structure for table `ec_flash_sale_products`
--

CREATE TABLE `ec_flash_sale_products` (
  `flash_sale_id` bigint unsigned NOT NULL,
  `product_id` bigint unsigned NOT NULL,
  `price` double unsigned DEFAULT NULL,
  `quantity` int unsigned DEFAULT NULL,
  `sold` int unsigned NOT NULL DEFAULT '0'
) ENGINE=InnoDB DEFAULT CHARSET=utf8mb4 COLLATE=utf8mb4_unicode_ci;

--
-- Dumping data for table `ec_flash_sale_products`
--

INSERT INTO `ec_flash_sale_products` VALUES (1,6,16.92,19,3),(2,1,127.4,11,3);

--
-- Table structure for table `ec_flash_sales`
--

CREATE TABLE `ec_flash_sales` (
  `id` bigint unsigned NOT NULL AUTO_INCREMENT,
  `name` varchar(255) COLLATE utf8mb4_unicode_ci NOT NULL,
  `end_date` datetime NOT NULL,
  `status` varchar(60) COLLATE utf8mb4_unicode_ci NOT NULL DEFAULT 'published',
  `created_at` timestamp NULL DEFAULT NULL,
  `updated_at` timestamp NULL DEFAULT NULL,
  PRIMARY KEY (`id`)
) ENGINE=InnoDB AUTO_INCREMENT=3 DEFAULT CHARSET=utf8mb4 COLLATE=utf8mb4_unicode_ci;

--
-- Dumping data for table `ec_flash_sales`
--

INSERT INTO `ec_flash_sales` VALUES (1,'Deal of the Day.','2023-11-10 00:00:00','published','2023-09-26 16:38:13','2023-09-26 16:38:13'),(2,'Gadgets &amp; Accessories','2023-11-11 00:00:00','published','2023-09-26 16:38:13','2023-09-26 16:38:13');

--
-- Table structure for table `ec_flash_sales_translations`
--

CREATE TABLE `ec_flash_sales_translations` (
  `lang_code` varchar(191) COLLATE utf8mb4_unicode_ci NOT NULL,
  `ec_flash_sales_id` bigint unsigned NOT NULL,
  `name` varchar(191) COLLATE utf8mb4_unicode_ci DEFAULT NULL,
  PRIMARY KEY (`lang_code`,`ec_flash_sales_id`)
) ENGINE=InnoDB DEFAULT CHARSET=utf8mb4 COLLATE=utf8mb4_unicode_ci;

--
-- Dumping data for table `ec_flash_sales_translations`
--


--
-- Table structure for table `ec_global_option_value`
--

CREATE TABLE `ec_global_option_value` (
  `option_id` bigint unsigned NOT NULL COMMENT 'option id',
  `id` bigint unsigned NOT NULL AUTO_INCREMENT,
  `option_value` tinytext COLLATE utf8mb4_unicode_ci COMMENT 'option value',
  `affect_price` double DEFAULT NULL COMMENT 'value of price of this option affect',
  `order` int NOT NULL DEFAULT '9999',
  `affect_type` tinyint NOT NULL DEFAULT '0' COMMENT '0. fixed 1. percent',
  `created_at` timestamp NULL DEFAULT NULL,
  `updated_at` timestamp NULL DEFAULT NULL,
  PRIMARY KEY (`id`)
) ENGINE=InnoDB AUTO_INCREMENT=13 DEFAULT CHARSET=utf8mb4 COLLATE=utf8mb4_unicode_ci;

--
-- Dumping data for table `ec_global_option_value`
--

INSERT INTO `ec_global_option_value` VALUES (1,1,'1 Year',0,9999,0,'2023-09-26 16:38:15','2023-09-26 16:38:15'),(1,2,'2 Year',10,9999,0,'2023-09-26 16:38:15','2023-09-26 16:38:15'),(1,3,'3 Year',20,9999,0,'2023-09-26 16:38:15','2023-09-26 16:38:15'),(2,4,'4GB',0,9999,0,'2023-09-26 16:38:15','2023-09-26 16:38:15'),(2,5,'8GB',10,9999,0,'2023-09-26 16:38:15','2023-09-26 16:38:15'),(2,6,'16GB',20,9999,0,'2023-09-26 16:38:15','2023-09-26 16:38:15'),(3,7,'Core i5',0,9999,0,'2023-09-26 16:38:15','2023-09-26 16:38:15'),(3,8,'Core i7',10,9999,0,'2023-09-26 16:38:15','2023-09-26 16:38:15'),(3,9,'Core i9',20,9999,0,'2023-09-26 16:38:15','2023-09-26 16:38:15'),(4,10,'128GB',0,9999,0,'2023-09-26 16:38:15','2023-09-26 16:38:15'),(4,11,'256GB',10,9999,0,'2023-09-26 16:38:15','2023-09-26 16:38:15'),(4,12,'512GB',20,9999,0,'2023-09-26 16:38:15','2023-09-26 16:38:15');

--
-- Table structure for table `ec_global_option_value_translations`
--

CREATE TABLE `ec_global_option_value_translations` (
  `lang_code` varchar(191) COLLATE utf8mb4_unicode_ci NOT NULL,
  `ec_global_option_value_id` bigint unsigned NOT NULL,
  `option_value` varchar(255) COLLATE utf8mb4_unicode_ci DEFAULT NULL,
  PRIMARY KEY (`lang_code`,`ec_global_option_value_id`)
) ENGINE=InnoDB DEFAULT CHARSET=utf8mb4 COLLATE=utf8mb4_unicode_ci;

--
-- Dumping data for table `ec_global_option_value_translations`
--


--
-- Table structure for table `ec_global_options`
--

CREATE TABLE `ec_global_options` (
  `id` bigint unsigned NOT NULL AUTO_INCREMENT,
  `name` varchar(191) COLLATE utf8mb4_unicode_ci NOT NULL COMMENT 'Name of options',
  `option_type` varchar(191) COLLATE utf8mb4_unicode_ci NOT NULL COMMENT 'option type',
  `required` tinyint(1) NOT NULL DEFAULT '0' COMMENT 'Checked if this option is required',
  `created_at` timestamp NULL DEFAULT NULL,
  `updated_at` timestamp NULL DEFAULT NULL,
  PRIMARY KEY (`id`)
) ENGINE=InnoDB AUTO_INCREMENT=5 DEFAULT CHARSET=utf8mb4 COLLATE=utf8mb4_unicode_ci;

--
-- Dumping data for table `ec_global_options`
--

INSERT INTO `ec_global_options` VALUES (1,'Warranty','Botble\\Ecommerce\\Option\\OptionType\\RadioButton',1,'2023-09-26 16:38:15','2023-09-26 16:38:15'),(2,'RAM','Botble\\Ecommerce\\Option\\OptionType\\RadioButton',1,'2023-09-26 16:38:15','2023-09-26 16:38:15'),(3,'CPU','Botble\\Ecommerce\\Option\\OptionType\\RadioButton',1,'2023-09-26 16:38:15','2023-09-26 16:38:15'),(4,'HDD','Botble\\Ecommerce\\Option\\OptionType\\Dropdown',0,'2023-09-26 16:38:15','2023-09-26 16:38:15');

--
-- Table structure for table `ec_global_options_translations`
--

CREATE TABLE `ec_global_options_translations` (
  `lang_code` varchar(191) COLLATE utf8mb4_unicode_ci NOT NULL,
  `ec_global_options_id` bigint unsigned NOT NULL,
  `name` varchar(255) COLLATE utf8mb4_unicode_ci DEFAULT NULL,
  PRIMARY KEY (`lang_code`,`ec_global_options_id`)
) ENGINE=InnoDB DEFAULT CHARSET=utf8mb4 COLLATE=utf8mb4_unicode_ci;

--
-- Dumping data for table `ec_global_options_translations`
--


--
-- Table structure for table `ec_grouped_products`
--

CREATE TABLE `ec_grouped_products` (
  `id` bigint unsigned NOT NULL AUTO_INCREMENT,
  `parent_product_id` bigint unsigned NOT NULL,
  `product_id` bigint unsigned NOT NULL,
  `fixed_qty` int NOT NULL DEFAULT '1',
  PRIMARY KEY (`id`)
) ENGINE=InnoDB DEFAULT CHARSET=utf8mb4 COLLATE=utf8mb4_unicode_ci;

--
-- Dumping data for table `ec_grouped_products`
--


--
-- Table structure for table `ec_invoice_items`
--

CREATE TABLE `ec_invoice_items` (
  `id` bigint unsigned NOT NULL AUTO_INCREMENT,
  `invoice_id` bigint unsigned NOT NULL,
  `reference_type` varchar(191) COLLATE utf8mb4_unicode_ci NOT NULL,
  `reference_id` bigint unsigned NOT NULL,
  `name` varchar(191) COLLATE utf8mb4_unicode_ci NOT NULL,
  `description` varchar(191) COLLATE utf8mb4_unicode_ci DEFAULT NULL,
  `image` varchar(191) COLLATE utf8mb4_unicode_ci DEFAULT NULL,
  `qty` int unsigned NOT NULL,
  `price` decimal(15,2) NOT NULL DEFAULT '0.00',
  `sub_total` decimal(15,2) unsigned NOT NULL,
  `tax_amount` decimal(15,2) unsigned NOT NULL DEFAULT '0.00',
  `discount_amount` decimal(15,2) unsigned NOT NULL DEFAULT '0.00',
  `amount` decimal(15,2) unsigned NOT NULL,
  `options` text COLLATE utf8mb4_unicode_ci,
  `created_at` timestamp NULL DEFAULT NULL,
  `updated_at` timestamp NULL DEFAULT NULL,
  PRIMARY KEY (`id`),
  KEY `ec_invoice_items_reference_type_reference_id_index` (`reference_type`,`reference_id`)
) ENGINE=InnoDB AUTO_INCREMENT=57 DEFAULT CHARSET=utf8mb4 COLLATE=utf8mb4_unicode_ci;

--
-- Dumping data for table `ec_invoice_items`
--

INSERT INTO `ec_invoice_items` VALUES (1,1,'Botble\\Ecommerce\\Models\\Product',12,'Clutch handmade',NULL,'products/2-1.jpg',2,348.00,696.00,0.00,0.00,696.00,'[]','2023-09-26 16:38:12','2023-09-26 16:38:12'),(2,1,'Botble\\Ecommerce\\Models\\Product',13,'Clutch handmade',NULL,'products/2-2.jpg',1,348.00,348.00,0.00,0.00,348.00,'[]','2023-09-26 16:38:12','2023-09-26 16:38:12'),(3,1,'Botble\\Ecommerce\\Models\\Product',14,'Gucci Zip Around Wallet',NULL,'products/3.jpg',1,345.00,345.00,0.00,0.00,345.00,'[]','2023-09-26 16:38:12','2023-09-26 16:38:12'),(4,1,'Botble\\Ecommerce\\Models\\Product',26,'Round Cross body Bag',NULL,'products/8.jpg',3,118.00,354.00,0.00,0.00,354.00,'[]','2023-09-26 16:38:12','2023-09-26 16:38:12'),(5,2,'Botble\\Ecommerce\\Models\\Product',16,'Snapshot Standard',NULL,'products/4.jpg',1,479.00,479.00,0.00,0.00,479.00,'[]','2023-09-26 16:38:12','2023-09-26 16:38:12'),(6,2,'Botble\\Ecommerce\\Models\\Product',20,'Joan Mini Camera Bag',NULL,'products/5-1.jpg',1,73.00,73.00,0.00,0.00,73.00,'[]','2023-09-26 16:38:12','2023-09-26 16:38:12'),(7,2,'Botble\\Ecommerce\\Models\\Product',22,'Cyan Boheme',NULL,'products/6.jpg',1,47.00,47.00,0.00,0.00,47.00,'[]','2023-09-26 16:38:12','2023-09-26 16:38:12'),(8,2,'Botble\\Ecommerce\\Models\\Product',24,'The Marc Jacobs',NULL,'products/7.jpg',3,59.00,177.00,0.00,0.00,177.00,'[]','2023-09-26 16:38:12','2023-09-26 16:38:12'),(9,3,'Botble\\Ecommerce\\Models\\Product',14,'Gucci Zip Around Wallet',NULL,'products/3.jpg',3,345.00,1035.00,0.00,0.00,1035.00,'[]','2023-09-26 16:38:12','2023-09-26 16:38:12'),(10,3,'Botble\\Ecommerce\\Models\\Product',18,'Snapshot Standard',NULL,'products/4-2.jpg',2,479.00,958.00,0.00,0.00,958.00,'[]','2023-09-26 16:38:12','2023-09-26 16:38:12'),(11,3,'Botble\\Ecommerce\\Models\\Product',19,'Joan Mini Camera Bag',NULL,'products/5.jpg',1,73.00,73.00,0.00,0.00,73.00,'[]','2023-09-26 16:38:12','2023-09-26 16:38:12'),(12,3,'Botble\\Ecommerce\\Models\\Product',24,'The Marc Jacobs',NULL,'products/7.jpg',3,59.00,177.00,0.00,0.00,177.00,'[]','2023-09-26 16:38:12','2023-09-26 16:38:12'),(13,4,'Botble\\Ecommerce\\Models\\Product',19,'Joan Mini Camera Bag',NULL,'products/5.jpg',2,73.00,146.00,0.00,0.00,146.00,'[]','2023-09-26 16:38:12','2023-09-26 16:38:12'),(14,4,'Botble\\Ecommerce\\Models\\Product',26,'Round Cross body Bag',NULL,'products/8.jpg',1,118.00,118.00,0.00,0.00,118.00,'[]','2023-09-26 16:38:12','2023-09-26 16:38:12'),(15,5,'Botble\\Ecommerce\\Models\\Product',10,'Wallet handmade',NULL,'products/1-1.jpg',1,245.00,245.00,0.00,0.00,245.00,'[]','2023-09-26 16:38:12','2023-09-26 16:38:12'),(16,5,'Botble\\Ecommerce\\Models\\Product',16,'Snapshot Standard',NULL,'products/4.jpg',3,479.00,1437.00,0.00,0.00,1437.00,'[]','2023-09-26 16:38:12','2023-09-26 16:38:12'),(17,6,'Botble\\Ecommerce\\Models\\Product',21,'Joan Mini Camera Bag',NULL,'products/5-2.jpg',3,73.00,219.00,0.00,0.00,219.00,'[]','2023-09-26 16:38:12','2023-09-26 16:38:12'),(18,6,'Botble\\Ecommerce\\Models\\Product',23,'Cyan Boheme',NULL,'products/6-1.jpg',3,47.00,141.00,0.00,0.00,141.00,'[]','2023-09-26 16:38:12','2023-09-26 16:38:12'),(19,6,'Botble\\Ecommerce\\Models\\Product',24,'The Marc Jacobs',NULL,'products/7.jpg',1,59.00,59.00,0.00,0.00,59.00,'[]','2023-09-26 16:38:12','2023-09-26 16:38:12'),(20,7,'Botble\\Ecommerce\\Models\\Product',10,'Wallet handmade',NULL,'products/1-1.jpg',2,245.00,490.00,0.00,0.00,490.00,'[]','2023-09-26 16:38:12','2023-09-26 16:38:12'),(21,7,'Botble\\Ecommerce\\Models\\Product',26,'Round Cross body Bag',NULL,'products/8.jpg',3,118.00,354.00,0.00,0.00,354.00,'[]','2023-09-26 16:38:12','2023-09-26 16:38:12'),(22,8,'Botble\\Ecommerce\\Models\\Product',11,'Clutch handmade',NULL,'products/2.jpg',3,348.00,1044.00,0.00,0.00,1044.00,'[]','2023-09-26 16:38:12','2023-09-26 16:38:12'),(23,8,'Botble\\Ecommerce\\Models\\Product',14,'Gucci Zip Around Wallet',NULL,'products/3.jpg',1,345.00,345.00,0.00,0.00,345.00,'[]','2023-09-26 16:38:12','2023-09-26 16:38:12'),(24,9,'Botble\\Ecommerce\\Models\\Product',15,'Gucci Zip Around Wallet',NULL,'products/3-1.jpg',1,345.00,345.00,0.00,0.00,345.00,'[]','2023-09-26 16:38:12','2023-09-26 16:38:12'),(25,9,'Botble\\Ecommerce\\Models\\Product',26,'Round Cross body Bag',NULL,'products/8.jpg',2,118.00,236.00,0.00,0.00,236.00,'[]','2023-09-26 16:38:12','2023-09-26 16:38:12'),(26,10,'Botble\\Ecommerce\\Models\\Product',20,'Joan Mini Camera Bag',NULL,'products/5-1.jpg',1,73.00,73.00,0.00,0.00,73.00,'[]','2023-09-26 16:38:12','2023-09-26 16:38:12'),(27,10,'Botble\\Ecommerce\\Models\\Product',23,'Cyan Boheme',NULL,'products/6-1.jpg',1,47.00,47.00,0.00,0.00,47.00,'[]','2023-09-26 16:38:12','2023-09-26 16:38:12'),(28,11,'Botble\\Ecommerce\\Models\\Product',14,'Gucci Zip Around Wallet',NULL,'products/3.jpg',2,345.00,690.00,0.00,0.00,690.00,'[]','2023-09-26 16:38:12','2023-09-26 16:38:12'),(29,11,'Botble\\Ecommerce\\Models\\Product',18,'Snapshot Standard',NULL,'products/4-2.jpg',1,479.00,479.00,0.00,0.00,479.00,'[]','2023-09-26 16:38:12','2023-09-26 16:38:12'),(30,12,'Botble\\Ecommerce\\Models\\Product',15,'Gucci Zip Around Wallet',NULL,'products/3-1.jpg',1,345.00,345.00,0.00,0.00,345.00,'[]','2023-09-26 16:38:12','2023-09-26 16:38:12'),(31,12,'Botble\\Ecommerce\\Models\\Product',17,'Snapshot Standard',NULL,'products/4-1.jpg',2,479.00,958.00,0.00,0.00,958.00,'[]','2023-09-26 16:38:12','2023-09-26 16:38:12'),(32,12,'Botble\\Ecommerce\\Models\\Product',21,'Joan Mini Camera Bag',NULL,'products/5-2.jpg',3,73.00,219.00,0.00,0.00,219.00,'[]','2023-09-26 16:38:12','2023-09-26 16:38:12'),(33,12,'Botble\\Ecommerce\\Models\\Product',25,'The Marc Jacobs',NULL,'products/7-1.jpg',1,59.00,59.00,0.00,0.00,59.00,'[]','2023-09-26 16:38:12','2023-09-26 16:38:12'),(34,13,'Botble\\Ecommerce\\Models\\Product',11,'Clutch handmade',NULL,'products/2.jpg',1,348.00,348.00,0.00,0.00,348.00,'[]','2023-09-26 16:38:12','2023-09-26 16:38:12'),(35,13,'Botble\\Ecommerce\\Models\\Product',21,'Joan Mini Camera Bag',NULL,'products/5-2.jpg',1,73.00,73.00,0.00,0.00,73.00,'[]','2023-09-26 16:38:12','2023-09-26 16:38:12'),(36,14,'Botble\\Ecommerce\\Models\\Product',10,'Wallet handmade',NULL,'products/1-1.jpg',1,245.00,245.00,0.00,0.00,245.00,'[]','2023-09-26 16:38:12','2023-09-26 16:38:12'),(37,14,'Botble\\Ecommerce\\Models\\Product',13,'Clutch handmade',NULL,'products/2-2.jpg',1,348.00,348.00,0.00,0.00,348.00,'[]','2023-09-26 16:38:12','2023-09-26 16:38:12'),(38,14,'Botble\\Ecommerce\\Models\\Product',15,'Gucci Zip Around Wallet',NULL,'products/3-1.jpg',3,345.00,1035.00,0.00,0.00,1035.00,'[]','2023-09-26 16:38:12','2023-09-26 16:38:12'),(39,14,'Botble\\Ecommerce\\Models\\Product',26,'Round Cross body Bag',NULL,'products/8.jpg',2,118.00,236.00,0.00,0.00,236.00,'[]','2023-09-26 16:38:12','2023-09-26 16:38:12'),(40,15,'Botble\\Ecommerce\\Models\\Product',11,'Clutch handmade',NULL,'products/2.jpg',3,348.00,1044.00,0.00,0.00,1044.00,'[]','2023-09-26 16:38:12','2023-09-26 16:38:12'),(41,15,'Botble\\Ecommerce\\Models\\Product',22,'Cyan Boheme',NULL,'products/6.jpg',1,47.00,47.00,0.00,0.00,47.00,'[]','2023-09-26 16:38:12','2023-09-26 16:38:12'),(42,15,'Botble\\Ecommerce\\Models\\Product',23,'Cyan Boheme',NULL,'products/6-1.jpg',1,47.00,47.00,0.00,0.00,47.00,'[]','2023-09-26 16:38:12','2023-09-26 16:38:12'),(43,16,'Botble\\Ecommerce\\Models\\Product',13,'Clutch handmade',NULL,'products/2-2.jpg',1,348.00,348.00,0.00,0.00,348.00,'[]','2023-09-26 16:38:12','2023-09-26 16:38:12'),(44,16,'Botble\\Ecommerce\\Models\\Product',26,'Round Cross body Bag',NULL,'products/8.jpg',3,118.00,354.00,0.00,0.00,354.00,'[]','2023-09-26 16:38:12','2023-09-26 16:38:12'),(45,17,'Botble\\Ecommerce\\Models\\Product',12,'Clutch handmade',NULL,'products/2-1.jpg',1,348.00,348.00,0.00,0.00,348.00,'[]','2023-09-26 16:38:12','2023-09-26 16:38:12'),(46,17,'Botble\\Ecommerce\\Models\\Product',15,'Gucci Zip Around Wallet',NULL,'products/3-1.jpg',3,345.00,1035.00,0.00,0.00,1035.00,'[]','2023-09-26 16:38:13','2023-09-26 16:38:13'),(47,17,'Botble\\Ecommerce\\Models\\Product',16,'Snapshot Standard',NULL,'products/4.jpg',2,479.00,958.00,0.00,0.00,958.00,'[]','2023-09-26 16:38:13','2023-09-26 16:38:13'),(48,17,'Botble\\Ecommerce\\Models\\Product',22,'Cyan Boheme',NULL,'products/6.jpg',3,47.00,141.00,0.00,0.00,141.00,'[]','2023-09-26 16:38:13','2023-09-26 16:38:13'),(49,18,'Botble\\Ecommerce\\Models\\Product',23,'Cyan Boheme',NULL,'products/6-1.jpg',3,47.00,141.00,0.00,0.00,141.00,'[]','2023-09-26 16:38:13','2023-09-26 16:38:13'),(50,18,'Botble\\Ecommerce\\Models\\Product',24,'The Marc Jacobs',NULL,'products/7.jpg',1,59.00,59.00,0.00,0.00,59.00,'[]','2023-09-26 16:38:13','2023-09-26 16:38:13'),(51,19,'Botble\\Ecommerce\\Models\\Product',9,'Wallet handmade',NULL,'products/1.jpg',3,245.00,735.00,0.00,0.00,735.00,'[]','2023-09-26 16:38:13','2023-09-26 16:38:13'),(52,19,'Botble\\Ecommerce\\Models\\Product',12,'Clutch handmade',NULL,'products/2-1.jpg',2,348.00,696.00,0.00,0.00,696.00,'[]','2023-09-26 16:38:13','2023-09-26 16:38:13'),(53,19,'Botble\\Ecommerce\\Models\\Product',18,'Snapshot Standard',NULL,'products/4-2.jpg',2,479.00,958.00,0.00,0.00,958.00,'[]','2023-09-26 16:38:13','2023-09-26 16:38:13'),(54,19,'Botble\\Ecommerce\\Models\\Product',25,'The Marc Jacobs',NULL,'products/7-1.jpg',1,59.00,59.00,0.00,0.00,59.00,'[]','2023-09-26 16:38:13','2023-09-26 16:38:13'),(55,20,'Botble\\Ecommerce\\Models\\Product',14,'Gucci Zip Around Wallet',NULL,'products/3.jpg',2,345.00,690.00,0.00,0.00,690.00,'[]','2023-09-26 16:38:13','2023-09-26 16:38:13'),(56,20,'Botble\\Ecommerce\\Models\\Product',16,'Snapshot Standard',NULL,'products/4.jpg',3,479.00,1437.00,0.00,0.00,1437.00,'[]','2023-09-26 16:38:13','2023-09-26 16:38:13');

--
-- Table structure for table `ec_invoices`
--

CREATE TABLE `ec_invoices` (
  `id` bigint unsigned NOT NULL AUTO_INCREMENT,
  `reference_type` varchar(191) COLLATE utf8mb4_unicode_ci NOT NULL,
  `reference_id` bigint unsigned NOT NULL,
  `code` varchar(191) COLLATE utf8mb4_unicode_ci NOT NULL,
  `customer_name` varchar(191) COLLATE utf8mb4_unicode_ci DEFAULT NULL,
  `company_name` varchar(191) COLLATE utf8mb4_unicode_ci DEFAULT NULL,
  `company_logo` varchar(191) COLLATE utf8mb4_unicode_ci DEFAULT NULL,
  `customer_email` varchar(191) COLLATE utf8mb4_unicode_ci DEFAULT NULL,
  `customer_phone` varchar(191) COLLATE utf8mb4_unicode_ci DEFAULT NULL,
  `customer_address` varchar(191) COLLATE utf8mb4_unicode_ci DEFAULT NULL,
  `customer_tax_id` varchar(191) COLLATE utf8mb4_unicode_ci DEFAULT NULL,
  `sub_total` decimal(15,2) unsigned NOT NULL,
  `tax_amount` decimal(15,2) unsigned NOT NULL DEFAULT '0.00',
  `shipping_amount` decimal(15,2) unsigned NOT NULL DEFAULT '0.00',
  `discount_amount` decimal(15,2) unsigned NOT NULL DEFAULT '0.00',
  `shipping_option` varchar(60) COLLATE utf8mb4_unicode_ci DEFAULT NULL,
  `shipping_method` varchar(60) COLLATE utf8mb4_unicode_ci NOT NULL DEFAULT 'default',
  `coupon_code` varchar(120) COLLATE utf8mb4_unicode_ci DEFAULT NULL,
  `discount_description` varchar(255) COLLATE utf8mb4_unicode_ci DEFAULT NULL,
  `amount` decimal(15,2) unsigned NOT NULL,
  `description` text COLLATE utf8mb4_unicode_ci,
  `payment_id` bigint unsigned DEFAULT NULL,
  `status` varchar(191) COLLATE utf8mb4_unicode_ci NOT NULL DEFAULT 'pending',
  `paid_at` timestamp NULL DEFAULT NULL,
  `created_at` timestamp NULL DEFAULT NULL,
  `updated_at` timestamp NULL DEFAULT NULL,
  PRIMARY KEY (`id`),
  UNIQUE KEY `ec_invoices_code_unique` (`code`),
  KEY `ec_invoices_reference_type_reference_id_index` (`reference_type`,`reference_id`),
  KEY `ec_invoices_payment_id_index` (`payment_id`),
  KEY `ec_invoices_status_index` (`status`)
) ENGINE=InnoDB AUTO_INCREMENT=21 DEFAULT CHARSET=utf8mb4 COLLATE=utf8mb4_unicode_ci;

--
-- Dumping data for table `ec_invoices`
--

INSERT INTO `ec_invoices` VALUES (1,'Botble\\Ecommerce\\Models\\Order',1,'INV-1','Ruthe Walsh','',NULL,'noelia18@example.net','+16802499786','5240 Bechtelar Glen Suite 000, Albertachester, District of Columbia, FK',NULL,1743.00,0.00,0.00,0.00,'1','default',NULL,NULL,1743.00,NULL,1,'pending',NULL,'2023-09-20 00:38:12','2023-09-26 16:38:12'),(2,'Botble\\Ecommerce\\Models\\Order',2,'INV-2','Glennie Bradtke','',NULL,'judge14@example.org','+15184248888','936 Durgan Wall, Lake Eulah, Iowa, FO',NULL,776.00,0.00,0.00,0.00,'1','default',NULL,NULL,776.00,NULL,2,'completed','2023-09-26 16:38:12','2023-09-21 22:38:12','2023-09-26 16:38:12'),(3,'Botble\\Ecommerce\\Models\\Order',3,'INV-3','Amari Howell','',NULL,'ccorkery@example.net','+18326401852','425 Will Haven, Simonisborough, Rhode Island, ML',NULL,2243.00,0.00,0.00,0.00,'1','default',NULL,NULL,2243.00,NULL,3,'completed','2023-09-26 16:38:12','2023-09-13 04:38:12','2023-09-26 16:38:12'),(4,'Botble\\Ecommerce\\Models\\Order',4,'INV-4','Ruthe Walsh','',NULL,'noelia18@example.net','+16802499786','5240 Bechtelar Glen Suite 000, Albertachester, District of Columbia, FK',NULL,264.00,0.00,0.00,0.00,'1','default',NULL,NULL,264.00,NULL,4,'completed','2023-09-26 16:38:12','2023-09-16 18:38:12','2023-09-26 16:38:12'),(5,'Botble\\Ecommerce\\Models\\Order',5,'INV-5','Maurine Kutch','',NULL,'luettgen.liza@example.com','+16786518303','68300 Swift River Apt. 705, New Maybellehaven, Oklahoma, BR',NULL,1682.00,0.00,0.00,0.00,'1','default',NULL,NULL,1682.00,NULL,5,'completed','2023-09-26 16:38:12','2023-09-18 16:38:12','2023-09-26 16:38:12'),(6,'Botble\\Ecommerce\\Models\\Order',6,'INV-6','Logan Graham','',NULL,'john.smith@botble.com','+17253734868','377 Brekke Field, South Gregoriaborough, Oregon, MT',NULL,419.00,0.00,0.00,0.00,'1','default',NULL,NULL,419.00,NULL,6,'pending',NULL,'2023-09-21 16:38:12','2023-09-26 16:38:12'),(7,'Botble\\Ecommerce\\Models\\Order',7,'INV-7','Ruthe Walsh','',NULL,'noelia18@example.net','+16802499786','5240 Bechtelar Glen Suite 000, Albertachester, District of Columbia, FK',NULL,844.00,0.00,0.00,0.00,'1','default',NULL,NULL,844.00,NULL,7,'completed','2023-09-26 16:38:12','2023-09-24 08:38:12','2023-09-26 16:38:12'),(8,'Botble\\Ecommerce\\Models\\Order',8,'INV-8','Glennie Bradtke','',NULL,'judge14@example.org','+15184248888','936 Durgan Wall, Lake Eulah, Iowa, FO',NULL,1389.00,0.00,0.00,0.00,'1','default',NULL,NULL,1389.00,NULL,8,'completed','2023-09-26 16:38:12','2023-09-22 08:38:12','2023-09-26 16:38:12'),(9,'Botble\\Ecommerce\\Models\\Order',9,'INV-9','Logan Graham','',NULL,'john.smith@botble.com','+17253734868','377 Brekke Field, South Gregoriaborough, Oregon, MT',NULL,581.00,0.00,0.00,0.00,'1','default',NULL,NULL,581.00,NULL,9,'completed','2023-09-26 16:38:12','2023-09-17 16:38:12','2023-09-26 16:38:12'),(10,'Botble\\Ecommerce\\Models\\Order',10,'INV-10','Kailee Tremblay Jr.','',NULL,'nienow.leslie@example.com','+13129574863','95451 Zemlak Skyway, East Quintenmouth, North Dakota, CC',NULL,120.00,0.00,0.00,0.00,'1','default',NULL,NULL,120.00,NULL,10,'completed','2023-09-26 16:38:12','2023-09-23 22:38:12','2023-09-26 16:38:12'),(11,'Botble\\Ecommerce\\Models\\Order',11,'INV-11','Ruthe Walsh','',NULL,'noelia18@example.net','+16802499786','5240 Bechtelar Glen Suite 000, Albertachester, District of Columbia, FK',NULL,1169.00,0.00,0.00,0.00,'1','default',NULL,NULL,1169.00,NULL,11,'completed','2023-09-26 16:38:12','2023-09-22 12:38:12','2023-09-26 16:38:12'),(12,'Botble\\Ecommerce\\Models\\Order',12,'INV-12','Ruthe Walsh','',NULL,'noelia18@example.net','+16802499786','5240 Bechtelar Glen Suite 000, Albertachester, District of Columbia, FK',NULL,1581.00,0.00,0.00,0.00,'1','default',NULL,NULL,1581.00,NULL,12,'completed','2023-09-26 16:38:12','2023-09-24 10:38:12','2023-09-26 16:38:12'),(13,'Botble\\Ecommerce\\Models\\Order',13,'INV-13','Dr. Cleveland Marquardt Sr.','',NULL,'lmurazik@example.net','+19299539834','150 Price Tunnel Suite 271, Blakefurt, Montana, IQ',NULL,421.00,0.00,0.00,0.00,'1','default',NULL,NULL,421.00,NULL,13,'completed','2023-09-26 16:38:12','2023-09-22 16:38:12','2023-09-26 16:38:12'),(14,'Botble\\Ecommerce\\Models\\Order',14,'INV-14','Mrs. Mabel Nader','',NULL,'customer@botble.com','+17858827789','4668 Kemmer Trail, Nienowland, Colorado, OM',NULL,1864.00,0.00,0.00,0.00,'1','default',NULL,NULL,1864.00,NULL,14,'completed','2023-09-26 16:38:12','2023-09-22 00:38:12','2023-09-26 16:38:12'),(15,'Botble\\Ecommerce\\Models\\Order',15,'INV-15','Logan Graham','',NULL,'john.smith@botble.com','+17253734868','377 Brekke Field, South Gregoriaborough, Oregon, MT',NULL,1138.00,0.00,0.00,0.00,'1','default',NULL,NULL,1138.00,NULL,15,'completed','2023-09-26 16:38:12','2023-09-25 16:38:12','2023-09-26 16:38:12'),(16,'Botble\\Ecommerce\\Models\\Order',16,'INV-16','Maurine Kutch','',NULL,'luettgen.liza@example.com','+16786518303','68300 Swift River Apt. 705, New Maybellehaven, Oklahoma, BR',NULL,702.00,0.00,0.00,0.00,'1','default',NULL,NULL,702.00,NULL,16,'completed','2023-09-26 16:38:12','2023-09-24 14:38:12','2023-09-26 16:38:12'),(17,'Botble\\Ecommerce\\Models\\Order',17,'INV-17','Prof. Quentin Koss DVM','',NULL,'heller.justice@example.com','+13513235153','29155 Leffler Overpass, Dickistad, Missouri, DK',NULL,2482.00,0.00,0.00,0.00,'1','default',NULL,NULL,2482.00,NULL,17,'completed','2023-09-26 16:38:12','2023-09-25 16:38:12','2023-09-26 16:38:12'),(18,'Botble\\Ecommerce\\Models\\Order',18,'INV-18','Maurine Kutch','',NULL,'luettgen.liza@example.com','+16786518303','68300 Swift River Apt. 705, New Maybellehaven, Oklahoma, BR',NULL,200.00,0.00,0.00,0.00,'1','default',NULL,NULL,200.00,NULL,18,'pending',NULL,'2023-09-24 04:38:13','2023-09-26 16:38:13'),(19,'Botble\\Ecommerce\\Models\\Order',19,'INV-19','Logan Graham','',NULL,'john.smith@botble.com','+17253734868','377 Brekke Field, South Gregoriaborough, Oregon, MT',NULL,2448.00,0.00,0.00,0.00,'1','default',NULL,NULL,2448.00,NULL,19,'completed','2023-09-26 16:38:13','2023-09-26 04:38:13','2023-09-26 16:38:13'),(20,'Botble\\Ecommerce\\Models\\Order',20,'INV-20','Kailee Tremblay Jr.','',NULL,'nienow.leslie@example.com','+13129574863','95451 Zemlak Skyway, East Quintenmouth, North Dakota, CC',NULL,2127.00,0.00,0.00,0.00,'1','default',NULL,NULL,2127.00,NULL,20,'pending',NULL,'2023-09-25 20:38:13','2023-09-26 16:38:13');

--
-- Table structure for table `ec_option_value`
--

CREATE TABLE `ec_option_value` (
  `option_id` bigint unsigned NOT NULL COMMENT 'option id',
  `id` bigint unsigned NOT NULL AUTO_INCREMENT,
  `option_value` tinytext COLLATE utf8mb4_unicode_ci COMMENT 'option value',
  `affect_price` double DEFAULT NULL COMMENT 'value of price of this option affect',
  `order` int NOT NULL DEFAULT '9999',
  `affect_type` tinyint NOT NULL DEFAULT '0' COMMENT '0. fixed 1. percent',
  `created_at` timestamp NULL DEFAULT NULL,
  `updated_at` timestamp NULL DEFAULT NULL,
  PRIMARY KEY (`id`)
) ENGINE=InnoDB DEFAULT CHARSET=utf8mb4 COLLATE=utf8mb4_unicode_ci;

--
-- Dumping data for table `ec_option_value`
--


--
-- Table structure for table `ec_option_value_translations`
--

CREATE TABLE `ec_option_value_translations` (
  `lang_code` varchar(191) COLLATE utf8mb4_unicode_ci NOT NULL,
  `ec_option_value_id` bigint unsigned NOT NULL,
  `option_value` varchar(255) COLLATE utf8mb4_unicode_ci DEFAULT NULL,
  PRIMARY KEY (`lang_code`,`ec_option_value_id`)
) ENGINE=InnoDB DEFAULT CHARSET=utf8mb4 COLLATE=utf8mb4_unicode_ci;

--
-- Dumping data for table `ec_option_value_translations`
--


--
-- Table structure for table `ec_options`
--

CREATE TABLE `ec_options` (
  `id` bigint unsigned NOT NULL AUTO_INCREMENT,
  `name` varchar(191) COLLATE utf8mb4_unicode_ci NOT NULL COMMENT 'Name of options',
  `option_type` varchar(191) COLLATE utf8mb4_unicode_ci DEFAULT NULL COMMENT 'option type',
  `product_id` bigint unsigned NOT NULL DEFAULT '0',
  `order` int NOT NULL DEFAULT '9999',
  `required` tinyint(1) NOT NULL DEFAULT '0' COMMENT 'Checked if this option is required',
  `created_at` timestamp NULL DEFAULT NULL,
  `updated_at` timestamp NULL DEFAULT NULL,
  PRIMARY KEY (`id`)
) ENGINE=InnoDB DEFAULT CHARSET=utf8mb4 COLLATE=utf8mb4_unicode_ci;

--
-- Dumping data for table `ec_options`
--


--
-- Table structure for table `ec_options_translations`
--

CREATE TABLE `ec_options_translations` (
  `lang_code` varchar(191) COLLATE utf8mb4_unicode_ci NOT NULL,
  `ec_options_id` bigint unsigned NOT NULL,
  `name` varchar(255) COLLATE utf8mb4_unicode_ci DEFAULT NULL,
  PRIMARY KEY (`lang_code`,`ec_options_id`)
) ENGINE=InnoDB DEFAULT CHARSET=utf8mb4 COLLATE=utf8mb4_unicode_ci;

--
-- Dumping data for table `ec_options_translations`
--


--
-- Table structure for table `ec_order_addresses`
--

CREATE TABLE `ec_order_addresses` (
  `id` bigint unsigned NOT NULL AUTO_INCREMENT,
  `name` varchar(191) COLLATE utf8mb4_unicode_ci NOT NULL,
  `phone` varchar(20) COLLATE utf8mb4_unicode_ci DEFAULT NULL,
  `email` varchar(191) COLLATE utf8mb4_unicode_ci DEFAULT NULL,
  `country` varchar(120) COLLATE utf8mb4_unicode_ci DEFAULT NULL,
  `state` varchar(120) COLLATE utf8mb4_unicode_ci DEFAULT NULL,
  `city` varchar(120) COLLATE utf8mb4_unicode_ci DEFAULT NULL,
  `address` varchar(255) COLLATE utf8mb4_unicode_ci DEFAULT NULL,
  `order_id` bigint unsigned NOT NULL,
  `zip_code` varchar(20) COLLATE utf8mb4_unicode_ci DEFAULT NULL,
  `type` varchar(60) COLLATE utf8mb4_unicode_ci NOT NULL DEFAULT 'shipping_address',
  PRIMARY KEY (`id`)
) ENGINE=InnoDB AUTO_INCREMENT=21 DEFAULT CHARSET=utf8mb4 COLLATE=utf8mb4_unicode_ci;

--
-- Dumping data for table `ec_order_addresses`
--

INSERT INTO `ec_order_addresses` VALUES (1,'Ruthe Walsh','+16802499786','noelia18@example.net','FK','District of Columbia','Albertachester','5240 Bechtelar Glen Suite 000',1,'12426-7383','shipping_address'),(2,'Glennie Bradtke','+15184248888','judge14@example.org','FO','Iowa','Lake Eulah','936 Durgan Wall',2,'36574-6024','shipping_address'),(3,'Amari Howell','+18326401852','ccorkery@example.net','ML','Rhode Island','Simonisborough','425 Will Haven',3,'88163','shipping_address'),(4,'Ruthe Walsh','+16802499786','noelia18@example.net','FK','District of Columbia','Albertachester','5240 Bechtelar Glen Suite 000',4,'12426-7383','shipping_address'),(5,'Maurine Kutch','+16786518303','luettgen.liza@example.com','BR','Oklahoma','New Maybellehaven','68300 Swift River Apt. 705',5,'26744','shipping_address'),(6,'Logan Graham','+17253734868','john.smith@botble.com','MT','Oregon','South Gregoriaborough','377 Brekke Field',6,'29772-5268','shipping_address'),(7,'Ruthe Walsh','+16802499786','noelia18@example.net','FK','District of Columbia','Albertachester','5240 Bechtelar Glen Suite 000',7,'12426-7383','shipping_address'),(8,'Glennie Bradtke','+15184248888','judge14@example.org','FO','Iowa','Lake Eulah','936 Durgan Wall',8,'36574-6024','shipping_address'),(9,'Logan Graham','+17253734868','john.smith@botble.com','MT','Oregon','South Gregoriaborough','377 Brekke Field',9,'29772-5268','shipping_address'),(10,'Kailee Tremblay Jr.','+13129574863','nienow.leslie@example.com','CC','North Dakota','East Quintenmouth','95451 Zemlak Skyway',10,'94903-1326','shipping_address'),(11,'Ruthe Walsh','+16802499786','noelia18@example.net','FK','District of Columbia','Albertachester','5240 Bechtelar Glen Suite 000',11,'12426-7383','shipping_address'),(12,'Ruthe Walsh','+16802499786','noelia18@example.net','FK','District of Columbia','Albertachester','5240 Bechtelar Glen Suite 000',12,'12426-7383','shipping_address'),(13,'Dr. Cleveland Marquardt Sr.','+19299539834','lmurazik@example.net','IQ','Montana','Blakefurt','150 Price Tunnel Suite 271',13,'44889-6839','shipping_address'),(14,'Mrs. Mabel Nader','+17858827789','customer@botble.com','OM','Colorado','Nienowland','4668 Kemmer Trail',14,'16523-7525','shipping_address'),(15,'Logan Graham','+17253734868','john.smith@botble.com','MT','Oregon','South Gregoriaborough','377 Brekke Field',15,'29772-5268','shipping_address'),(16,'Maurine Kutch','+16786518303','luettgen.liza@example.com','BR','Oklahoma','New Maybellehaven','68300 Swift River Apt. 705',16,'26744','shipping_address'),(17,'Prof. Quentin Koss DVM','+13513235153','heller.justice@example.com','DK','Missouri','Dickistad','29155 Leffler Overpass',17,'35138','shipping_address'),(18,'Maurine Kutch','+16786518303','luettgen.liza@example.com','BR','Oklahoma','New Maybellehaven','68300 Swift River Apt. 705',18,'26744','shipping_address'),(19,'Logan Graham','+17253734868','john.smith@botble.com','MT','Oregon','South Gregoriaborough','377 Brekke Field',19,'29772-5268','shipping_address'),(20,'Kailee Tremblay Jr.','+13129574863','nienow.leslie@example.com','CC','North Dakota','East Quintenmouth','95451 Zemlak Skyway',20,'94903-1326','shipping_address');

--
-- Table structure for table `ec_order_histories`
--

CREATE TABLE `ec_order_histories` (
  `id` bigint unsigned NOT NULL AUTO_INCREMENT,
  `action` varchar(120) COLLATE utf8mb4_unicode_ci NOT NULL,
  `description` varchar(255) COLLATE utf8mb4_unicode_ci NOT NULL,
  `user_id` bigint unsigned DEFAULT NULL,
  `order_id` bigint unsigned NOT NULL,
  `extras` text COLLATE utf8mb4_unicode_ci,
  `created_at` timestamp NULL DEFAULT NULL,
  `updated_at` timestamp NULL DEFAULT NULL,
  PRIMARY KEY (`id`)
) ENGINE=InnoDB AUTO_INCREMENT=93 DEFAULT CHARSET=utf8mb4 COLLATE=utf8mb4_unicode_ci;

--
-- Dumping data for table `ec_order_histories`
--

INSERT INTO `ec_order_histories` VALUES (1,'create_order_from_seeder','Order is created from the checkout page',NULL,1,NULL,'2023-09-20 00:38:12','2023-09-20 00:38:12'),(2,'confirm_order','Order was verified by %user_name%',0,1,NULL,'2023-09-20 00:38:12','2023-09-20 00:38:12'),(3,'create_shipment','Created shipment for order',0,1,NULL,'2023-09-26 16:38:12','2023-09-26 16:38:12'),(4,'update_status','Changed status of shipping to: Delivered. Updated by: %user_name%',0,1,NULL,'2023-09-26 16:38:12','2023-09-26 16:38:12'),(5,'create_order_from_seeder','Order is created from the checkout page',NULL,2,NULL,'2023-09-21 22:38:12','2023-09-21 22:38:12'),(6,'confirm_order','Order was verified by %user_name%',0,2,NULL,'2023-09-21 22:38:12','2023-09-21 22:38:12'),(7,'confirm_payment','Payment was confirmed (amount $776.00) by %user_name%',0,2,NULL,'2023-09-26 16:38:12','2023-09-26 16:38:12'),(8,'create_shipment','Created shipment for order',0,2,NULL,'2023-09-26 16:38:12','2023-09-26 16:38:12'),(9,'update_status','Changed status of shipping to: Delivered. Updated by: %user_name%',0,2,NULL,'2023-09-26 16:38:12','2023-09-26 16:38:12'),(10,'create_order_from_seeder','Order is created from the checkout page',NULL,3,NULL,'2023-09-13 04:38:12','2023-09-13 04:38:12'),(11,'confirm_order','Order was verified by %user_name%',0,3,NULL,'2023-09-13 04:38:12','2023-09-13 04:38:12'),(12,'confirm_payment','Payment was confirmed (amount $2,243.00) by %user_name%',0,3,NULL,'2023-09-26 16:38:12','2023-09-26 16:38:12'),(13,'create_shipment','Created shipment for order',0,3,NULL,'2023-09-26 16:38:12','2023-09-26 16:38:12'),(14,'create_order_from_seeder','Order is created from the checkout page',NULL,4,NULL,'2023-09-16 18:38:12','2023-09-16 18:38:12'),(15,'confirm_order','Order was verified by %user_name%',0,4,NULL,'2023-09-16 18:38:12','2023-09-16 18:38:12'),(16,'confirm_payment','Payment was confirmed (amount $264.00) by %user_name%',0,4,NULL,'2023-09-26 16:38:12','2023-09-26 16:38:12'),(17,'create_shipment','Created shipment for order',0,4,NULL,'2023-09-26 16:38:12','2023-09-26 16:38:12'),(18,'create_order_from_seeder','Order is created from the checkout page',NULL,5,NULL,'2023-09-18 16:38:12','2023-09-18 16:38:12'),(19,'confirm_order','Order was verified by %user_name%',0,5,NULL,'2023-09-18 16:38:12','2023-09-18 16:38:12'),(20,'confirm_payment','Payment was confirmed (amount $1,682.00) by %user_name%',0,5,NULL,'2023-09-26 16:38:12','2023-09-26 16:38:12'),(21,'create_shipment','Created shipment for order',0,5,NULL,'2023-09-26 16:38:12','2023-09-26 16:38:12'),(22,'update_status','Changed status of shipping to: Delivered. Updated by: %user_name%',0,5,NULL,'2023-09-26 16:38:12','2023-09-26 16:38:12'),(23,'create_order_from_seeder','Order is created from the checkout page',NULL,6,NULL,'2023-09-21 16:38:12','2023-09-21 16:38:12'),(24,'confirm_order','Order was verified by %user_name%',0,6,NULL,'2023-09-21 16:38:12','2023-09-21 16:38:12'),(25,'create_shipment','Created shipment for order',0,6,NULL,'2023-09-26 16:38:12','2023-09-26 16:38:12'),(26,'create_order_from_seeder','Order is created from the checkout page',NULL,7,NULL,'2023-09-24 08:38:12','2023-09-24 08:38:12'),(27,'confirm_order','Order was verified by %user_name%',0,7,NULL,'2023-09-24 08:38:12','2023-09-24 08:38:12'),(28,'confirm_payment','Payment was confirmed (amount $844.00) by %user_name%',0,7,NULL,'2023-09-26 16:38:12','2023-09-26 16:38:12'),(29,'create_shipment','Created shipment for order',0,7,NULL,'2023-09-26 16:38:12','2023-09-26 16:38:12'),(30,'create_order_from_seeder','Order is created from the checkout page',NULL,8,NULL,'2023-09-22 08:38:12','2023-09-22 08:38:12'),(31,'confirm_order','Order was verified by %user_name%',0,8,NULL,'2023-09-22 08:38:12','2023-09-22 08:38:12'),(32,'confirm_payment','Payment was confirmed (amount $1,389.00) by %user_name%',0,8,NULL,'2023-09-26 16:38:12','2023-09-26 16:38:12'),(33,'create_shipment','Created shipment for order',0,8,NULL,'2023-09-26 16:38:12','2023-09-26 16:38:12'),(34,'update_status','Changed status of shipping to: Delivered. Updated by: %user_name%',0,8,NULL,'2023-09-26 16:38:12','2023-09-26 16:38:12'),(35,'create_order_from_seeder','Order is created from the checkout page',NULL,9,NULL,'2023-09-17 16:38:12','2023-09-17 16:38:12'),(36,'confirm_order','Order was verified by %user_name%',0,9,NULL,'2023-09-17 16:38:12','2023-09-17 16:38:12'),(37,'confirm_payment','Payment was confirmed (amount $581.00) by %user_name%',0,9,NULL,'2023-09-26 16:38:12','2023-09-26 16:38:12'),(38,'create_shipment','Created shipment for order',0,9,NULL,'2023-09-26 16:38:12','2023-09-26 16:38:12'),(39,'create_order_from_seeder','Order is created from the checkout page',NULL,10,NULL,'2023-09-23 22:38:12','2023-09-23 22:38:12'),(40,'confirm_order','Order was verified by %user_name%',0,10,NULL,'2023-09-23 22:38:12','2023-09-23 22:38:12'),(41,'confirm_payment','Payment was confirmed (amount $120.00) by %user_name%',0,10,NULL,'2023-09-26 16:38:12','2023-09-26 16:38:12'),(42,'create_shipment','Created shipment for order',0,10,NULL,'2023-09-26 16:38:12','2023-09-26 16:38:12'),(43,'update_status','Changed status of shipping to: Delivered. Updated by: %user_name%',0,10,NULL,'2023-09-26 16:38:12','2023-09-26 16:38:12'),(44,'create_order_from_seeder','Order is created from the checkout page',NULL,11,NULL,'2023-09-22 12:38:12','2023-09-22 12:38:12'),(45,'confirm_order','Order was verified by %user_name%',0,11,NULL,'2023-09-22 12:38:12','2023-09-22 12:38:12'),(46,'confirm_payment','Payment was confirmed (amount $1,169.00) by %user_name%',0,11,NULL,'2023-09-26 16:38:12','2023-09-26 16:38:12'),(47,'create_shipment','Created shipment for order',0,11,NULL,'2023-09-26 16:38:12','2023-09-26 16:38:12'),(48,'update_status','Changed status of shipping to: Delivered. Updated by: %user_name%',0,11,NULL,'2023-09-26 16:38:12','2023-09-26 16:38:12'),(49,'create_order_from_seeder','Order is created from the checkout page',NULL,12,NULL,'2023-09-24 10:38:12','2023-09-24 10:38:12'),(50,'confirm_order','Order was verified by %user_name%',0,12,NULL,'2023-09-24 10:38:12','2023-09-24 10:38:12'),(51,'confirm_payment','Payment was confirmed (amount $1,581.00) by %user_name%',0,12,NULL,'2023-09-26 16:38:12','2023-09-26 16:38:12'),(52,'create_shipment','Created shipment for order',0,12,NULL,'2023-09-26 16:38:12','2023-09-26 16:38:12'),(53,'update_status','Changed status of shipping to: Delivered. Updated by: %user_name%',0,12,NULL,'2023-09-26 16:38:12','2023-09-26 16:38:12'),(54,'create_order_from_seeder','Order is created from the checkout page',NULL,13,NULL,'2023-09-22 16:38:12','2023-09-22 16:38:12'),(55,'confirm_order','Order was verified by %user_name%',0,13,NULL,'2023-09-22 16:38:12','2023-09-22 16:38:12'),(56,'confirm_payment','Payment was confirmed (amount $421.00) by %user_name%',0,13,NULL,'2023-09-26 16:38:12','2023-09-26 16:38:12'),(57,'create_shipment','Created shipment for order',0,13,NULL,'2023-09-26 16:38:12','2023-09-26 16:38:12'),(58,'create_order_from_seeder','Order is created from the checkout page',NULL,14,NULL,'2023-09-22 00:38:12','2023-09-22 00:38:12'),(59,'confirm_order','Order was verified by %user_name%',0,14,NULL,'2023-09-22 00:38:12','2023-09-22 00:38:12'),(60,'confirm_payment','Payment was confirmed (amount $1,864.00) by %user_name%',0,14,NULL,'2023-09-26 16:38:12','2023-09-26 16:38:12'),(61,'create_shipment','Created shipment for order',0,14,NULL,'2023-09-26 16:38:12','2023-09-26 16:38:12'),(62,'update_status','Changed status of shipping to: Delivered. Updated by: %user_name%',0,14,NULL,'2023-09-26 16:38:12','2023-09-26 16:38:12'),(63,'create_order_from_seeder','Order is created from the checkout page',NULL,15,NULL,'2023-09-25 16:38:12','2023-09-25 16:38:12'),(64,'confirm_order','Order was verified by %user_name%',0,15,NULL,'2023-09-25 16:38:12','2023-09-25 16:38:12'),(65,'confirm_payment','Payment was confirmed (amount $1,138.00) by %user_name%',0,15,NULL,'2023-09-26 16:38:12','2023-09-26 16:38:12'),(66,'create_shipment','Created shipment for order',0,15,NULL,'2023-09-26 16:38:12','2023-09-26 16:38:12'),(67,'create_order_from_seeder','Order is created from the checkout page',NULL,16,NULL,'2023-09-24 14:38:12','2023-09-24 14:38:12'),(68,'confirm_order','Order was verified by %user_name%',0,16,NULL,'2023-09-24 14:38:12','2023-09-24 14:38:12'),(69,'confirm_payment','Payment was confirmed (amount $702.00) by %user_name%',0,16,NULL,'2023-09-26 16:38:12','2023-09-26 16:38:12'),(70,'create_shipment','Created shipment for order',0,16,NULL,'2023-09-26 16:38:12','2023-09-26 16:38:12'),(71,'create_order_from_seeder','Order is created from the checkout page',NULL,17,NULL,'2023-09-25 16:38:12','2023-09-25 16:38:12'),(72,'confirm_order','Order was verified by %user_name%',0,17,NULL,'2023-09-25 16:38:12','2023-09-25 16:38:12'),(73,'confirm_payment','Payment was confirmed (amount $2,482.00) by %user_name%',0,17,NULL,'2023-09-26 16:38:12','2023-09-26 16:38:12'),(74,'create_shipment','Created shipment for order',0,17,NULL,'2023-09-26 16:38:13','2023-09-26 16:38:13'),(75,'create_order_from_seeder','Order is created from the checkout page',NULL,18,NULL,'2023-09-24 04:38:13','2023-09-24 04:38:13'),(76,'confirm_order','Order was verified by %user_name%',0,18,NULL,'2023-09-24 04:38:13','2023-09-24 04:38:13'),(77,'create_shipment','Created shipment for order',0,18,NULL,'2023-09-26 16:38:13','2023-09-26 16:38:13'),(78,'update_status','Changed status of shipping to: Delivered. Updated by: %user_name%',0,18,NULL,'2023-09-26 16:38:13','2023-09-26 16:38:13'),(79,'create_order_from_seeder','Order is created from the checkout page',NULL,19,NULL,'2023-09-26 04:38:13','2023-09-26 04:38:13'),(80,'confirm_order','Order was verified by %user_name%',0,19,NULL,'2023-09-26 04:38:13','2023-09-26 04:38:13'),(81,'confirm_payment','Payment was confirmed (amount $2,448.00) by %user_name%',0,19,NULL,'2023-09-26 16:38:13','2023-09-26 16:38:13'),(82,'create_shipment','Created shipment for order',0,19,NULL,'2023-09-26 16:38:13','2023-09-26 16:38:13'),(83,'create_order_from_seeder','Order is created from the checkout page',NULL,20,NULL,'2023-09-25 20:38:13','2023-09-25 20:38:13'),(84,'confirm_order','Order was verified by %user_name%',0,20,NULL,'2023-09-25 20:38:13','2023-09-25 20:38:13'),(85,'create_shipment','Created shipment for order',0,20,NULL,'2023-09-26 16:38:13','2023-09-26 16:38:13'),(86,'update_status','Order confirmed by %user_name%',0,2,NULL,'2023-09-26 16:38:13','2023-09-26 16:38:13'),(87,'update_status','Order confirmed by %user_name%',0,5,NULL,'2023-09-26 16:38:13','2023-09-26 16:38:13'),(88,'update_status','Order confirmed by %user_name%',0,8,NULL,'2023-09-26 16:38:13','2023-09-26 16:38:13'),(89,'update_status','Order confirmed by %user_name%',0,10,NULL,'2023-09-26 16:38:13','2023-09-26 16:38:13'),(90,'update_status','Order confirmed by %user_name%',0,11,NULL,'2023-09-26 16:38:13','2023-09-26 16:38:13'),(91,'update_status','Order confirmed by %user_name%',0,12,NULL,'2023-09-26 16:38:13','2023-09-26 16:38:13'),(92,'update_status','Order confirmed by %user_name%',0,14,NULL,'2023-09-26 16:38:13','2023-09-26 16:38:13');

--
-- Table structure for table `ec_order_product`
--

CREATE TABLE `ec_order_product` (
  `id` bigint unsigned NOT NULL AUTO_INCREMENT,
  `order_id` bigint unsigned NOT NULL,
  `qty` int NOT NULL,
  `price` decimal(15,2) NOT NULL,
  `tax_amount` decimal(15,2) NOT NULL,
  `options` text COLLATE utf8mb4_unicode_ci,
  `product_options` text COLLATE utf8mb4_unicode_ci COMMENT 'product option data',
  `product_id` bigint unsigned DEFAULT NULL,
  `product_name` varchar(191) COLLATE utf8mb4_unicode_ci NOT NULL,
  `product_image` varchar(191) COLLATE utf8mb4_unicode_ci DEFAULT NULL,
  `weight` double(8,2) DEFAULT '0.00',
  `restock_quantity` int unsigned DEFAULT '0',
  `created_at` timestamp NULL DEFAULT NULL,
  `updated_at` timestamp NULL DEFAULT NULL,
  `product_type` varchar(60) COLLATE utf8mb4_unicode_ci NOT NULL DEFAULT 'physical',
  `times_downloaded` int NOT NULL DEFAULT '0',
  `license_code` char(36) COLLATE utf8mb4_unicode_ci DEFAULT NULL,
  PRIMARY KEY (`id`)
) ENGINE=InnoDB AUTO_INCREMENT=57 DEFAULT CHARSET=utf8mb4 COLLATE=utf8mb4_unicode_ci;

--
-- Dumping data for table `ec_order_product`
--

INSERT INTO `ec_order_product` VALUES (1,1,2,348.00,0.00,'[]',NULL,12,'Clutch handmade','products/2-1.jpg',1736.00,0,'2023-09-26 16:38:12','2023-09-26 16:38:12','physical',0,NULL),(2,1,1,348.00,0.00,'[]',NULL,13,'Clutch handmade','products/2-2.jpg',868.00,0,'2023-09-26 16:38:12','2023-09-26 16:38:12','physical',0,NULL),(3,1,1,345.00,0.00,'[]',NULL,14,'Gucci Zip Around Wallet','products/3.jpg',776.00,0,'2023-09-26 16:38:12','2023-09-26 16:38:12','physical',0,NULL),(4,1,3,118.00,0.00,'[]',NULL,26,'Round Cross body Bag','products/8.jpg',1863.00,0,'2023-09-26 16:38:12','2023-09-26 16:38:12','physical',0,NULL),(5,2,1,479.00,0.00,'[]',NULL,16,'Snapshot Standard','products/4.jpg',586.00,0,'2023-09-26 16:38:12','2023-09-26 16:38:12','physical',0,NULL),(6,2,1,73.00,0.00,'[]',NULL,20,'Joan Mini Camera Bag','products/5-1.jpg',555.00,0,'2023-09-26 16:38:12','2023-09-26 16:38:12','digital',2,NULL),(7,2,1,47.00,0.00,'[]',NULL,22,'Cyan Boheme','products/6.jpg',708.00,0,'2023-09-26 16:38:12','2023-09-26 16:38:12','physical',0,NULL),(8,2,3,59.00,0.00,'[]',NULL,24,'The Marc Jacobs','products/7.jpg',2007.00,0,'2023-09-26 16:38:12','2023-09-26 16:38:12','physical',0,NULL),(9,3,3,345.00,0.00,'[]',NULL,14,'Gucci Zip Around Wallet','products/3.jpg',2328.00,0,'2023-09-26 16:38:12','2023-09-26 16:38:12','physical',0,NULL),(10,3,2,479.00,0.00,'[]',NULL,18,'Snapshot Standard','products/4-2.jpg',1172.00,0,'2023-09-26 16:38:12','2023-09-26 16:38:12','physical',0,NULL),(11,3,1,73.00,0.00,'[]',NULL,19,'Joan Mini Camera Bag','products/5.jpg',555.00,0,'2023-09-26 16:38:12','2023-09-26 16:38:12','digital',7,NULL),(12,3,3,59.00,0.00,'[]',NULL,24,'The Marc Jacobs','products/7.jpg',2007.00,0,'2023-09-26 16:38:12','2023-09-26 16:38:12','physical',0,NULL),(13,4,2,73.00,0.00,'[]',NULL,19,'Joan Mini Camera Bag','products/5.jpg',1110.00,0,'2023-09-26 16:38:12','2023-09-26 16:38:12','digital',8,NULL),(14,4,1,118.00,0.00,'[]',NULL,26,'Round Cross body Bag','products/8.jpg',621.00,0,'2023-09-26 16:38:12','2023-09-26 16:38:12','physical',0,NULL),(15,5,1,245.00,0.00,'[]',NULL,10,'Wallet handmade','products/1-1.jpg',731.00,0,'2023-09-26 16:38:12','2023-09-26 16:38:12','digital',2,NULL),(16,5,3,479.00,0.00,'[]',NULL,16,'Snapshot Standard','products/4.jpg',1758.00,0,'2023-09-26 16:38:12','2023-09-26 16:38:12','physical',0,NULL),(17,6,3,73.00,0.00,'[]',NULL,21,'Joan Mini Camera Bag','products/5-2.jpg',1665.00,0,'2023-09-26 16:38:12','2023-09-26 16:38:12','digital',8,NULL),(18,6,3,47.00,0.00,'[]',NULL,23,'Cyan Boheme','products/6-1.jpg',2124.00,0,'2023-09-26 16:38:12','2023-09-26 16:38:12','physical',0,NULL),(19,6,1,59.00,0.00,'[]',NULL,24,'The Marc Jacobs','products/7.jpg',669.00,0,'2023-09-26 16:38:12','2023-09-26 16:38:12','physical',0,NULL),(20,7,2,245.00,0.00,'[]',NULL,10,'Wallet handmade','products/1-1.jpg',1462.00,0,'2023-09-26 16:38:12','2023-09-26 16:38:12','digital',10,NULL),(21,7,3,118.00,0.00,'[]',NULL,26,'Round Cross body Bag','products/8.jpg',1863.00,0,'2023-09-26 16:38:12','2023-09-26 16:38:12','physical',0,NULL),(22,8,3,348.00,0.00,'[]',NULL,11,'Clutch handmade','products/2.jpg',2604.00,0,'2023-09-26 16:38:12','2023-09-26 16:38:12','physical',0,NULL),(23,8,1,345.00,0.00,'[]',NULL,14,'Gucci Zip Around Wallet','products/3.jpg',776.00,0,'2023-09-26 16:38:12','2023-09-26 16:38:12','physical',0,NULL),(24,9,1,345.00,0.00,'[]',NULL,15,'Gucci Zip Around Wallet','products/3-1.jpg',776.00,0,'2023-09-26 16:38:12','2023-09-26 16:38:12','physical',0,NULL),(25,9,2,118.00,0.00,'[]',NULL,26,'Round Cross body Bag','products/8.jpg',1242.00,0,'2023-09-26 16:38:12','2023-09-26 16:38:12','physical',0,NULL),(26,10,1,73.00,0.00,'[]',NULL,20,'Joan Mini Camera Bag','products/5-1.jpg',555.00,0,'2023-09-26 16:38:12','2023-09-26 16:38:12','digital',4,NULL),(27,10,1,47.00,0.00,'[]',NULL,23,'Cyan Boheme','products/6-1.jpg',708.00,0,'2023-09-26 16:38:12','2023-09-26 16:38:12','physical',0,NULL),(28,11,2,345.00,0.00,'[]',NULL,14,'Gucci Zip Around Wallet','products/3.jpg',1552.00,0,'2023-09-26 16:38:12','2023-09-26 16:38:12','physical',0,NULL),(29,11,1,479.00,0.00,'[]',NULL,18,'Snapshot Standard','products/4-2.jpg',586.00,0,'2023-09-26 16:38:12','2023-09-26 16:38:12','physical',0,NULL),(30,12,1,345.00,0.00,'[]',NULL,15,'Gucci Zip Around Wallet','products/3-1.jpg',776.00,0,'2023-09-26 16:38:12','2023-09-26 16:38:12','physical',0,NULL),(31,12,2,479.00,0.00,'[]',NULL,17,'Snapshot Standard','products/4-1.jpg',1172.00,0,'2023-09-26 16:38:12','2023-09-26 16:38:12','physical',0,NULL),(32,12,3,73.00,0.00,'[]',NULL,21,'Joan Mini Camera Bag','products/5-2.jpg',1665.00,0,'2023-09-26 16:38:12','2023-09-26 16:38:12','digital',5,NULL),(33,12,1,59.00,0.00,'[]',NULL,25,'The Marc Jacobs','products/7-1.jpg',669.00,0,'2023-09-26 16:38:12','2023-09-26 16:38:12','physical',0,NULL),(34,13,1,348.00,0.00,'[]',NULL,11,'Clutch handmade','products/2.jpg',868.00,0,'2023-09-26 16:38:12','2023-09-26 16:38:12','physical',0,NULL),(35,13,1,73.00,0.00,'[]',NULL,21,'Joan Mini Camera Bag','products/5-2.jpg',555.00,0,'2023-09-26 16:38:12','2023-09-26 16:38:12','digital',6,NULL),(36,14,1,245.00,0.00,'[]',NULL,10,'Wallet handmade','products/1-1.jpg',731.00,0,'2023-09-26 16:38:12','2023-09-26 16:38:12','digital',2,NULL),(37,14,1,348.00,0.00,'[]',NULL,13,'Clutch handmade','products/2-2.jpg',868.00,0,'2023-09-26 16:38:12','2023-09-26 16:38:12','physical',0,NULL),(38,14,3,345.00,0.00,'[]',NULL,15,'Gucci Zip Around Wallet','products/3-1.jpg',2328.00,0,'2023-09-26 16:38:12','2023-09-26 16:38:12','physical',0,NULL),(39,14,2,118.00,0.00,'[]',NULL,26,'Round Cross body Bag','products/8.jpg',1242.00,0,'2023-09-26 16:38:12','2023-09-26 16:38:12','physical',0,NULL),(40,15,3,348.00,0.00,'[]',NULL,11,'Clutch handmade','products/2.jpg',2604.00,0,'2023-09-26 16:38:12','2023-09-26 16:38:12','physical',0,NULL),(41,15,1,47.00,0.00,'[]',NULL,22,'Cyan Boheme','products/6.jpg',708.00,0,'2023-09-26 16:38:12','2023-09-26 16:38:12','physical',0,NULL),(42,15,1,47.00,0.00,'[]',NULL,23,'Cyan Boheme','products/6-1.jpg',708.00,0,'2023-09-26 16:38:12','2023-09-26 16:38:12','physical',0,NULL),(43,16,1,348.00,0.00,'[]',NULL,13,'Clutch handmade','products/2-2.jpg',868.00,0,'2023-09-26 16:38:12','2023-09-26 16:38:12','physical',0,NULL),(44,16,3,118.00,0.00,'[]',NULL,26,'Round Cross body Bag','products/8.jpg',1863.00,0,'2023-09-26 16:38:12','2023-09-26 16:38:12','physical',0,NULL),(45,17,1,348.00,0.00,'[]',NULL,12,'Clutch handmade','products/2-1.jpg',868.00,0,'2023-09-26 16:38:12','2023-09-26 16:38:12','physical',0,NULL),(46,17,3,345.00,0.00,'[]',NULL,15,'Gucci Zip Around Wallet','products/3-1.jpg',2328.00,0,'2023-09-26 16:38:12','2023-09-26 16:38:12','physical',0,NULL),(47,17,2,479.00,0.00,'[]',NULL,16,'Snapshot Standard','products/4.jpg',1172.00,0,'2023-09-26 16:38:12','2023-09-26 16:38:12','physical',0,NULL),(48,17,3,47.00,0.00,'[]',NULL,22,'Cyan Boheme','products/6.jpg',2124.00,0,'2023-09-26 16:38:12','2023-09-26 16:38:12','physical',0,NULL),(49,18,3,47.00,0.00,'[]',NULL,23,'Cyan Boheme','products/6-1.jpg',2124.00,0,'2023-09-26 16:38:13','2023-09-26 16:38:13','physical',0,NULL),(50,18,1,59.00,0.00,'[]',NULL,24,'The Marc Jacobs','products/7.jpg',669.00,0,'2023-09-26 16:38:13','2023-09-26 16:38:13','physical',0,NULL),(51,19,3,245.00,0.00,'[]',NULL,9,'Wallet handmade','products/1.jpg',2193.00,0,'2023-09-26 16:38:13','2023-09-26 16:38:13','digital',3,NULL),(52,19,2,348.00,0.00,'[]',NULL,12,'Clutch handmade','products/2-1.jpg',1736.00,0,'2023-09-26 16:38:13','2023-09-26 16:38:13','physical',0,NULL),(53,19,2,479.00,0.00,'[]',NULL,18,'Snapshot Standard','products/4-2.jpg',1172.00,0,'2023-09-26 16:38:13','2023-09-26 16:38:13','physical',0,NULL),(54,19,1,59.00,0.00,'[]',NULL,25,'The Marc Jacobs','products/7-1.jpg',669.00,0,'2023-09-26 16:38:13','2023-09-26 16:38:13','physical',0,NULL),(55,20,2,345.00,0.00,'[]',NULL,14,'Gucci Zip Around Wallet','products/3.jpg',1552.00,0,'2023-09-26 16:38:13','2023-09-26 16:38:13','physical',0,NULL),(56,20,3,479.00,0.00,'[]',NULL,16,'Snapshot Standard','products/4.jpg',1758.00,0,'2023-09-26 16:38:13','2023-09-26 16:38:13','physical',0,NULL);

--
-- Table structure for table `ec_order_referrals`
--

CREATE TABLE `ec_order_referrals` (
  `id` bigint unsigned NOT NULL AUTO_INCREMENT,
  `ip` varchar(39) COLLATE utf8mb4_unicode_ci DEFAULT NULL,
  `landing_domain` varchar(255) COLLATE utf8mb4_unicode_ci DEFAULT NULL,
  `landing_page` varchar(255) COLLATE utf8mb4_unicode_ci DEFAULT NULL,
  `landing_params` varchar(255) COLLATE utf8mb4_unicode_ci DEFAULT NULL,
  `referral` varchar(255) COLLATE utf8mb4_unicode_ci DEFAULT NULL,
  `gclid` varchar(255) COLLATE utf8mb4_unicode_ci DEFAULT NULL,
  `fclid` varchar(255) COLLATE utf8mb4_unicode_ci DEFAULT NULL,
  `utm_source` varchar(255) COLLATE utf8mb4_unicode_ci DEFAULT NULL,
  `utm_campaign` varchar(255) COLLATE utf8mb4_unicode_ci DEFAULT NULL,
  `utm_medium` varchar(255) COLLATE utf8mb4_unicode_ci DEFAULT NULL,
  `utm_term` varchar(255) COLLATE utf8mb4_unicode_ci DEFAULT NULL,
  `utm_content` varchar(255) COLLATE utf8mb4_unicode_ci DEFAULT NULL,
  `referrer_url` text COLLATE utf8mb4_unicode_ci,
  `referrer_domain` varchar(255) COLLATE utf8mb4_unicode_ci DEFAULT NULL,
  `order_id` bigint unsigned DEFAULT NULL,
  `created_at` timestamp NULL DEFAULT NULL,
  `updated_at` timestamp NULL DEFAULT NULL,
  PRIMARY KEY (`id`),
  KEY `ec_order_referrals_order_id_index` (`order_id`)
) ENGINE=InnoDB DEFAULT CHARSET=utf8mb4 COLLATE=utf8mb4_unicode_ci;

--
-- Dumping data for table `ec_order_referrals`
--


--
-- Table structure for table `ec_order_return_items`
--

CREATE TABLE `ec_order_return_items` (
  `id` bigint unsigned NOT NULL AUTO_INCREMENT,
  `order_return_id` bigint unsigned NOT NULL COMMENT 'Order return id',
  `order_product_id` bigint unsigned NOT NULL COMMENT 'Order product id',
  `product_id` bigint unsigned NOT NULL COMMENT 'Product id',
  `product_name` varchar(191) COLLATE utf8mb4_unicode_ci NOT NULL,
  `product_image` varchar(191) COLLATE utf8mb4_unicode_ci DEFAULT NULL,
  `qty` int NOT NULL COMMENT 'Quantity return',
  `price` decimal(15,2) NOT NULL COMMENT 'Price Product',
  `reason` text COLLATE utf8mb4_unicode_ci,
  `created_at` timestamp NULL DEFAULT NULL,
  `updated_at` timestamp NULL DEFAULT NULL,
  `refund_amount` decimal(12,2) DEFAULT '0.00',
  PRIMARY KEY (`id`)
) ENGINE=InnoDB DEFAULT CHARSET=utf8mb4 COLLATE=utf8mb4_unicode_ci;

--
-- Dumping data for table `ec_order_return_items`
--


--
-- Table structure for table `ec_order_returns`
--

CREATE TABLE `ec_order_returns` (
  `id` bigint unsigned NOT NULL AUTO_INCREMENT,
  `code` varchar(191) COLLATE utf8mb4_unicode_ci DEFAULT NULL,
  `order_id` bigint unsigned NOT NULL COMMENT 'Order ID',
  `store_id` bigint unsigned DEFAULT NULL COMMENT 'Store ID',
  `user_id` bigint unsigned NOT NULL COMMENT 'Customer ID',
  `reason` text COLLATE utf8mb4_unicode_ci COMMENT 'Reason return order',
  `order_status` varchar(191) COLLATE utf8mb4_unicode_ci DEFAULT NULL COMMENT 'Order current status',
  `return_status` varchar(191) COLLATE utf8mb4_unicode_ci NOT NULL COMMENT 'Return status',
  `created_at` timestamp NULL DEFAULT NULL,
  `updated_at` timestamp NULL DEFAULT NULL,
  PRIMARY KEY (`id`),
  UNIQUE KEY `ec_order_returns_code_unique` (`code`)
) ENGINE=InnoDB DEFAULT CHARSET=utf8mb4 COLLATE=utf8mb4_unicode_ci;

--
-- Dumping data for table `ec_order_returns`
--


--
-- Table structure for table `ec_order_tax_information`
--

CREATE TABLE `ec_order_tax_information` (
  `id` bigint unsigned NOT NULL AUTO_INCREMENT,
  `order_id` bigint unsigned NOT NULL,
  `company_name` varchar(120) COLLATE utf8mb4_unicode_ci NOT NULL,
  `company_address` varchar(191) COLLATE utf8mb4_unicode_ci NOT NULL,
  `company_tax_code` varchar(20) COLLATE utf8mb4_unicode_ci NOT NULL,
  `company_email` varchar(60) COLLATE utf8mb4_unicode_ci NOT NULL,
  `created_at` timestamp NULL DEFAULT NULL,
  `updated_at` timestamp NULL DEFAULT NULL,
  PRIMARY KEY (`id`),
  KEY `ec_order_tax_information_order_id_index` (`order_id`)
) ENGINE=InnoDB DEFAULT CHARSET=utf8mb4 COLLATE=utf8mb4_unicode_ci;

--
-- Dumping data for table `ec_order_tax_information`
--


--
-- Table structure for table `ec_product_attribute_sets`
--

CREATE TABLE `ec_product_attribute_sets` (
  `id` bigint unsigned NOT NULL AUTO_INCREMENT,
  `title` varchar(120) COLLATE utf8mb4_unicode_ci NOT NULL,
  `slug` varchar(120) COLLATE utf8mb4_unicode_ci DEFAULT NULL,
  `display_layout` varchar(191) COLLATE utf8mb4_unicode_ci NOT NULL DEFAULT 'swatch_dropdown',
  `is_searchable` tinyint unsigned NOT NULL DEFAULT '1',
  `is_comparable` tinyint unsigned NOT NULL DEFAULT '1',
  `is_use_in_product_listing` tinyint unsigned NOT NULL DEFAULT '0',
  `status` varchar(60) COLLATE utf8mb4_unicode_ci NOT NULL DEFAULT 'published',
  `order` tinyint unsigned NOT NULL DEFAULT '0',
  `created_at` timestamp NULL DEFAULT NULL,
  `updated_at` timestamp NULL DEFAULT NULL,
  `use_image_from_product_variation` tinyint unsigned NOT NULL DEFAULT '0',
  PRIMARY KEY (`id`)
) ENGINE=InnoDB AUTO_INCREMENT=3 DEFAULT CHARSET=utf8mb4 COLLATE=utf8mb4_unicode_ci;

--
-- Dumping data for table `ec_product_attribute_sets`
--

INSERT INTO `ec_product_attribute_sets` VALUES (1,'Color','color','visual',1,1,1,'published',0,'2023-09-26 16:38:07','2023-09-26 16:38:07',1),(2,'Size','size','text',1,1,1,'published',1,'2023-09-26 16:38:07','2023-09-26 16:38:07',0);

--
-- Table structure for table `ec_product_attribute_sets_translations`
--

CREATE TABLE `ec_product_attribute_sets_translations` (
  `lang_code` varchar(191) COLLATE utf8mb4_unicode_ci NOT NULL,
  `ec_product_attribute_sets_id` bigint unsigned NOT NULL,
  `title` varchar(191) COLLATE utf8mb4_unicode_ci DEFAULT NULL,
  PRIMARY KEY (`lang_code`,`ec_product_attribute_sets_id`)
) ENGINE=InnoDB DEFAULT CHARSET=utf8mb4 COLLATE=utf8mb4_unicode_ci;

--
-- Dumping data for table `ec_product_attribute_sets_translations`
--


--
-- Table structure for table `ec_product_attributes`
--

CREATE TABLE `ec_product_attributes` (
  `id` bigint unsigned NOT NULL AUTO_INCREMENT,
  `attribute_set_id` bigint unsigned NOT NULL,
  `title` varchar(120) COLLATE utf8mb4_unicode_ci NOT NULL,
  `slug` varchar(120) COLLATE utf8mb4_unicode_ci DEFAULT NULL,
  `color` varchar(50) COLLATE utf8mb4_unicode_ci DEFAULT NULL,
  `image` varchar(191) COLLATE utf8mb4_unicode_ci DEFAULT NULL,
  `is_default` tinyint unsigned NOT NULL DEFAULT '0',
  `order` tinyint unsigned NOT NULL DEFAULT '0',
  `created_at` timestamp NULL DEFAULT NULL,
  `updated_at` timestamp NULL DEFAULT NULL,
  PRIMARY KEY (`id`),
  KEY `ec_product_attributes_attribute_set_id_status_index` (`attribute_set_id`)
) ENGINE=InnoDB AUTO_INCREMENT=11 DEFAULT CHARSET=utf8mb4 COLLATE=utf8mb4_unicode_ci;

--
-- Dumping data for table `ec_product_attributes`
--

INSERT INTO `ec_product_attributes` VALUES (1,1,'Green','green','#5FB7D4',NULL,1,1,'2023-09-26 16:38:07','2023-09-26 16:38:07'),(2,1,'Blue','blue','#333333',NULL,0,2,'2023-09-26 16:38:07','2023-09-26 16:38:07'),(3,1,'Red','red','#DA323F',NULL,0,3,'2023-09-26 16:38:07','2023-09-26 16:38:07'),(4,1,'Black','back','#2F366C',NULL,0,4,'2023-09-26 16:38:07','2023-09-26 16:38:07'),(5,1,'Brown','brown','#87554B',NULL,0,5,'2023-09-26 16:38:07','2023-09-26 16:38:07'),(6,2,'S','s',NULL,NULL,1,1,'2023-09-26 16:38:07','2023-09-26 16:38:07'),(7,2,'M','m',NULL,NULL,0,2,'2023-09-26 16:38:07','2023-09-26 16:38:07'),(8,2,'L','l',NULL,NULL,0,3,'2023-09-26 16:38:07','2023-09-26 16:38:07'),(9,2,'XL','xl',NULL,NULL,0,4,'2023-09-26 16:38:07','2023-09-26 16:38:07'),(10,2,'XXL','xxl',NULL,NULL,0,5,'2023-09-26 16:38:07','2023-09-26 16:38:07');

--
-- Table structure for table `ec_product_attributes_translations`
--

CREATE TABLE `ec_product_attributes_translations` (
  `lang_code` varchar(191) COLLATE utf8mb4_unicode_ci NOT NULL,
  `ec_product_attributes_id` bigint unsigned NOT NULL,
  `title` varchar(191) COLLATE utf8mb4_unicode_ci DEFAULT NULL,
  PRIMARY KEY (`lang_code`,`ec_product_attributes_id`)
) ENGINE=InnoDB DEFAULT CHARSET=utf8mb4 COLLATE=utf8mb4_unicode_ci;

--
-- Dumping data for table `ec_product_attributes_translations`
--


--
-- Table structure for table `ec_product_categories`
--

CREATE TABLE `ec_product_categories` (
  `id` bigint unsigned NOT NULL AUTO_INCREMENT,
  `name` varchar(191) COLLATE utf8mb4_unicode_ci NOT NULL,
  `parent_id` bigint unsigned NOT NULL DEFAULT '0',
  `description` mediumtext COLLATE utf8mb4_unicode_ci,
  `status` varchar(60) COLLATE utf8mb4_unicode_ci NOT NULL DEFAULT 'published',
  `order` int unsigned NOT NULL DEFAULT '0',
  `image` varchar(255) COLLATE utf8mb4_unicode_ci DEFAULT NULL,
  `is_featured` tinyint unsigned NOT NULL DEFAULT '0',
  `created_at` timestamp NULL DEFAULT NULL,
  `updated_at` timestamp NULL DEFAULT NULL,
  PRIMARY KEY (`id`),
  KEY `ec_product_categories_parent_id_status_created_at_index` (`parent_id`,`status`,`created_at`),
  KEY `ec_product_categories_parent_id_status_index` (`parent_id`,`status`)
) ENGINE=InnoDB AUTO_INCREMENT=14 DEFAULT CHARSET=utf8mb4 COLLATE=utf8mb4_unicode_ci;

--
-- Dumping data for table `ec_product_categories`
--

INSERT INTO `ec_product_categories` VALUES (1,'Office bags',0,NULL,'published',1,'product-categories/1.png',1,'2023-09-26 16:38:06','2023-09-26 16:38:06'),(2,'Hand bag',0,NULL,'published',2,'product-categories/2.png',1,'2023-09-26 16:38:06','2023-09-26 16:38:06'),(3,'Woman',0,NULL,'published',3,'product-categories/3.png',1,'2023-09-26 16:38:06','2023-09-26 16:38:06'),(4,'Woman wallet',3,NULL,'published',1,NULL,0,'2023-09-26 16:38:06','2023-09-26 16:38:06'),(5,'Denim',3,NULL,'published',2,NULL,0,'2023-09-26 16:38:06','2023-09-26 16:38:06'),(6,'Dress',3,NULL,'published',3,NULL,0,'2023-09-26 16:38:06','2023-09-26 16:38:06'),(7,'Backpack',0,NULL,'published',4,'product-categories/4.png',1,'2023-09-26 16:38:06','2023-09-26 16:38:06'),(8,'Bags',0,NULL,'published',5,'product-categories/5.png',1,'2023-09-26 16:38:06','2023-09-26 16:38:06'),(9,'Wallet',0,NULL,'published',6,'product-categories/6.png',1,'2023-09-26 16:38:06','2023-09-26 16:38:06'),(10,'Men',0,NULL,'published',7,'product-categories/7.png',1,'2023-09-26 16:38:06','2023-09-26 16:38:06'),(11,'Accessories',10,NULL,'published',1,NULL,0,'2023-09-26 16:38:06','2023-09-26 16:38:06'),(12,'Men wallet',10,NULL,'published',2,NULL,0,'2023-09-26 16:38:06','2023-09-26 16:38:06'),(13,'Shoes',10,NULL,'published',3,NULL,0,'2023-09-26 16:38:06','2023-09-26 16:38:06');

--
-- Table structure for table `ec_product_categories_translations`
--

CREATE TABLE `ec_product_categories_translations` (
  `lang_code` varchar(191) COLLATE utf8mb4_unicode_ci NOT NULL,
  `ec_product_categories_id` bigint unsigned NOT NULL,
  `name` varchar(191) COLLATE utf8mb4_unicode_ci DEFAULT NULL,
  `description` text COLLATE utf8mb4_unicode_ci,
  PRIMARY KEY (`lang_code`,`ec_product_categories_id`)
) ENGINE=InnoDB DEFAULT CHARSET=utf8mb4 COLLATE=utf8mb4_unicode_ci;

--
-- Dumping data for table `ec_product_categories_translations`
--


--
-- Table structure for table `ec_product_categorizables`
--

CREATE TABLE `ec_product_categorizables` (
  `category_id` bigint unsigned NOT NULL,
  `reference_id` bigint unsigned NOT NULL,
  `reference_type` varchar(120) COLLATE utf8mb4_unicode_ci NOT NULL,
  PRIMARY KEY (`category_id`,`reference_id`,`reference_type`),
  KEY `ec_product_categorizables_category_id_index` (`category_id`),
  KEY `ec_product_categorizables_reference_id_index` (`reference_id`),
  KEY `ec_product_categorizables_reference_type_index` (`reference_type`)
) ENGINE=InnoDB DEFAULT CHARSET=utf8mb4 COLLATE=utf8mb4_unicode_ci;

--
-- Dumping data for table `ec_product_categorizables`
--


--
-- Table structure for table `ec_product_category_product`
--

CREATE TABLE `ec_product_category_product` (
  `category_id` bigint unsigned NOT NULL,
  `product_id` bigint unsigned NOT NULL,
  PRIMARY KEY (`product_id`,`category_id`),
  KEY `ec_product_category_product_category_id_index` (`category_id`),
  KEY `ec_product_category_product_product_id_index` (`product_id`)
) ENGINE=InnoDB DEFAULT CHARSET=utf8mb4 COLLATE=utf8mb4_unicode_ci;

--
-- Dumping data for table `ec_product_category_product`
--

INSERT INTO `ec_product_category_product` VALUES (1,2),(4,1),(4,4),(6,3),(6,8),(7,6),(9,7),(14,5);

--
-- Table structure for table `ec_product_collection_products`
--

CREATE TABLE `ec_product_collection_products` (
  `product_collection_id` bigint unsigned NOT NULL,
  `product_id` bigint unsigned NOT NULL,
  PRIMARY KEY (`product_id`,`product_collection_id`),
  KEY `ec_product_collection_products_product_collection_id_index` (`product_collection_id`),
  KEY `ec_product_collection_products_product_id_index` (`product_id`)
) ENGINE=InnoDB DEFAULT CHARSET=utf8mb4 COLLATE=utf8mb4_unicode_ci;

--
-- Dumping data for table `ec_product_collection_products`
--

INSERT INTO `ec_product_collection_products` VALUES (1,1),(1,2),(1,7),(2,3),(2,5),(2,8),(3,4),(3,6);

--
-- Table structure for table `ec_product_collections`
--

CREATE TABLE `ec_product_collections` (
  `id` bigint unsigned NOT NULL AUTO_INCREMENT,
  `name` varchar(191) COLLATE utf8mb4_unicode_ci NOT NULL,
  `slug` varchar(191) COLLATE utf8mb4_unicode_ci NOT NULL,
  `description` varchar(400) COLLATE utf8mb4_unicode_ci DEFAULT NULL,
  `image` varchar(255) COLLATE utf8mb4_unicode_ci DEFAULT NULL,
  `status` varchar(60) COLLATE utf8mb4_unicode_ci NOT NULL DEFAULT 'published',
  `created_at` timestamp NULL DEFAULT NULL,
  `updated_at` timestamp NULL DEFAULT NULL,
  `is_featured` tinyint unsigned NOT NULL DEFAULT '0',
  PRIMARY KEY (`id`)
) ENGINE=InnoDB AUTO_INCREMENT=5 DEFAULT CHARSET=utf8mb4 COLLATE=utf8mb4_unicode_ci;

--
-- Dumping data for table `ec_product_collections`
--

INSERT INTO `ec_product_collections` VALUES (1,'New Arrival','new-arrival',NULL,'product-collections/1.jpg','published','2023-09-26 16:38:07','2023-09-26 16:38:07',1),(2,'Best Sellers','best-sellers',NULL,'product-collections/2.jpg','published','2023-09-26 16:38:07','2023-09-26 16:38:07',1),(3,'Special Offer','special-offer',NULL,'product-collections/3.jpg','published','2023-09-26 16:38:07','2023-09-26 16:38:07',1),(4,'Trending Fashion','trending-fashion',NULL,'product-collections/4.jpg','published','2023-09-26 16:38:07','2023-09-26 16:38:07',1);

--
-- Table structure for table `ec_product_collections_translations`
--

CREATE TABLE `ec_product_collections_translations` (
  `lang_code` varchar(191) COLLATE utf8mb4_unicode_ci NOT NULL,
  `ec_product_collections_id` bigint unsigned NOT NULL,
  `name` varchar(191) COLLATE utf8mb4_unicode_ci DEFAULT NULL,
  `description` varchar(191) COLLATE utf8mb4_unicode_ci DEFAULT NULL,
  PRIMARY KEY (`lang_code`,`ec_product_collections_id`)
) ENGINE=InnoDB DEFAULT CHARSET=utf8mb4 COLLATE=utf8mb4_unicode_ci;

--
-- Dumping data for table `ec_product_collections_translations`
--


--
-- Table structure for table `ec_product_cross_sale_relations`
--

CREATE TABLE `ec_product_cross_sale_relations` (
  `from_product_id` bigint unsigned NOT NULL,
  `to_product_id` bigint unsigned NOT NULL,
  PRIMARY KEY (`from_product_id`,`to_product_id`),
  KEY `ec_product_cross_sale_relations_from_product_id_index` (`from_product_id`),
  KEY `ec_product_cross_sale_relations_to_product_id_index` (`to_product_id`)
) ENGINE=InnoDB DEFAULT CHARSET=utf8mb4 COLLATE=utf8mb4_unicode_ci;

--
-- Dumping data for table `ec_product_cross_sale_relations`
--

INSERT INTO `ec_product_cross_sale_relations` VALUES (1,2),(1,5),(1,7),(1,8),(2,3),(2,6),(2,8),(3,2),(3,7),(3,8),(4,5),(4,6),(4,8),(5,1),(5,6),(5,8),(6,2),(6,3),(6,5),(6,7),(7,1),(7,4),(7,5),(7,8),(8,1),(8,2),(8,3),(8,7);

--
-- Table structure for table `ec_product_files`
--

CREATE TABLE `ec_product_files` (
  `id` bigint unsigned NOT NULL AUTO_INCREMENT,
  `product_id` bigint unsigned DEFAULT NULL,
  `url` varchar(400) COLLATE utf8mb4_unicode_ci DEFAULT NULL,
  `extras` mediumtext COLLATE utf8mb4_unicode_ci,
  `created_at` timestamp NULL DEFAULT NULL,
  `updated_at` timestamp NULL DEFAULT NULL,
  PRIMARY KEY (`id`),
  KEY `ec_product_files_product_id_index` (`product_id`)
) ENGINE=InnoDB AUTO_INCREMENT=14 DEFAULT CHARSET=utf8mb4 COLLATE=utf8mb4_unicode_ci;

--
-- Dumping data for table `ec_product_files`
--

INSERT INTO `ec_product_files` VALUES (1,9,'product-files/1.jpg','{\"filename\":\"1.jpg\",\"url\":\"product-files\\/1.jpg\",\"mime_type\":\"image\\/jpeg\",\"size\":2165,\"modified\":\"2023-09-26 23:38:08\",\"name\":\"1\",\"extension\":\"jpg\"}','2023-09-26 16:38:08','2023-09-26 16:38:08'),(2,9,'product-files/1-1.jpg','{\"filename\":\"1-1.jpg\",\"url\":\"product-files\\/1-1.jpg\",\"mime_type\":\"image\\/jpeg\",\"size\":2165,\"modified\":\"2023-09-26 23:38:08\",\"name\":\"1-1\",\"extension\":\"jpg\"}','2023-09-26 16:38:08','2023-09-26 16:38:08'),(3,10,'product-files/1.jpg','{\"filename\":\"1.jpg\",\"url\":\"product-files\\/1.jpg\",\"mime_type\":\"image\\/jpeg\",\"size\":2165,\"modified\":\"2023-09-26 23:38:08\",\"name\":\"1\",\"extension\":\"jpg\"}','2023-09-26 16:38:08','2023-09-26 16:38:08'),(4,10,'product-files/1-1.jpg','{\"filename\":\"1-1.jpg\",\"url\":\"product-files\\/1-1.jpg\",\"mime_type\":\"image\\/jpeg\",\"size\":2165,\"modified\":\"2023-09-26 23:38:08\",\"name\":\"1-1\",\"extension\":\"jpg\"}','2023-09-26 16:38:08','2023-09-26 16:38:08'),(5,19,'product-files/5.jpg','{\"filename\":\"5.jpg\",\"url\":\"product-files\\/5.jpg\",\"mime_type\":\"image\\/jpeg\",\"size\":2165,\"modified\":\"2023-09-26 23:38:08\",\"name\":\"5\",\"extension\":\"jpg\"}','2023-09-26 16:38:08','2023-09-26 16:38:08'),(6,19,'product-files/5-1.jpg','{\"filename\":\"5-1.jpg\",\"url\":\"product-files\\/5-1.jpg\",\"mime_type\":\"image\\/jpeg\",\"size\":2165,\"modified\":\"2023-09-26 23:38:08\",\"name\":\"5-1\",\"extension\":\"jpg\"}','2023-09-26 16:38:08','2023-09-26 16:38:08'),(7,19,'product-files/5-2.jpg','{\"filename\":\"5-2.jpg\",\"url\":\"product-files\\/5-2.jpg\",\"mime_type\":\"image\\/jpeg\",\"size\":2165,\"modified\":\"2023-09-26 23:38:08\",\"name\":\"5-2\",\"extension\":\"jpg\"}','2023-09-26 16:38:08','2023-09-26 16:38:08'),(8,20,'product-files/5.jpg','{\"filename\":\"5.jpg\",\"url\":\"product-files\\/5.jpg\",\"mime_type\":\"image\\/jpeg\",\"size\":2165,\"modified\":\"2023-09-26 23:38:08\",\"name\":\"5\",\"extension\":\"jpg\"}','2023-09-26 16:38:08','2023-09-26 16:38:08'),(9,20,'product-files/5-1.jpg','{\"filename\":\"5-1.jpg\",\"url\":\"product-files\\/5-1.jpg\",\"mime_type\":\"image\\/jpeg\",\"size\":2165,\"modified\":\"2023-09-26 23:38:08\",\"name\":\"5-1\",\"extension\":\"jpg\"}','2023-09-26 16:38:08','2023-09-26 16:38:08'),(10,20,'product-files/5-2.jpg','{\"filename\":\"5-2.jpg\",\"url\":\"product-files\\/5-2.jpg\",\"mime_type\":\"image\\/jpeg\",\"size\":2165,\"modified\":\"2023-09-26 23:38:08\",\"name\":\"5-2\",\"extension\":\"jpg\"}','2023-09-26 16:38:08','2023-09-26 16:38:08'),(11,21,'product-files/5.jpg','{\"filename\":\"5.jpg\",\"url\":\"product-files\\/5.jpg\",\"mime_type\":\"image\\/jpeg\",\"size\":2165,\"modified\":\"2023-09-26 23:38:08\",\"name\":\"5\",\"extension\":\"jpg\"}','2023-09-26 16:38:08','2023-09-26 16:38:08'),(12,21,'product-files/5-1.jpg','{\"filename\":\"5-1.jpg\",\"url\":\"product-files\\/5-1.jpg\",\"mime_type\":\"image\\/jpeg\",\"size\":2165,\"modified\":\"2023-09-26 23:38:08\",\"name\":\"5-1\",\"extension\":\"jpg\"}','2023-09-26 16:38:08','2023-09-26 16:38:08'),(13,21,'product-files/5-2.jpg','{\"filename\":\"5-2.jpg\",\"url\":\"product-files\\/5-2.jpg\",\"mime_type\":\"image\\/jpeg\",\"size\":2165,\"modified\":\"2023-09-26 23:38:08\",\"name\":\"5-2\",\"extension\":\"jpg\"}','2023-09-26 16:38:08','2023-09-26 16:38:08');

--
-- Table structure for table `ec_product_label_products`
--

CREATE TABLE `ec_product_label_products` (
  `product_label_id` bigint unsigned NOT NULL,
  `product_id` bigint unsigned NOT NULL,
  PRIMARY KEY (`product_label_id`,`product_id`),
  KEY `ec_product_label_products_product_label_id_index` (`product_label_id`),
  KEY `ec_product_label_products_product_id_index` (`product_id`)
) ENGINE=InnoDB DEFAULT CHARSET=utf8mb4 COLLATE=utf8mb4_unicode_ci;

--
-- Dumping data for table `ec_product_label_products`
--

INSERT INTO `ec_product_label_products` VALUES (1,7);

--
-- Table structure for table `ec_product_labels`
--

CREATE TABLE `ec_product_labels` (
  `id` bigint unsigned NOT NULL AUTO_INCREMENT,
  `name` varchar(255) COLLATE utf8mb4_unicode_ci NOT NULL,
  `color` varchar(120) COLLATE utf8mb4_unicode_ci DEFAULT NULL,
  `status` varchar(60) COLLATE utf8mb4_unicode_ci NOT NULL DEFAULT 'published',
  `created_at` timestamp NULL DEFAULT NULL,
  `updated_at` timestamp NULL DEFAULT NULL,
  PRIMARY KEY (`id`)
) ENGINE=InnoDB AUTO_INCREMENT=4 DEFAULT CHARSET=utf8mb4 COLLATE=utf8mb4_unicode_ci;

--
-- Dumping data for table `ec_product_labels`
--

INSERT INTO `ec_product_labels` VALUES (1,'Hot','#ec2434','published','2023-09-26 16:38:07','2023-09-26 16:38:07'),(2,'New','#00c9a7','published','2023-09-26 16:38:07','2023-09-26 16:38:07'),(3,'Sale','#fe9931','published','2023-09-26 16:38:07','2023-09-26 16:38:07');

--
-- Table structure for table `ec_product_labels_translations`
--

CREATE TABLE `ec_product_labels_translations` (
  `lang_code` varchar(191) COLLATE utf8mb4_unicode_ci NOT NULL,
  `ec_product_labels_id` bigint unsigned NOT NULL,
  `name` varchar(191) COLLATE utf8mb4_unicode_ci DEFAULT NULL,
  `description` varchar(191) COLLATE utf8mb4_unicode_ci DEFAULT NULL,
  PRIMARY KEY (`lang_code`,`ec_product_labels_id`)
) ENGINE=InnoDB DEFAULT CHARSET=utf8mb4 COLLATE=utf8mb4_unicode_ci;

--
-- Dumping data for table `ec_product_labels_translations`
--


--
-- Table structure for table `ec_product_related_relations`
--

CREATE TABLE `ec_product_related_relations` (
  `from_product_id` bigint unsigned NOT NULL,
  `to_product_id` bigint unsigned NOT NULL,
  PRIMARY KEY (`from_product_id`,`to_product_id`),
  KEY `ec_product_related_relations_from_product_id_index` (`from_product_id`),
  KEY `ec_product_related_relations_to_product_id_index` (`to_product_id`)
) ENGINE=InnoDB DEFAULT CHARSET=utf8mb4 COLLATE=utf8mb4_unicode_ci;

--
-- Dumping data for table `ec_product_related_relations`
--


--
-- Table structure for table `ec_product_tag_product`
--

CREATE TABLE `ec_product_tag_product` (
  `product_id` bigint unsigned NOT NULL,
  `tag_id` bigint unsigned NOT NULL,
  PRIMARY KEY (`product_id`,`tag_id`),
  KEY `ec_product_tag_product_product_id_index` (`product_id`),
  KEY `ec_product_tag_product_tag_id_index` (`tag_id`)
) ENGINE=InnoDB DEFAULT CHARSET=utf8mb4 COLLATE=utf8mb4_unicode_ci;

--
-- Dumping data for table `ec_product_tag_product`
--

INSERT INTO `ec_product_tag_product` VALUES (1,3),(1,4),(2,1),(2,4),(2,6),(3,1),(3,6),(4,4),(4,5),(5,1),(5,6),(6,1),(6,2),(6,4),(7,2),(7,3),(8,2),(8,5);

--
-- Table structure for table `ec_product_tags`
--

CREATE TABLE `ec_product_tags` (
  `id` bigint unsigned NOT NULL AUTO_INCREMENT,
  `name` varchar(120) COLLATE utf8mb4_unicode_ci NOT NULL,
  `description` varchar(400) COLLATE utf8mb4_unicode_ci DEFAULT NULL,
  `status` varchar(60) COLLATE utf8mb4_unicode_ci NOT NULL DEFAULT 'published',
  `created_at` timestamp NULL DEFAULT NULL,
  `updated_at` timestamp NULL DEFAULT NULL,
  PRIMARY KEY (`id`)
) ENGINE=InnoDB AUTO_INCREMENT=6 DEFAULT CHARSET=utf8mb4 COLLATE=utf8mb4_unicode_ci;

--
-- Dumping data for table `ec_product_tags`
--

INSERT INTO `ec_product_tags` VALUES (1,'Wallet',NULL,'published','2023-09-26 16:38:07','2023-09-26 16:38:07'),(2,'Bags',NULL,'published','2023-09-26 16:38:07','2023-09-26 16:38:07'),(3,'Shoes',NULL,'published','2023-09-26 16:38:07','2023-09-26 16:38:07'),(4,'Clothes',NULL,'published','2023-09-26 16:38:07','2023-09-26 16:38:07'),(5,'Hand bag',NULL,'published','2023-09-26 16:38:07','2023-09-26 16:38:07');

--
-- Table structure for table `ec_product_tags_translations`
--

CREATE TABLE `ec_product_tags_translations` (
  `lang_code` varchar(191) COLLATE utf8mb4_unicode_ci NOT NULL,
  `ec_product_tags_id` bigint unsigned NOT NULL,
  `name` varchar(191) COLLATE utf8mb4_unicode_ci DEFAULT NULL,
  PRIMARY KEY (`lang_code`,`ec_product_tags_id`)
) ENGINE=InnoDB DEFAULT CHARSET=utf8mb4 COLLATE=utf8mb4_unicode_ci;

--
-- Dumping data for table `ec_product_tags_translations`
--


--
-- Table structure for table `ec_product_up_sale_relations`
--

CREATE TABLE `ec_product_up_sale_relations` (
  `from_product_id` bigint unsigned NOT NULL,
  `to_product_id` bigint unsigned NOT NULL,
  PRIMARY KEY (`from_product_id`,`to_product_id`),
  KEY `ec_product_up_sale_relations_from_product_id_index` (`from_product_id`),
  KEY `ec_product_up_sale_relations_to_product_id_index` (`to_product_id`)
) ENGINE=InnoDB DEFAULT CHARSET=utf8mb4 COLLATE=utf8mb4_unicode_ci;

--
-- Dumping data for table `ec_product_up_sale_relations`
--


--
-- Table structure for table `ec_product_variation_items`
--

CREATE TABLE `ec_product_variation_items` (
  `id` bigint unsigned NOT NULL AUTO_INCREMENT,
  `attribute_id` bigint unsigned NOT NULL,
  `variation_id` bigint unsigned NOT NULL,
  PRIMARY KEY (`id`),
  KEY `ec_product_variation_items_attribute_id_variation_id_index` (`attribute_id`,`variation_id`)
) ENGINE=InnoDB AUTO_INCREMENT=37 DEFAULT CHARSET=utf8mb4 COLLATE=utf8mb4_unicode_ci;

--
-- Dumping data for table `ec_product_variation_items`
--

INSERT INTO `ec_product_variation_items` VALUES (13,1,7),(15,1,8),(23,1,12),(21,2,11),(25,2,13),(1,3,1),(3,3,2),(11,3,6),(19,3,10),(27,3,14),(29,3,15),(31,3,16),(5,4,3),(7,4,4),(17,4,9),(33,4,17),(9,5,5),(35,5,18),(2,6,1),(16,6,8),(22,6,11),(32,6,16),(34,6,17),(20,7,10),(26,7,13),(12,8,6),(18,8,9),(28,8,14),(30,8,15),(4,9,2),(6,9,3),(10,9,5),(14,9,7),(24,9,12),(36,9,18),(8,10,4);

--
-- Table structure for table `ec_product_variations`
--

CREATE TABLE `ec_product_variations` (
  `id` bigint unsigned NOT NULL AUTO_INCREMENT,
  `product_id` bigint unsigned DEFAULT NULL,
  `configurable_product_id` bigint unsigned NOT NULL,
  `is_default` tinyint NOT NULL DEFAULT '0',
  PRIMARY KEY (`id`),
  KEY `ec_product_variations_product_id_configurable_product_id_index` (`product_id`,`configurable_product_id`)
) ENGINE=InnoDB AUTO_INCREMENT=19 DEFAULT CHARSET=utf8mb4 COLLATE=utf8mb4_unicode_ci;

--
-- Dumping data for table `ec_product_variations`
--

INSERT INTO `ec_product_variations` VALUES (1,9,1,1),(2,10,1,0),(3,11,2,1),(4,12,2,0),(5,13,2,0),(6,14,3,1),(7,15,3,0),(8,16,4,1),(9,17,4,0),(10,18,4,0),(11,19,5,1),(12,20,5,0),(13,21,5,0),(14,22,6,1),(15,23,6,0),(16,24,7,1),(17,25,7,0),(18,26,8,1);

--
-- Table structure for table `ec_product_views`
--

CREATE TABLE `ec_product_views` (
  `id` bigint unsigned NOT NULL AUTO_INCREMENT,
  `product_id` bigint unsigned NOT NULL,
  `views` int NOT NULL DEFAULT '1',
  `date` date NOT NULL DEFAULT '2023-09-26',
  PRIMARY KEY (`id`),
  UNIQUE KEY `ec_product_views_product_id_date_unique` (`product_id`,`date`),
  KEY `ec_product_views_product_id_index` (`product_id`)
) ENGINE=InnoDB DEFAULT CHARSET=utf8mb4 COLLATE=utf8mb4_unicode_ci;

--
-- Dumping data for table `ec_product_views`
--


--
-- Table structure for table `ec_product_with_attribute_set`
--

CREATE TABLE `ec_product_with_attribute_set` (
  `attribute_set_id` bigint unsigned NOT NULL,
  `product_id` bigint unsigned NOT NULL,
  `order` tinyint unsigned NOT NULL DEFAULT '0',
  PRIMARY KEY (`product_id`,`attribute_set_id`)
) ENGINE=InnoDB DEFAULT CHARSET=utf8mb4 COLLATE=utf8mb4_unicode_ci;

--
-- Dumping data for table `ec_product_with_attribute_set`
--

INSERT INTO `ec_product_with_attribute_set` VALUES (1,1,0),(2,1,0),(1,2,0),(2,2,0),(1,3,0),(2,3,0),(1,4,0),(2,4,0),(1,5,0),(2,5,0),(1,6,0),(2,6,0),(1,7,0),(2,7,0),(1,8,0),(2,8,0);

--
-- Table structure for table `ec_products`
--

CREATE TABLE `ec_products` (
  `id` bigint unsigned NOT NULL AUTO_INCREMENT,
  `name` varchar(191) COLLATE utf8mb4_unicode_ci NOT NULL,
  `description` text COLLATE utf8mb4_unicode_ci,
  `content` longtext COLLATE utf8mb4_unicode_ci,
  `status` varchar(60) COLLATE utf8mb4_unicode_ci NOT NULL DEFAULT 'published',
  `images` text COLLATE utf8mb4_unicode_ci,
  `sku` varchar(191) COLLATE utf8mb4_unicode_ci DEFAULT NULL,
  `order` int unsigned NOT NULL DEFAULT '0',
  `quantity` int unsigned DEFAULT NULL,
  `allow_checkout_when_out_of_stock` tinyint unsigned NOT NULL DEFAULT '0',
  `with_storehouse_management` tinyint unsigned NOT NULL DEFAULT '0',
  `is_featured` tinyint unsigned NOT NULL DEFAULT '0',
  `brand_id` bigint unsigned DEFAULT NULL,
  `is_variation` tinyint NOT NULL DEFAULT '0',
  `sale_type` tinyint NOT NULL DEFAULT '0',
  `price` double unsigned DEFAULT NULL,
  `sale_price` double unsigned DEFAULT NULL,
  `start_date` timestamp NULL DEFAULT NULL,
  `end_date` timestamp NULL DEFAULT NULL,
  `length` double(8,2) DEFAULT NULL,
  `wide` double(8,2) DEFAULT NULL,
  `height` double(8,2) DEFAULT NULL,
  `weight` double(8,2) DEFAULT NULL,
  `tax_id` bigint unsigned DEFAULT NULL,
  `views` bigint NOT NULL DEFAULT '0',
  `created_at` timestamp NULL DEFAULT NULL,
  `updated_at` timestamp NULL DEFAULT NULL,
  `stock_status` varchar(191) COLLATE utf8mb4_unicode_ci DEFAULT 'in_stock',
  `created_by_id` bigint unsigned DEFAULT '0',
  `created_by_type` varchar(255) COLLATE utf8mb4_unicode_ci NOT NULL DEFAULT 'Botble\\ACL\\Models\\User',
  `image` varchar(255) COLLATE utf8mb4_unicode_ci DEFAULT NULL,
  `product_type` varchar(60) COLLATE utf8mb4_unicode_ci DEFAULT 'physical',
  `barcode` varchar(50) CHARACTER SET utf8mb4 COLLATE utf8mb4_unicode_ci DEFAULT NULL,
  `cost_per_item` double DEFAULT NULL,
  `generate_license_code` tinyint(1) NOT NULL DEFAULT '0',
  PRIMARY KEY (`id`),
  KEY `ec_products_brand_id_status_is_variation_created_at_index` (`brand_id`,`status`,`is_variation`,`created_at`),
  KEY `ec_products_sale_type_index` (`sale_type`),
  KEY `ec_products_start_date_index` (`start_date`),
  KEY `ec_products_end_date_index` (`end_date`),
  KEY `ec_products_sale_price_index` (`sale_price`),
  KEY `ec_products_is_variation_index` (`is_variation`),
  KEY `ec_products_sku_index` (`sku`)
) ENGINE=InnoDB AUTO_INCREMENT=27 DEFAULT CHARSET=utf8mb4 COLLATE=utf8mb4_unicode_ci;

--
-- Dumping data for table `ec_products`
--

INSERT INTO `ec_products` VALUES (1,'Wallet handmade','<p>Short Hooded Coat features a straight body, large pockets with button flaps, ventilation air holes, and a string detail along the hemline.</p>','<p>Short Hooded Coat features a straight body, large pockets with button flaps, ventilation air holes, and a string detail along the hemline. The style is completed with a drawstring hood, featuring Rains’ signature built-in cap. Made from waterproof, matte PU, this lightweight unisex rain jacket is an ode to nostalgia through its classic silhouette and utilitarian design details.</p>\n                                <p>- Casual unisex fit</p>\n\n                                <p>- 64% polyester, 36% polyurethane</p>\n\n                                <p>- Water column pressure: 4000 mm</p>\n\n                                <p>- Model is 187cm tall and wearing a size S / M</p>\n\n                                <p>- Unisex fit</p>\n\n                                <p>- Drawstring hood with built-in cap</p>\n\n                                <p>- Front placket with snap buttons</p>\n\n                                <p>- Ventilation under armpit</p>\n\n                                <p>- Adjustable cuffs</p>\n\n                                <p>- Double welted front pockets</p>\n\n                                <p>- Adjustable elastic string at hempen</p>\n\n                                <p>- Ultrasonically welded seams</p>\n\n                                <p>This is a unisex item, please check our clothing &amp; footwear sizing guide for specific Rains jacket sizing information. RAINS comes from the rainy nation of Denmark at the edge of the European continent, close to the ocean and with prevailing westerly winds; all factors that contribute to an average of 121 rain days each year. Arising from these rainy weather conditions comes the attitude that a quick rain shower may be beautiful, as well as moody- but first and foremost requires the right outfit. Rains focus on the whole experience of going outside on rainy days, issuing an invitation to explore even in the most mercurial weather.</p>','published','[\"products\\/1.jpg\",\"products\\/1-1.jpg\"]','HS-186-A0',0,18,0,1,1,6,0,0,245,NULL,NULL,NULL,13.00,16.00,10.00,731.00,NULL,79867,'2023-09-26 16:38:08','2023-09-26 16:38:08','in_stock',0,'Botble\\ACL\\Models\\User',NULL,'digital',NULL,NULL,0),(2,'Clutch handmade','<p>Short Hooded Coat features a straight body, large pockets with button flaps, ventilation air holes, and a string detail along the hemline.</p>','<p>Short Hooded Coat features a straight body, large pockets with button flaps, ventilation air holes, and a string detail along the hemline. The style is completed with a drawstring hood, featuring Rains’ signature built-in cap. Made from waterproof, matte PU, this lightweight unisex rain jacket is an ode to nostalgia through its classic silhouette and utilitarian design details.</p>\n                                <p>- Casual unisex fit</p>\n\n                                <p>- 64% polyester, 36% polyurethane</p>\n\n                                <p>- Water column pressure: 4000 mm</p>\n\n                                <p>- Model is 187cm tall and wearing a size S / M</p>\n\n                                <p>- Unisex fit</p>\n\n                                <p>- Drawstring hood with built-in cap</p>\n\n                                <p>- Front placket with snap buttons</p>\n\n                                <p>- Ventilation under armpit</p>\n\n                                <p>- Adjustable cuffs</p>\n\n                                <p>- Double welted front pockets</p>\n\n                                <p>- Adjustable elastic string at hempen</p>\n\n                                <p>- Ultrasonically welded seams</p>\n\n                                <p>This is a unisex item, please check our clothing &amp; footwear sizing guide for specific Rains jacket sizing information. RAINS comes from the rainy nation of Denmark at the edge of the European continent, close to the ocean and with prevailing westerly winds; all factors that contribute to an average of 121 rain days each year. Arising from these rainy weather conditions comes the attitude that a quick rain shower may be beautiful, as well as moody- but first and foremost requires the right outfit. Rains focus on the whole experience of going outside on rainy days, issuing an invitation to explore even in the most mercurial weather.</p>','published','[\"products\\/2.jpg\",\"products\\/2-1.jpg\",\"products\\/2-2.jpg\",\"products\\/2-3.jpg\"]','HS-103-A0',0,14,0,1,1,4,0,0,348,NULL,NULL,NULL,17.00,17.00,19.00,868.00,NULL,88360,'2023-09-26 16:38:08','2023-09-26 16:38:08','in_stock',0,'Botble\\ACL\\Models\\User',NULL,'physical',NULL,NULL,0),(3,'Gucci Zip Around Wallet','<p>Short Hooded Coat features a straight body, large pockets with button flaps, ventilation air holes, and a string detail along the hemline.</p>','<p>Short Hooded Coat features a straight body, large pockets with button flaps, ventilation air holes, and a string detail along the hemline. The style is completed with a drawstring hood, featuring Rains’ signature built-in cap. Made from waterproof, matte PU, this lightweight unisex rain jacket is an ode to nostalgia through its classic silhouette and utilitarian design details.</p>\n                                <p>- Casual unisex fit</p>\n\n                                <p>- 64% polyester, 36% polyurethane</p>\n\n                                <p>- Water column pressure: 4000 mm</p>\n\n                                <p>- Model is 187cm tall and wearing a size S / M</p>\n\n                                <p>- Unisex fit</p>\n\n                                <p>- Drawstring hood with built-in cap</p>\n\n                                <p>- Front placket with snap buttons</p>\n\n                                <p>- Ventilation under armpit</p>\n\n                                <p>- Adjustable cuffs</p>\n\n                                <p>- Double welted front pockets</p>\n\n                                <p>- Adjustable elastic string at hempen</p>\n\n                                <p>- Ultrasonically welded seams</p>\n\n                                <p>This is a unisex item, please check our clothing &amp; footwear sizing guide for specific Rains jacket sizing information. RAINS comes from the rainy nation of Denmark at the edge of the European continent, close to the ocean and with prevailing westerly winds; all factors that contribute to an average of 121 rain days each year. Arising from these rainy weather conditions comes the attitude that a quick rain shower may be beautiful, as well as moody- but first and foremost requires the right outfit. Rains focus on the whole experience of going outside on rainy days, issuing an invitation to explore even in the most mercurial weather.</p>','published','[\"products\\/3.jpg\",\"products\\/3-1.jpg\",\"products\\/3-2.jpg\",\"products\\/3-3.jpg\"]','HS-184-A0',0,19,0,1,1,3,0,0,345,NULL,NULL,NULL,18.00,12.00,12.00,776.00,NULL,3361,'2023-09-26 16:38:08','2023-09-26 16:38:08','in_stock',0,'Botble\\ACL\\Models\\User',NULL,'physical',NULL,NULL,0),(4,'Snapshot Standard','<p>Short Hooded Coat features a straight body, large pockets with button flaps, ventilation air holes, and a string detail along the hemline.</p>','<p>Short Hooded Coat features a straight body, large pockets with button flaps, ventilation air holes, and a string detail along the hemline. The style is completed with a drawstring hood, featuring Rains’ signature built-in cap. Made from waterproof, matte PU, this lightweight unisex rain jacket is an ode to nostalgia through its classic silhouette and utilitarian design details.</p>\n                                <p>- Casual unisex fit</p>\n\n                                <p>- 64% polyester, 36% polyurethane</p>\n\n                                <p>- Water column pressure: 4000 mm</p>\n\n                                <p>- Model is 187cm tall and wearing a size S / M</p>\n\n                                <p>- Unisex fit</p>\n\n                                <p>- Drawstring hood with built-in cap</p>\n\n                                <p>- Front placket with snap buttons</p>\n\n                                <p>- Ventilation under armpit</p>\n\n                                <p>- Adjustable cuffs</p>\n\n                                <p>- Double welted front pockets</p>\n\n                                <p>- Adjustable elastic string at hempen</p>\n\n                                <p>- Ultrasonically welded seams</p>\n\n                                <p>This is a unisex item, please check our clothing &amp; footwear sizing guide for specific Rains jacket sizing information. RAINS comes from the rainy nation of Denmark at the edge of the European continent, close to the ocean and with prevailing westerly winds; all factors that contribute to an average of 121 rain days each year. Arising from these rainy weather conditions comes the attitude that a quick rain shower may be beautiful, as well as moody- but first and foremost requires the right outfit. Rains focus on the whole experience of going outside on rainy days, issuing an invitation to explore even in the most mercurial weather.</p>','published','[\"products\\/4.jpg\",\"products\\/4-1.jpg\",\"products\\/4-2.jpg\"]','HS-125-A0',0,14,0,1,1,6,0,0,479,407.15,NULL,NULL,14.00,13.00,18.00,586.00,NULL,189385,'2023-09-26 16:38:08','2023-09-26 16:38:08','in_stock',0,'Botble\\ACL\\Models\\User',NULL,'physical',NULL,NULL,0),(5,'Joan Mini Camera Bag','<p>Short Hooded Coat features a straight body, large pockets with button flaps, ventilation air holes, and a string detail along the hemline.</p>','<p>Short Hooded Coat features a straight body, large pockets with button flaps, ventilation air holes, and a string detail along the hemline. The style is completed with a drawstring hood, featuring Rains’ signature built-in cap. Made from waterproof, matte PU, this lightweight unisex rain jacket is an ode to nostalgia through its classic silhouette and utilitarian design details.</p>\n                                <p>- Casual unisex fit</p>\n\n                                <p>- 64% polyester, 36% polyurethane</p>\n\n                                <p>- Water column pressure: 4000 mm</p>\n\n                                <p>- Model is 187cm tall and wearing a size S / M</p>\n\n                                <p>- Unisex fit</p>\n\n                                <p>- Drawstring hood with built-in cap</p>\n\n                                <p>- Front placket with snap buttons</p>\n\n                                <p>- Ventilation under armpit</p>\n\n                                <p>- Adjustable cuffs</p>\n\n                                <p>- Double welted front pockets</p>\n\n                                <p>- Adjustable elastic string at hempen</p>\n\n                                <p>- Ultrasonically welded seams</p>\n\n                                <p>This is a unisex item, please check our clothing &amp; footwear sizing guide for specific Rains jacket sizing information. RAINS comes from the rainy nation of Denmark at the edge of the European continent, close to the ocean and with prevailing westerly winds; all factors that contribute to an average of 121 rain days each year. Arising from these rainy weather conditions comes the attitude that a quick rain shower may be beautiful, as well as moody- but first and foremost requires the right outfit. Rains focus on the whole experience of going outside on rainy days, issuing an invitation to explore even in the most mercurial weather.</p>','published','[\"products\\/5.jpg\",\"products\\/5-1.jpg\",\"products\\/5-2.jpg\"]','HS-173-A0',0,14,0,1,1,1,0,0,73,NULL,NULL,NULL,13.00,16.00,16.00,555.00,NULL,37921,'2023-09-26 16:38:08','2023-09-26 16:38:08','in_stock',0,'Botble\\ACL\\Models\\User',NULL,'digital',NULL,NULL,0),(6,'Cyan Boheme','<p>Short Hooded Coat features a straight body, large pockets with button flaps, ventilation air holes, and a string detail along the hemline.</p>','<p>Short Hooded Coat features a straight body, large pockets with button flaps, ventilation air holes, and a string detail along the hemline. The style is completed with a drawstring hood, featuring Rains’ signature built-in cap. Made from waterproof, matte PU, this lightweight unisex rain jacket is an ode to nostalgia through its classic silhouette and utilitarian design details.</p>\n                                <p>- Casual unisex fit</p>\n\n                                <p>- 64% polyester, 36% polyurethane</p>\n\n                                <p>- Water column pressure: 4000 mm</p>\n\n                                <p>- Model is 187cm tall and wearing a size S / M</p>\n\n                                <p>- Unisex fit</p>\n\n                                <p>- Drawstring hood with built-in cap</p>\n\n                                <p>- Front placket with snap buttons</p>\n\n                                <p>- Ventilation under armpit</p>\n\n                                <p>- Adjustable cuffs</p>\n\n                                <p>- Double welted front pockets</p>\n\n                                <p>- Adjustable elastic string at hempen</p>\n\n                                <p>- Ultrasonically welded seams</p>\n\n                                <p>This is a unisex item, please check our clothing &amp; footwear sizing guide for specific Rains jacket sizing information. RAINS comes from the rainy nation of Denmark at the edge of the European continent, close to the ocean and with prevailing westerly winds; all factors that contribute to an average of 121 rain days each year. Arising from these rainy weather conditions comes the attitude that a quick rain shower may be beautiful, as well as moody- but first and foremost requires the right outfit. Rains focus on the whole experience of going outside on rainy days, issuing an invitation to explore even in the most mercurial weather.</p>','published','[\"products\\/6.jpg\",\"products\\/6-1.jpg\"]','HS-193-A0',0,10,0,1,1,1,0,0,47,NULL,NULL,NULL,18.00,19.00,17.00,708.00,NULL,82736,'2023-09-26 16:38:08','2023-09-26 16:38:08','in_stock',0,'Botble\\ACL\\Models\\User',NULL,'physical',NULL,NULL,0),(7,'The Marc Jacobs','<p>Short Hooded Coat features a straight body, large pockets with button flaps, ventilation air holes, and a string detail along the hemline.</p>','<p>Short Hooded Coat features a straight body, large pockets with button flaps, ventilation air holes, and a string detail along the hemline. The style is completed with a drawstring hood, featuring Rains’ signature built-in cap. Made from waterproof, matte PU, this lightweight unisex rain jacket is an ode to nostalgia through its classic silhouette and utilitarian design details.</p>\n                                <p>- Casual unisex fit</p>\n\n                                <p>- 64% polyester, 36% polyurethane</p>\n\n                                <p>- Water column pressure: 4000 mm</p>\n\n                                <p>- Model is 187cm tall and wearing a size S / M</p>\n\n                                <p>- Unisex fit</p>\n\n                                <p>- Drawstring hood with built-in cap</p>\n\n                                <p>- Front placket with snap buttons</p>\n\n                                <p>- Ventilation under armpit</p>\n\n                                <p>- Adjustable cuffs</p>\n\n                                <p>- Double welted front pockets</p>\n\n                                <p>- Adjustable elastic string at hempen</p>\n\n                                <p>- Ultrasonically welded seams</p>\n\n                                <p>This is a unisex item, please check our clothing &amp; footwear sizing guide for specific Rains jacket sizing information. RAINS comes from the rainy nation of Denmark at the edge of the European continent, close to the ocean and with prevailing westerly winds; all factors that contribute to an average of 121 rain days each year. Arising from these rainy weather conditions comes the attitude that a quick rain shower may be beautiful, as well as moody- but first and foremost requires the right outfit. Rains focus on the whole experience of going outside on rainy days, issuing an invitation to explore even in the most mercurial weather.</p>','published','[\"products\\/7.jpg\",\"products\\/7-1.jpg\",\"products\\/7-2.jpg\"]','HS-132-A0',0,12,0,1,1,5,0,0,59,NULL,NULL,NULL,14.00,14.00,18.00,669.00,NULL,36537,'2023-09-26 16:38:08','2023-09-26 16:38:08','in_stock',0,'Botble\\ACL\\Models\\User',NULL,'physical',NULL,NULL,0),(8,'Round Cross body Bag','<p>Short Hooded Coat features a straight body, large pockets with button flaps, ventilation air holes, and a string detail along the hemline.</p>','<p>Short Hooded Coat features a straight body, large pockets with button flaps, ventilation air holes, and a string detail along the hemline. The style is completed with a drawstring hood, featuring Rains’ signature built-in cap. Made from waterproof, matte PU, this lightweight unisex rain jacket is an ode to nostalgia through its classic silhouette and utilitarian design details.</p>\n                                <p>- Casual unisex fit</p>\n\n                                <p>- 64% polyester, 36% polyurethane</p>\n\n                                <p>- Water column pressure: 4000 mm</p>\n\n                                <p>- Model is 187cm tall and wearing a size S / M</p>\n\n                                <p>- Unisex fit</p>\n\n                                <p>- Drawstring hood with built-in cap</p>\n\n                                <p>- Front placket with snap buttons</p>\n\n                                <p>- Ventilation under armpit</p>\n\n                                <p>- Adjustable cuffs</p>\n\n                                <p>- Double welted front pockets</p>\n\n                                <p>- Adjustable elastic string at hempen</p>\n\n                                <p>- Ultrasonically welded seams</p>\n\n                                <p>This is a unisex item, please check our clothing &amp; footwear sizing guide for specific Rains jacket sizing information. RAINS comes from the rainy nation of Denmark at the edge of the European continent, close to the ocean and with prevailing westerly winds; all factors that contribute to an average of 121 rain days each year. Arising from these rainy weather conditions comes the attitude that a quick rain shower may be beautiful, as well as moody- but first and foremost requires the right outfit. Rains focus on the whole experience of going outside on rainy days, issuing an invitation to explore even in the most mercurial weather.</p>','published','[\"products\\/8.jpg\"]','HS-185-A0',0,19,0,1,1,5,0,0,118,93.22,NULL,NULL,14.00,14.00,12.00,621.00,NULL,84778,'2023-09-26 16:38:08','2023-09-26 16:38:09','in_stock',0,'Botble\\ACL\\Models\\User',NULL,'physical',NULL,NULL,0),(9,'Wallet handmade',NULL,NULL,'published','[\"products\\/1.jpg\"]','HS-186-A0',0,18,0,1,0,6,1,0,245,NULL,NULL,NULL,13.00,16.00,10.00,731.00,NULL,0,'2023-09-26 16:38:08','2023-09-26 16:38:08','in_stock',0,'Botble\\ACL\\Models\\User',NULL,'digital',NULL,NULL,0),(10,'Wallet handmade',NULL,NULL,'published','[\"products\\/1-1.jpg\"]','HS-186-A0-A1',0,18,0,1,0,6,1,0,245,NULL,NULL,NULL,13.00,16.00,10.00,731.00,NULL,0,'2023-09-26 16:38:08','2023-09-26 16:38:08','in_stock',0,'Botble\\ACL\\Models\\User',NULL,'digital',NULL,NULL,0),(11,'Clutch handmade',NULL,NULL,'published','[\"products\\/2.jpg\"]','HS-103-A0',0,14,0,1,0,4,1,0,348,NULL,NULL,NULL,17.00,17.00,19.00,868.00,NULL,0,'2023-09-26 16:38:08','2023-09-26 16:38:08','in_stock',0,'Botble\\ACL\\Models\\User',NULL,'physical',NULL,NULL,0),(12,'Clutch handmade',NULL,NULL,'published','[\"products\\/2-1.jpg\"]','HS-103-A0-A1',0,14,0,1,0,4,1,0,348,NULL,NULL,NULL,17.00,17.00,19.00,868.00,NULL,0,'2023-09-26 16:38:08','2023-09-26 16:38:08','in_stock',0,'Botble\\ACL\\Models\\User',NULL,'physical',NULL,NULL,0),(13,'Clutch handmade',NULL,NULL,'published','[\"products\\/2-2.jpg\"]','HS-103-A0-A2',0,14,0,1,0,4,1,0,348,NULL,NULL,NULL,17.00,17.00,19.00,868.00,NULL,0,'2023-09-26 16:38:08','2023-09-26 16:38:08','in_stock',0,'Botble\\ACL\\Models\\User',NULL,'physical',NULL,NULL,0),(14,'Gucci Zip Around Wallet',NULL,NULL,'published','[\"products\\/3.jpg\"]','HS-184-A0',0,19,0,1,0,3,1,0,345,NULL,NULL,NULL,18.00,12.00,12.00,776.00,NULL,0,'2023-09-26 16:38:08','2023-09-26 16:38:08','in_stock',0,'Botble\\ACL\\Models\\User',NULL,'physical',NULL,NULL,0),(15,'Gucci Zip Around Wallet',NULL,NULL,'published','[\"products\\/3-1.jpg\"]','HS-184-A0-A1',0,19,0,1,0,3,1,0,345,NULL,NULL,NULL,18.00,12.00,12.00,776.00,NULL,0,'2023-09-26 16:38:08','2023-09-26 16:38:08','in_stock',0,'Botble\\ACL\\Models\\User',NULL,'physical',NULL,NULL,0),(16,'Snapshot Standard',NULL,NULL,'published','[\"products\\/4.jpg\"]','HS-125-A0',0,14,0,1,0,6,1,0,479,407.15,NULL,NULL,14.00,13.00,18.00,586.00,NULL,0,'2023-09-26 16:38:08','2023-09-26 16:38:08','in_stock',0,'Botble\\ACL\\Models\\User',NULL,'physical',NULL,NULL,0),(17,'Snapshot Standard',NULL,NULL,'published','[\"products\\/4-1.jpg\"]','HS-125-A0-A1',0,14,0,1,0,6,1,0,479,416.73,NULL,NULL,14.00,13.00,18.00,586.00,NULL,0,'2023-09-26 16:38:08','2023-09-26 16:38:08','in_stock',0,'Botble\\ACL\\Models\\User',NULL,'physical',NULL,NULL,0),(18,'Snapshot Standard',NULL,NULL,'published','[\"products\\/4-2.jpg\"]','HS-125-A0-A2',0,14,0,1,0,6,1,0,479,426.31,NULL,NULL,14.00,13.00,18.00,586.00,NULL,0,'2023-09-26 16:38:08','2023-09-26 16:38:08','in_stock',0,'Botble\\ACL\\Models\\User',NULL,'physical',NULL,NULL,0),(19,'Joan Mini Camera Bag',NULL,NULL,'published','[\"products\\/5.jpg\"]','HS-173-A0',0,14,0,1,0,1,1,0,73,NULL,NULL,NULL,13.00,16.00,16.00,555.00,NULL,0,'2023-09-26 16:38:08','2023-09-26 16:38:08','in_stock',0,'Botble\\ACL\\Models\\User',NULL,'digital',NULL,NULL,0),(20,'Joan Mini Camera Bag',NULL,NULL,'published','[\"products\\/5-1.jpg\"]','HS-173-A0-A1',0,14,0,1,0,1,1,0,73,NULL,NULL,NULL,13.00,16.00,16.00,555.00,NULL,0,'2023-09-26 16:38:08','2023-09-26 16:38:08','in_stock',0,'Botble\\ACL\\Models\\User',NULL,'digital',NULL,NULL,0),(21,'Joan Mini Camera Bag',NULL,NULL,'published','[\"products\\/5-2.jpg\"]','HS-173-A0-A2',0,14,0,1,0,1,1,0,73,NULL,NULL,NULL,13.00,16.00,16.00,555.00,NULL,0,'2023-09-26 16:38:08','2023-09-26 16:38:08','in_stock',0,'Botble\\ACL\\Models\\User',NULL,'digital',NULL,NULL,0),(22,'Cyan Boheme',NULL,NULL,'published','[\"products\\/6.jpg\"]','HS-193-A0',0,10,0,1,0,1,1,0,47,NULL,NULL,NULL,18.00,19.00,17.00,708.00,NULL,0,'2023-09-26 16:38:08','2023-09-26 16:38:08','in_stock',0,'Botble\\ACL\\Models\\User',NULL,'physical',NULL,NULL,0),(23,'Cyan Boheme',NULL,NULL,'published','[\"products\\/6-1.jpg\"]','HS-193-A0-A1',0,10,0,1,0,1,1,0,47,NULL,NULL,NULL,18.00,19.00,17.00,708.00,NULL,0,'2023-09-26 16:38:08','2023-09-26 16:38:08','in_stock',0,'Botble\\ACL\\Models\\User',NULL,'physical',NULL,NULL,0),(24,'The Marc Jacobs',NULL,NULL,'published','[\"products\\/7.jpg\"]','HS-132-A0',0,12,0,1,0,5,1,0,59,NULL,NULL,NULL,14.00,14.00,18.00,669.00,NULL,0,'2023-09-26 16:38:08','2023-09-26 16:38:08','in_stock',0,'Botble\\ACL\\Models\\User',NULL,'physical',NULL,NULL,0),(25,'The Marc Jacobs',NULL,NULL,'published','[\"products\\/7-1.jpg\"]','HS-132-A0-A1',0,12,0,1,0,5,1,0,59,NULL,NULL,NULL,14.00,14.00,18.00,669.00,NULL,0,'2023-09-26 16:38:08','2023-09-26 16:38:08','in_stock',0,'Botble\\ACL\\Models\\User',NULL,'physical',NULL,NULL,0),(26,'Round Cross body Bag',NULL,NULL,'published','[\"products\\/8.jpg\"]','HS-185-A0',0,19,0,1,0,5,1,0,118,93.22,NULL,NULL,14.00,14.00,12.00,621.00,NULL,0,'2023-09-26 16:38:09','2023-09-26 16:38:09','in_stock',0,'Botble\\ACL\\Models\\User',NULL,'physical',NULL,NULL,0);

--
-- Table structure for table `ec_products_translations`
--

CREATE TABLE `ec_products_translations` (
  `lang_code` varchar(191) COLLATE utf8mb4_unicode_ci NOT NULL,
  `ec_products_id` bigint unsigned NOT NULL,
  `name` varchar(191) COLLATE utf8mb4_unicode_ci DEFAULT NULL,
  `description` text COLLATE utf8mb4_unicode_ci,
  `content` text COLLATE utf8mb4_unicode_ci,
  PRIMARY KEY (`lang_code`,`ec_products_id`)
) ENGINE=InnoDB DEFAULT CHARSET=utf8mb4 COLLATE=utf8mb4_unicode_ci;

--
-- Dumping data for table `ec_products_translations`
--


--
-- Table structure for table `ec_reviews`
--

CREATE TABLE `ec_reviews` (
  `id` bigint unsigned NOT NULL AUTO_INCREMENT,
  `customer_id` bigint unsigned NOT NULL,
  `product_id` bigint unsigned NOT NULL,
  `star` double(8,2) NOT NULL,
  `comment` text CHARACTER SET utf8mb4 COLLATE utf8mb4_unicode_ci NOT NULL,
  `status` varchar(60) COLLATE utf8mb4_unicode_ci NOT NULL DEFAULT 'published',
  `created_at` timestamp NULL DEFAULT NULL,
  `updated_at` timestamp NULL DEFAULT NULL,
  `images` text COLLATE utf8mb4_unicode_ci,
  PRIMARY KEY (`id`),
  UNIQUE KEY `ec_reviews_product_id_customer_id_unique` (`product_id`,`customer_id`),
  KEY `ec_reviews_product_id_customer_id_status_created_at_index` (`product_id`,`customer_id`,`status`,`created_at`),
  KEY `ec_reviews_product_id_customer_id_status_index` (`product_id`,`customer_id`,`status`)
) ENGINE=InnoDB AUTO_INCREMENT=101 DEFAULT CHARSET=utf8mb4 COLLATE=utf8mb4_unicode_ci;

--
-- Dumping data for table `ec_reviews`
--

INSERT INTO `ec_reviews` VALUES (1,8,1,4.00,'Best ecommerce CMS online store!','published','2023-09-26 16:38:12','2023-09-26 16:38:12','[\"products\\/4.jpg\",\"products\\/5.jpg\"]'),(2,6,7,4.00,'The script is the best of its class, fast, easy to implement and work with , and the most important thing is the great support team , Recommend with no doubt.','published','2023-09-26 16:38:12','2023-09-26 16:38:12','[\"products\\/4.jpg\",\"products\\/5.jpg\"]'),(3,4,1,5.00,'It\'s not my first experience here on CodeCanyon and I can honestly tell you all that Botble puts a LOT of effort into the support. They answer so fast, they helped me tons of times. REALLY by far THE BEST EXPERIENCE on Codecanyon. Those guys at Botble are so good that they deserve 5 stars. I recommend them, I trust them and I can\'t wait to see what they will sell in a near future. Thank you Botble :)','published','2023-09-26 16:38:12','2023-09-26 16:38:12','[\"products\\/4.jpg\",\"products\\/5.jpg\"]'),(4,5,2,5.00,'Clean & perfect source code','published','2023-09-26 16:38:12','2023-09-26 16:38:12','[\"products\\/1.jpg\",\"products\\/7.jpg\",\"products\\/8.jpg\"]'),(5,8,3,3.00,'For me the best eCommerce script on Envato at this moment: modern, clean code, a lot of great features. The customer support is great too: I always get an answer within hours!','published','2023-09-26 16:38:12','2023-09-26 16:38:12','{\"0\":\"products\\/1.jpg\",\"2\":\"products\\/8.jpg\"}'),(7,7,3,4.00,'Very enthusiastic support! Excellent code is written. It\'s a true pleasure working with.','published','2023-09-26 16:38:12','2023-09-26 16:38:12','[\"products\\/3.jpg\",\"products\\/6.jpg\"]'),(9,2,2,1.00,'It\'s not my first experience here on CodeCanyon and I can honestly tell you all that Botble puts a LOT of effort into the support. They answer so fast, they helped me tons of times. REALLY by far THE BEST EXPERIENCE on Codecanyon. Those guys at Botble are so good that they deserve 5 stars. I recommend them, I trust them and I can\'t wait to see what they will sell in a near future. Thank you Botble :)','published','2023-09-26 16:38:12','2023-09-26 16:38:12','[\"products\\/1.jpg\",\"products\\/6.jpg\",\"products\\/8.jpg\"]'),(10,3,5,2.00,'It\'s not my first experience here on CodeCanyon and I can honestly tell you all that Botble puts a LOT of effort into the support. They answer so fast, they helped me tons of times. REALLY by far THE BEST EXPERIENCE on Codecanyon. Those guys at Botble are so good that they deserve 5 stars. I recommend them, I trust them and I can\'t wait to see what they will sell in a near future. Thank you Botble :)','published','2023-09-26 16:38:12','2023-09-26 16:38:12','[\"products\\/4.jpg\"]'),(11,5,7,3.00,'It\'s not my first experience here on CodeCanyon and I can honestly tell you all that Botble puts a LOT of effort into the support. They answer so fast, they helped me tons of times. REALLY by far THE BEST EXPERIENCE on Codecanyon. Those guys at Botble are so good that they deserve 5 stars. I recommend them, I trust them and I can\'t wait to see what they will sell in a near future. Thank you Botble :)','published','2023-09-26 16:38:12','2023-09-26 16:38:12','[\"products\\/3.jpg\",\"products\\/7.jpg\",\"products\\/8.jpg\"]'),(12,10,5,2.00,'The best store template! Excellent coding! Very good support! Thank you so much for all the help, I really appreciated.','published','2023-09-26 16:38:12','2023-09-26 16:38:12','[\"products\\/4.jpg\",\"products\\/7.jpg\"]'),(13,4,4,2.00,'This script is well coded and is super fast. The support is pretty quick. Very patient and helpful team. I strongly recommend it and they deserve more than 5 stars.','published','2023-09-26 16:38:12','2023-09-26 16:38:12','{\"0\":\"products\\/3.jpg\",\"2\":\"products\\/8.jpg\"}'),(14,1,7,1.00,'The best store template! Excellent coding! Very good support! Thank you so much for all the help, I really appreciated.','published','2023-09-26 16:38:12','2023-09-26 16:38:12','[\"products\\/3.jpg\"]'),(15,3,1,2.00,'The best store template! Excellent coding! Very good support! Thank you so much for all the help, I really appreciated.','published','2023-09-26 16:38:12','2023-09-26 16:38:12','{\"0\":\"products\\/4.jpg\",\"2\":\"products\\/8.jpg\"}'),(16,5,5,1.00,'Solution is too robust for our purpose so we didn\'t use it at the end. But I appreciate customer support during initial configuration.','published','2023-09-26 16:38:12','2023-09-26 16:38:12','[\"products\\/4.jpg\"]'),(17,9,5,5.00,'These guys are amazing! Responses immediately, amazing support and help... I immediately feel at ease after Purchasing..','published','2023-09-26 16:38:12','2023-09-26 16:38:12','[\"products\\/3.jpg\",\"products\\/7.jpg\"]'),(18,4,3,5.00,'This web app is really good in design, code quality & features. Besides, the customer support provided by the Botble team was really fast & helpful. You guys are awesome!','published','2023-09-26 16:38:12','2023-09-26 16:38:12','[\"products\\/3.jpg\",\"products\\/5.jpg\"]'),(19,4,8,2.00,'Great system, great support, good job Botble. I\'m looking forward to more great functional plugins.','published','2023-09-26 16:38:12','2023-09-26 16:38:12','[\"products\\/3.jpg\",\"products\\/7.jpg\"]'),(20,10,2,3.00,'For me the best eCommerce script on Envato at this moment: modern, clean code, a lot of great features. The customer support is great too: I always get an answer within hours!','published','2023-09-26 16:38:12','2023-09-26 16:38:12','[\"products\\/2.jpg\",\"products\\/5.jpg\",\"products\\/8.jpg\"]'),(21,2,1,3.00,'Great E-commerce system. And much more : Wonderful Customer Support.','published','2023-09-26 16:38:12','2023-09-26 16:38:12','[\"products\\/1.jpg\",\"products\\/7.jpg\"]'),(22,6,2,4.00,'The code is good, in general, if you like it, can you give it 5 stars?','published','2023-09-26 16:38:12','2023-09-26 16:38:12','[\"products\\/2.jpg\",\"products\\/6.jpg\",\"products\\/8.jpg\"]'),(23,9,6,3.00,'For me the best eCommerce script on Envato at this moment: modern, clean code, a lot of great features. The customer support is great too: I always get an answer within hours!','published','2023-09-26 16:38:12','2023-09-26 16:38:12','[\"products\\/4.jpg\",\"products\\/7.jpg\",\"products\\/8.jpg\"]'),(24,1,6,4.00,'Amazing code, amazing support. Overall, im really confident in Botble and im happy I made the right choice! Thank you so much guys for coding this masterpiece','published','2023-09-26 16:38:12','2023-09-26 16:38:12','[\"products\\/4.jpg\",\"products\\/7.jpg\",\"products\\/8.jpg\"]'),(26,3,6,1.00,'Cool template. Excellent code quality. The support responds very quickly, which is very rare on themeforest and codecanyon.net, I buy a lot of templates, and everyone will have a response from technical support for two or three days. Thanks to tech support. I recommend to buy.','published','2023-09-26 16:38:12','2023-09-26 16:38:12','[\"products\\/1.jpg\",\"products\\/7.jpg\"]'),(28,8,8,2.00,'These guys are amazing! Responses immediately, amazing support and help... I immediately feel at ease after Purchasing..','published','2023-09-26 16:38:12','2023-09-26 16:38:12','[\"products\\/3.jpg\",\"products\\/5.jpg\",\"products\\/8.jpg\"]'),(29,4,2,3.00,'It\'s not my first experience here on CodeCanyon and I can honestly tell you all that Botble puts a LOT of effort into the support. They answer so fast, they helped me tons of times. REALLY by far THE BEST EXPERIENCE on Codecanyon. Those guys at Botble are so good that they deserve 5 stars. I recommend them, I trust them and I can\'t wait to see what they will sell in a near future. Thank you Botble :)','published','2023-09-26 16:38:12','2023-09-26 16:38:12','[\"products\\/1.jpg\"]'),(31,8,5,2.00,'For me the best eCommerce script on Envato at this moment: modern, clean code, a lot of great features. The customer support is great too: I always get an answer within hours!','published','2023-09-26 16:38:12','2023-09-26 16:38:12','[\"products\\/3.jpg\",\"products\\/5.jpg\",\"products\\/8.jpg\"]'),(32,10,1,5.00,'The best store template! Excellent coding! Very good support! Thank you so much for all the help, I really appreciated.','published','2023-09-26 16:38:12','2023-09-26 16:38:12','[\"products\\/3.jpg\"]'),(33,6,6,1.00,'Customer Support are grade (A*), however the code is a way too over engineered for it\'s purpose.','published','2023-09-26 16:38:12','2023-09-26 16:38:12','[\"products\\/2.jpg\",\"products\\/6.jpg\"]'),(34,1,1,1.00,'Best ecommerce CMS online store!','published','2023-09-26 16:38:12','2023-09-26 16:38:12','[\"products\\/4.jpg\",\"products\\/6.jpg\"]'),(37,3,7,2.00,'The best store template! Excellent coding! Very good support! Thank you so much for all the help, I really appreciated.','published','2023-09-26 16:38:12','2023-09-26 16:38:12','[\"products\\/2.jpg\",\"products\\/6.jpg\"]'),(39,8,4,3.00,'Great system, great support, good job Botble. I\'m looking forward to more great functional plugins.','published','2023-09-26 16:38:12','2023-09-26 16:38:12','[\"products\\/2.jpg\",\"products\\/5.jpg\"]'),(40,2,6,3.00,'This script is well coded and is super fast. The support is pretty quick. Very patient and helpful team. I strongly recommend it and they deserve more than 5 stars.','published','2023-09-26 16:38:12','2023-09-26 16:38:12','[\"products\\/3.jpg\",\"products\\/5.jpg\"]'),(41,5,6,1.00,'Cool template. Excellent code quality. The support responds very quickly, which is very rare on themeforest and codecanyon.net, I buy a lot of templates, and everyone will have a response from technical support for two or three days. Thanks to tech support. I recommend to buy.','published','2023-09-26 16:38:12','2023-09-26 16:38:12','[\"products\\/3.jpg\",\"products\\/5.jpg\"]'),(43,7,5,2.00,'The best ecommerce CMS! Excellent coding! best support service! Thank you so much..... I really like your hard work.','published','2023-09-26 16:38:12','2023-09-26 16:38:12','[\"products\\/2.jpg\",\"products\\/6.jpg\"]'),(45,5,3,3.00,'The script is the best of its class, fast, easy to implement and work with , and the most important thing is the great support team , Recommend with no doubt.','published','2023-09-26 16:38:12','2023-09-26 16:38:12','[\"products\\/2.jpg\",\"products\\/7.jpg\",\"products\\/8.jpg\"]'),(47,8,2,1.00,'The best ecommerce CMS! Excellent coding! best support service! Thank you so much..... I really like your hard work.','published','2023-09-26 16:38:12','2023-09-26 16:38:12','[\"products\\/4.jpg\"]'),(48,10,6,2.00,'Good app, good backup service and support. Good documentation.','published','2023-09-26 16:38:12','2023-09-26 16:38:12','{\"0\":\"products\\/1.jpg\",\"2\":\"products\\/8.jpg\"}'),(49,1,3,5.00,'The best ecommerce CMS! Excellent coding! best support service! Thank you so much..... I really like your hard work.','published','2023-09-26 16:38:12','2023-09-26 16:38:12','[\"products\\/4.jpg\"]'),(51,10,4,4.00,'I Love this Script. I also found how to add other fees. Now I just wait the BIG update for the Marketplace with the Bulk Import. Just do not forget to make it to be Multi-language for us the Botble Fans.','published','2023-09-26 16:38:12','2023-09-26 16:38:12','[\"products\\/1.jpg\",\"products\\/6.jpg\"]'),(56,1,2,4.00,'The script is the best of its class, fast, easy to implement and work with , and the most important thing is the great support team , Recommend with no doubt.','published','2023-09-26 16:38:12','2023-09-26 16:38:12','[\"products\\/3.jpg\"]'),(57,9,4,1.00,'Amazing code, amazing support. Overall, im really confident in Botble and im happy I made the right choice! Thank you so much guys for coding this masterpiece','published','2023-09-26 16:38:12','2023-09-26 16:38:12','[\"products\\/4.jpg\",\"products\\/7.jpg\"]'),(58,10,7,4.00,'Solution is too robust for our purpose so we didn\'t use it at the end. But I appreciate customer support during initial configuration.','published','2023-09-26 16:38:12','2023-09-26 16:38:12','{\"0\":\"products\\/4.jpg\",\"2\":\"products\\/8.jpg\"}'),(59,4,5,5.00,'I Love this Script. I also found how to add other fees. Now I just wait the BIG update for the Marketplace with the Bulk Import. Just do not forget to make it to be Multi-language for us the Botble Fans.','published','2023-09-26 16:38:12','2023-09-26 16:38:12','[\"products\\/3.jpg\",\"products\\/5.jpg\"]'),(60,3,2,4.00,'We have received brilliant service support and will be expanding the features with the developer. Nice product!','published','2023-09-26 16:38:12','2023-09-26 16:38:12','[\"products\\/2.jpg\"]'),(61,3,3,1.00,'Perfect +++++++++ i love it really also i get to fast ticket answers... Thanks Lot BOTBLE Teams','published','2023-09-26 16:38:12','2023-09-26 16:38:12','[\"products\\/4.jpg\",\"products\\/6.jpg\"]'),(68,7,7,2.00,'The best store template! Excellent coding! Very good support! Thank you so much for all the help, I really appreciated.','published','2023-09-26 16:38:12','2023-09-26 16:38:12','[\"products\\/1.jpg\",\"products\\/6.jpg\"]'),(69,3,4,4.00,'Solution is too robust for our purpose so we didn\'t use it at the end. But I appreciate customer support during initial configuration.','published','2023-09-26 16:38:12','2023-09-26 16:38:12','[\"products\\/4.jpg\"]'),(70,1,8,5.00,'Best ecommerce CMS online store!','published','2023-09-26 16:38:12','2023-09-26 16:38:12','[\"products\\/2.jpg\",\"products\\/5.jpg\"]'),(72,2,8,4.00,'These guys are amazing! Responses immediately, amazing support and help... I immediately feel at ease after Purchasing..','published','2023-09-26 16:38:12','2023-09-26 16:38:12','[\"products\\/3.jpg\",\"products\\/6.jpg\",\"products\\/8.jpg\"]'),(73,8,6,5.00,'For me the best eCommerce script on Envato at this moment: modern, clean code, a lot of great features. The customer support is great too: I always get an answer within hours!','published','2023-09-26 16:38:12','2023-09-26 16:38:12','[\"products\\/3.jpg\",\"products\\/6.jpg\",\"products\\/8.jpg\"]'),(74,9,2,2.00,'These guys are amazing! Responses immediately, amazing support and help... I immediately feel at ease after Purchasing..','published','2023-09-26 16:38:12','2023-09-26 16:38:12','[\"products\\/1.jpg\",\"products\\/7.jpg\"]'),(75,9,3,5.00,'Second or third time that I buy a Botble product, happy with the products and support. You guys do a good job :)','published','2023-09-26 16:38:12','2023-09-26 16:38:12','[\"products\\/3.jpg\",\"products\\/7.jpg\"]'),(78,5,1,1.00,'Clean & perfect source code','published','2023-09-26 16:38:12','2023-09-26 16:38:12','[\"products\\/1.jpg\",\"products\\/5.jpg\",\"products\\/8.jpg\"]'),(85,2,4,3.00,'These guys are amazing! Responses immediately, amazing support and help... I immediately feel at ease after Purchasing..','published','2023-09-26 16:38:12','2023-09-26 16:38:12','[\"products\\/2.jpg\",\"products\\/5.jpg\"]'),(98,2,7,5.00,'Perfect +++++++++ i love it really also i get to fast ticket answers... Thanks Lot BOTBLE Teams','published','2023-09-26 16:38:12','2023-09-26 16:38:12','[\"products\\/2.jpg\",\"products\\/5.jpg\"]'),(100,10,3,5.00,'The code is good, in general, if you like it, can you give it 5 stars?','published','2023-09-26 16:38:12','2023-09-26 16:38:12','[\"products\\/2.jpg\",\"products\\/5.jpg\"]');

--
-- Table structure for table `ec_shipment_histories`
--

CREATE TABLE `ec_shipment_histories` (
  `id` bigint unsigned NOT NULL AUTO_INCREMENT,
  `action` varchar(120) COLLATE utf8mb4_unicode_ci NOT NULL,
  `description` varchar(255) COLLATE utf8mb4_unicode_ci NOT NULL,
  `user_id` bigint unsigned DEFAULT NULL,
  `shipment_id` bigint unsigned NOT NULL,
  `order_id` bigint unsigned NOT NULL,
  `created_at` timestamp NULL DEFAULT NULL,
  `updated_at` timestamp NULL DEFAULT NULL,
  `user_type` varchar(255) COLLATE utf8mb4_unicode_ci NOT NULL DEFAULT 'Botble\\ACL\\Models\\User',
  PRIMARY KEY (`id`)
) ENGINE=InnoDB AUTO_INCREMENT=50 DEFAULT CHARSET=utf8mb4 COLLATE=utf8mb4_unicode_ci;

--
-- Dumping data for table `ec_shipment_histories`
--

INSERT INTO `ec_shipment_histories` VALUES (1,'create_from_order','Shipping was created from order %order_id%',0,1,1,'2023-09-20 00:38:12','2023-09-20 00:38:12','Botble\\ACL\\Models\\User'),(2,'update_status','Changed status of shipping to: Approved. Updated by: %user_name%',0,1,1,'2023-09-25 00:38:12','2023-09-26 16:38:12','Botble\\ACL\\Models\\User'),(3,'update_status','Changed status of shipping to: Delivered. Updated by: %user_name%',0,1,1,'2023-09-26 16:38:12','2023-09-26 16:38:12','Botble\\ACL\\Models\\User'),(4,'create_from_order','Shipping was created from order %order_id%',0,2,2,'2023-09-21 22:38:12','2023-09-21 22:38:12','Botble\\ACL\\Models\\User'),(5,'update_status','Changed status of shipping to: Approved. Updated by: %user_name%',0,2,2,'2023-09-25 02:38:12','2023-09-26 16:38:12','Botble\\ACL\\Models\\User'),(6,'update_status','Changed status of shipping to: Delivered. Updated by: %user_name%',0,2,2,'2023-09-26 16:38:12','2023-09-26 16:38:12','Botble\\ACL\\Models\\User'),(7,'create_from_order','Shipping was created from order %order_id%',0,3,3,'2023-09-13 04:38:12','2023-09-13 04:38:12','Botble\\ACL\\Models\\User'),(8,'update_status','Changed status of shipping to: Approved. Updated by: %user_name%',0,3,3,'2023-09-25 04:38:12','2023-09-26 16:38:12','Botble\\ACL\\Models\\User'),(9,'create_from_order','Shipping was created from order %order_id%',0,4,4,'2023-09-16 18:38:12','2023-09-16 18:38:12','Botble\\ACL\\Models\\User'),(10,'update_status','Changed status of shipping to: Approved. Updated by: %user_name%',0,4,4,'2023-09-25 06:38:12','2023-09-26 16:38:12','Botble\\ACL\\Models\\User'),(11,'create_from_order','Shipping was created from order %order_id%',0,5,5,'2023-09-18 16:38:12','2023-09-18 16:38:12','Botble\\ACL\\Models\\User'),(12,'update_status','Changed status of shipping to: Approved. Updated by: %user_name%',0,5,5,'2023-09-25 08:38:12','2023-09-26 16:38:12','Botble\\ACL\\Models\\User'),(13,'update_status','Changed status of shipping to: Delivered. Updated by: %user_name%',0,5,5,'2023-09-26 16:38:12','2023-09-26 16:38:12','Botble\\ACL\\Models\\User'),(14,'create_from_order','Shipping was created from order %order_id%',0,6,6,'2023-09-21 16:38:12','2023-09-21 16:38:12','Botble\\ACL\\Models\\User'),(15,'update_status','Changed status of shipping to: Approved. Updated by: %user_name%',0,6,6,'2023-09-25 10:38:12','2023-09-26 16:38:12','Botble\\ACL\\Models\\User'),(16,'create_from_order','Shipping was created from order %order_id%',0,7,7,'2023-09-24 08:38:12','2023-09-24 08:38:12','Botble\\ACL\\Models\\User'),(17,'update_status','Changed status of shipping to: Approved. Updated by: %user_name%',0,7,7,'2023-09-25 12:38:12','2023-09-26 16:38:12','Botble\\ACL\\Models\\User'),(18,'create_from_order','Shipping was created from order %order_id%',0,8,8,'2023-09-22 08:38:12','2023-09-22 08:38:12','Botble\\ACL\\Models\\User'),(19,'update_status','Changed status of shipping to: Approved. Updated by: %user_name%',0,8,8,'2023-09-25 14:38:12','2023-09-26 16:38:12','Botble\\ACL\\Models\\User'),(20,'update_status','Changed status of shipping to: Delivered. Updated by: %user_name%',0,8,8,'2023-09-26 16:38:12','2023-09-26 16:38:12','Botble\\ACL\\Models\\User'),(21,'create_from_order','Shipping was created from order %order_id%',0,9,9,'2023-09-17 16:38:12','2023-09-17 16:38:12','Botble\\ACL\\Models\\User'),(22,'update_status','Changed status of shipping to: Approved. Updated by: %user_name%',0,9,9,'2023-09-25 16:38:12','2023-09-26 16:38:12','Botble\\ACL\\Models\\User'),(23,'create_from_order','Shipping was created from order %order_id%',0,10,10,'2023-09-23 22:38:12','2023-09-23 22:38:12','Botble\\ACL\\Models\\User'),(24,'update_status','Changed status of shipping to: Approved. Updated by: %user_name%',0,10,10,'2023-09-25 18:38:12','2023-09-26 16:38:12','Botble\\ACL\\Models\\User'),(25,'update_status','Changed status of shipping to: Delivered. Updated by: %user_name%',0,10,10,'2023-09-26 16:38:12','2023-09-26 16:38:12','Botble\\ACL\\Models\\User'),(26,'create_from_order','Shipping was created from order %order_id%',0,11,11,'2023-09-22 12:38:12','2023-09-22 12:38:12','Botble\\ACL\\Models\\User'),(27,'update_status','Changed status of shipping to: Approved. Updated by: %user_name%',0,11,11,'2023-09-25 20:38:12','2023-09-26 16:38:12','Botble\\ACL\\Models\\User'),(28,'update_status','Changed status of shipping to: Delivered. Updated by: %user_name%',0,11,11,'2023-09-26 16:38:12','2023-09-26 16:38:12','Botble\\ACL\\Models\\User'),(29,'create_from_order','Shipping was created from order %order_id%',0,12,12,'2023-09-24 10:38:12','2023-09-24 10:38:12','Botble\\ACL\\Models\\User'),(30,'update_status','Changed status of shipping to: Approved. Updated by: %user_name%',0,12,12,'2023-09-25 22:38:12','2023-09-26 16:38:12','Botble\\ACL\\Models\\User'),(31,'update_status','Changed status of shipping to: Delivered. Updated by: %user_name%',0,12,12,'2023-09-26 16:38:12','2023-09-26 16:38:12','Botble\\ACL\\Models\\User'),(32,'create_from_order','Shipping was created from order %order_id%',0,13,13,'2023-09-22 16:38:12','2023-09-22 16:38:12','Botble\\ACL\\Models\\User'),(33,'update_status','Changed status of shipping to: Approved. Updated by: %user_name%',0,13,13,'2023-09-26 00:38:12','2023-09-26 16:38:12','Botble\\ACL\\Models\\User'),(34,'create_from_order','Shipping was created from order %order_id%',0,14,14,'2023-09-22 00:38:12','2023-09-22 00:38:12','Botble\\ACL\\Models\\User'),(35,'update_status','Changed status of shipping to: Approved. Updated by: %user_name%',0,14,14,'2023-09-26 02:38:12','2023-09-26 16:38:12','Botble\\ACL\\Models\\User'),(36,'update_status','Changed status of shipping to: Delivered. Updated by: %user_name%',0,14,14,'2023-09-26 16:38:12','2023-09-26 16:38:12','Botble\\ACL\\Models\\User'),(37,'create_from_order','Shipping was created from order %order_id%',0,15,15,'2023-09-25 16:38:12','2023-09-25 16:38:12','Botble\\ACL\\Models\\User'),(38,'update_status','Changed status of shipping to: Approved. Updated by: %user_name%',0,15,15,'2023-09-26 04:38:12','2023-09-26 16:38:12','Botble\\ACL\\Models\\User'),(39,'create_from_order','Shipping was created from order %order_id%',0,16,16,'2023-09-24 14:38:12','2023-09-24 14:38:12','Botble\\ACL\\Models\\User'),(40,'update_status','Changed status of shipping to: Approved. Updated by: %user_name%',0,16,16,'2023-09-26 06:38:12','2023-09-26 16:38:12','Botble\\ACL\\Models\\User'),(41,'create_from_order','Shipping was created from order %order_id%',0,17,17,'2023-09-25 16:38:12','2023-09-25 16:38:12','Botble\\ACL\\Models\\User'),(42,'update_status','Changed status of shipping to: Approved. Updated by: %user_name%',0,17,17,'2023-09-26 08:38:13','2023-09-26 16:38:13','Botble\\ACL\\Models\\User'),(43,'create_from_order','Shipping was created from order %order_id%',0,18,18,'2023-09-24 04:38:13','2023-09-24 04:38:13','Botble\\ACL\\Models\\User'),(44,'update_status','Changed status of shipping to: Approved. Updated by: %user_name%',0,18,18,'2023-09-26 10:38:13','2023-09-26 16:38:13','Botble\\ACL\\Models\\User'),(45,'update_status','Changed status of shipping to: Delivered. Updated by: %user_name%',0,18,18,'2023-09-26 16:38:13','2023-09-26 16:38:13','Botble\\ACL\\Models\\User'),(46,'create_from_order','Shipping was created from order %order_id%',0,19,19,'2023-09-26 04:38:13','2023-09-26 04:38:13','Botble\\ACL\\Models\\User'),(47,'update_status','Changed status of shipping to: Approved. Updated by: %user_name%',0,19,19,'2023-09-26 12:38:13','2023-09-26 16:38:13','Botble\\ACL\\Models\\User'),(48,'create_from_order','Shipping was created from order %order_id%',0,20,20,'2023-09-25 20:38:13','2023-09-25 20:38:13','Botble\\ACL\\Models\\User'),(49,'update_status','Changed status of shipping to: Approved. Updated by: %user_name%',0,20,20,'2023-09-26 14:38:13','2023-09-26 16:38:13','Botble\\ACL\\Models\\User');

--
-- Table structure for table `ec_shipments`
--

CREATE TABLE `ec_shipments` (
  `id` bigint unsigned NOT NULL AUTO_INCREMENT,
  `order_id` bigint unsigned NOT NULL,
  `user_id` bigint unsigned DEFAULT NULL,
  `weight` double(8,2) DEFAULT '0.00',
  `shipment_id` varchar(120) COLLATE utf8mb4_unicode_ci DEFAULT NULL,
  `rate_id` varchar(120) COLLATE utf8mb4_unicode_ci DEFAULT NULL,
  `note` varchar(120) COLLATE utf8mb4_unicode_ci DEFAULT NULL,
  `status` varchar(120) COLLATE utf8mb4_unicode_ci NOT NULL DEFAULT 'pending',
  `cod_amount` decimal(15,2) DEFAULT '0.00',
  `cod_status` varchar(60) COLLATE utf8mb4_unicode_ci NOT NULL DEFAULT 'pending',
  `cross_checking_status` varchar(60) COLLATE utf8mb4_unicode_ci NOT NULL DEFAULT 'pending',
  `price` decimal(15,2) DEFAULT '0.00',
  `store_id` bigint unsigned DEFAULT NULL,
  `created_at` timestamp NULL DEFAULT NULL,
  `updated_at` timestamp NULL DEFAULT NULL,
  `tracking_id` varchar(191) COLLATE utf8mb4_unicode_ci DEFAULT NULL,
  `shipping_company_name` varchar(191) COLLATE utf8mb4_unicode_ci DEFAULT NULL,
  `tracking_link` varchar(191) COLLATE utf8mb4_unicode_ci DEFAULT NULL,
  `estimate_date_shipped` datetime DEFAULT NULL,
  `date_shipped` datetime DEFAULT NULL,
  `label_url` text COLLATE utf8mb4_unicode_ci,
  `metadata` mediumtext COLLATE utf8mb4_unicode_ci,
  PRIMARY KEY (`id`)
) ENGINE=InnoDB AUTO_INCREMENT=21 DEFAULT CHARSET=utf8mb4 COLLATE=utf8mb4_unicode_ci;

--
-- Dumping data for table `ec_shipments`
--

INSERT INTO `ec_shipments` VALUES (1,1,NULL,5243.00,NULL,NULL,'','delivered',0.00,'completed','pending',0.00,0,'2023-09-26 16:38:12','2023-09-26 16:38:12','JJD0086122269','FastShipping','https://mydhl.express.dhl/us/en/tracking.html#/track-by-reference','2023-09-29 23:38:12','2023-09-26 23:38:12',NULL,NULL),(2,2,NULL,3856.00,NULL,NULL,'','delivered',0.00,'completed','pending',0.00,0,'2023-09-26 16:38:12','2023-09-26 16:38:12','JJD0079975742','GHN','https://mydhl.express.dhl/us/en/tracking.html#/track-by-reference','2023-10-06 23:38:12','2023-09-26 23:38:12',NULL,NULL),(3,3,NULL,6062.00,NULL,NULL,'','approved',0.00,'completed','pending',0.00,0,'2023-09-26 16:38:12','2023-09-26 16:38:12','JJD0055437449','FastShipping','https://mydhl.express.dhl/us/en/tracking.html#/track-by-reference','2023-10-04 23:38:12',NULL,NULL,NULL),(4,4,NULL,1731.00,NULL,NULL,'','approved',0.00,'completed','pending',0.00,0,'2023-09-26 16:38:12','2023-09-26 16:38:12','JJD0097984726','FastShipping','https://mydhl.express.dhl/us/en/tracking.html#/track-by-reference','2023-09-27 23:38:12',NULL,NULL,NULL),(5,5,NULL,2489.00,NULL,NULL,'','delivered',0.00,'completed','pending',0.00,0,'2023-09-26 16:38:12','2023-09-26 16:38:12','JJD0086871335','FastShipping','https://mydhl.express.dhl/us/en/tracking.html#/track-by-reference','2023-10-03 23:38:12','2023-09-26 23:38:12',NULL,NULL),(6,6,NULL,4458.00,NULL,NULL,'','approved',0.00,'completed','pending',0.00,0,'2023-09-26 16:38:12','2023-09-26 16:38:12','JJD0073659025','DHL','https://mydhl.express.dhl/us/en/tracking.html#/track-by-reference','2023-09-27 23:38:12',NULL,NULL,NULL),(7,7,NULL,3325.00,NULL,NULL,'','approved',0.00,'completed','pending',0.00,0,'2023-09-26 16:38:12','2023-09-26 16:38:12','JJD0013712670','DHL','https://mydhl.express.dhl/us/en/tracking.html#/track-by-reference','2023-10-02 23:38:12',NULL,NULL,NULL),(8,8,NULL,3380.00,NULL,NULL,'','delivered',0.00,'completed','pending',0.00,0,'2023-09-26 16:38:12','2023-09-26 16:38:12','JJD0047592881','DHL','https://mydhl.express.dhl/us/en/tracking.html#/track-by-reference','2023-10-02 23:38:12','2023-09-26 23:38:12',NULL,NULL),(9,9,NULL,2018.00,NULL,NULL,'','approved',0.00,'completed','pending',0.00,0,'2023-09-26 16:38:12','2023-09-26 16:38:12','JJD0038124384','GHN','https://mydhl.express.dhl/us/en/tracking.html#/track-by-reference','2023-09-30 23:38:12',NULL,NULL,NULL),(10,10,NULL,1263.00,NULL,NULL,'','delivered',0.00,'completed','pending',0.00,0,'2023-09-26 16:38:12','2023-09-26 16:38:12','JJD0071561159','DHL','https://mydhl.express.dhl/us/en/tracking.html#/track-by-reference','2023-10-05 23:38:12','2023-09-26 23:38:12',NULL,NULL),(11,11,NULL,2138.00,NULL,NULL,'','delivered',0.00,'completed','pending',0.00,0,'2023-09-26 16:38:12','2023-09-26 16:38:12','JJD0047187697','DHL','https://mydhl.express.dhl/us/en/tracking.html#/track-by-reference','2023-10-05 23:38:12','2023-09-26 23:38:12',NULL,NULL),(12,12,NULL,4282.00,NULL,NULL,'','delivered',0.00,'completed','pending',0.00,0,'2023-09-26 16:38:12','2023-09-26 16:38:12','JJD0011665430','DHL','https://mydhl.express.dhl/us/en/tracking.html#/track-by-reference','2023-09-28 23:38:12','2023-09-26 23:38:12',NULL,NULL),(13,13,NULL,1423.00,NULL,NULL,'','approved',0.00,'completed','pending',0.00,0,'2023-09-26 16:38:12','2023-09-26 16:38:12','JJD0085503395','FastShipping','https://mydhl.express.dhl/us/en/tracking.html#/track-by-reference','2023-10-01 23:38:12',NULL,NULL,NULL),(14,14,NULL,5169.00,NULL,NULL,'','delivered',0.00,'completed','pending',0.00,0,'2023-09-26 16:38:12','2023-09-26 16:38:12','JJD0061411472','FastShipping','https://mydhl.express.dhl/us/en/tracking.html#/track-by-reference','2023-10-05 23:38:12','2023-09-26 23:38:12',NULL,NULL),(15,15,NULL,4020.00,NULL,NULL,'','approved',0.00,'completed','pending',0.00,0,'2023-09-26 16:38:12','2023-09-26 16:38:12','JJD0018598154','FastShipping','https://mydhl.express.dhl/us/en/tracking.html#/track-by-reference','2023-09-27 23:38:12',NULL,NULL,NULL),(16,16,NULL,2731.00,NULL,NULL,'','approved',0.00,'completed','pending',0.00,0,'2023-09-26 16:38:12','2023-09-26 16:38:12','JJD0064611443','DHL','https://mydhl.express.dhl/us/en/tracking.html#/track-by-reference','2023-09-27 23:38:12',NULL,NULL,NULL),(17,17,NULL,6492.00,NULL,NULL,'','approved',0.00,'completed','pending',0.00,0,'2023-09-26 16:38:13','2023-09-26 16:38:13','JJD0044607857','GHN','https://mydhl.express.dhl/us/en/tracking.html#/track-by-reference','2023-09-27 23:38:13',NULL,NULL,NULL),(18,18,NULL,2793.00,NULL,NULL,'','delivered',0.00,'completed','pending',0.00,0,'2023-09-26 16:38:13','2023-09-26 16:38:13','JJD0060644945','FastShipping','https://mydhl.express.dhl/us/en/tracking.html#/track-by-reference','2023-10-03 23:38:13','2023-09-26 23:38:13',NULL,NULL),(19,19,NULL,5770.00,NULL,NULL,'','approved',0.00,'completed','pending',0.00,0,'2023-09-26 16:38:13','2023-09-26 16:38:13','JJD0017830682','FastShipping','https://mydhl.express.dhl/us/en/tracking.html#/track-by-reference','2023-10-03 23:38:13',NULL,NULL,NULL),(20,20,NULL,3310.00,NULL,NULL,'','approved',2127.00,'pending','pending',0.00,0,'2023-09-26 16:38:13','2023-09-26 16:38:13','JJD0090447321','AliExpress','https://mydhl.express.dhl/us/en/tracking.html#/track-by-reference','2023-10-03 23:38:13',NULL,NULL,NULL);

--
-- Table structure for table `ec_shipping`
--

CREATE TABLE `ec_shipping` (
  `id` bigint unsigned NOT NULL AUTO_INCREMENT,
  `title` varchar(191) COLLATE utf8mb4_unicode_ci DEFAULT NULL,
  `country` varchar(120) COLLATE utf8mb4_unicode_ci DEFAULT NULL,
  `created_at` timestamp NULL DEFAULT NULL,
  `updated_at` timestamp NULL DEFAULT NULL,
  PRIMARY KEY (`id`)
) ENGINE=InnoDB AUTO_INCREMENT=2 DEFAULT CHARSET=utf8mb4 COLLATE=utf8mb4_unicode_ci;

--
-- Dumping data for table `ec_shipping`
--

INSERT INTO `ec_shipping` VALUES (1,'All',NULL,'2023-09-26 16:38:13','2023-09-26 16:38:13');

--
-- Table structure for table `ec_shipping_rule_items`
--

CREATE TABLE `ec_shipping_rule_items` (
  `id` bigint unsigned NOT NULL AUTO_INCREMENT,
  `shipping_rule_id` bigint unsigned NOT NULL,
  `country` varchar(120) COLLATE utf8mb4_unicode_ci DEFAULT NULL,
  `state` varchar(120) COLLATE utf8mb4_unicode_ci DEFAULT NULL,
  `city` varchar(120) COLLATE utf8mb4_unicode_ci DEFAULT NULL,
  `zip_code` varchar(20) COLLATE utf8mb4_unicode_ci DEFAULT NULL,
  `adjustment_price` decimal(15,2) DEFAULT '0.00',
  `is_enabled` tinyint(1) NOT NULL DEFAULT '1',
  `created_at` timestamp NULL DEFAULT NULL,
  `updated_at` timestamp NULL DEFAULT NULL,
  PRIMARY KEY (`id`)
) ENGINE=InnoDB DEFAULT CHARSET=utf8mb4 COLLATE=utf8mb4_unicode_ci;

--
-- Dumping data for table `ec_shipping_rule_items`
--


--
-- Table structure for table `ec_shipping_rules`
--

CREATE TABLE `ec_shipping_rules` (
  `id` bigint unsigned NOT NULL AUTO_INCREMENT,
  `name` varchar(120) COLLATE utf8mb4_unicode_ci NOT NULL,
  `shipping_id` bigint unsigned NOT NULL,
  `type` varchar(24) CHARACTER SET utf8mb4 COLLATE utf8mb4_unicode_ci DEFAULT 'based_on_price',
  `from` decimal(15,2) DEFAULT '0.00',
  `to` decimal(15,2) DEFAULT '0.00',
  `price` decimal(15,2) DEFAULT '0.00',
  `created_at` timestamp NULL DEFAULT NULL,
  `updated_at` timestamp NULL DEFAULT NULL,
  PRIMARY KEY (`id`)
) ENGINE=InnoDB AUTO_INCREMENT=2 DEFAULT CHARSET=utf8mb4 COLLATE=utf8mb4_unicode_ci;

--
-- Dumping data for table `ec_shipping_rules`
--

INSERT INTO `ec_shipping_rules` VALUES (1,'Free delivery',1,'based_on_price',0.00,NULL,0.00,'2023-09-26 16:38:13','2023-09-26 16:38:13');

--
-- Table structure for table `ec_store_locators`
--

CREATE TABLE `ec_store_locators` (
  `id` bigint unsigned NOT NULL AUTO_INCREMENT,
  `name` varchar(60) COLLATE utf8mb4_unicode_ci NOT NULL,
  `email` varchar(60) COLLATE utf8mb4_unicode_ci DEFAULT NULL,
  `phone` varchar(20) COLLATE utf8mb4_unicode_ci NOT NULL,
  `address` varchar(255) COLLATE utf8mb4_unicode_ci NOT NULL,
  `country` varchar(120) COLLATE utf8mb4_unicode_ci DEFAULT NULL,
  `state` varchar(120) COLLATE utf8mb4_unicode_ci DEFAULT NULL,
  `city` varchar(120) COLLATE utf8mb4_unicode_ci DEFAULT NULL,
  `is_primary` tinyint(1) DEFAULT '0',
  `is_shipping_location` tinyint(1) DEFAULT '1',
  `created_at` timestamp NULL DEFAULT NULL,
  `updated_at` timestamp NULL DEFAULT NULL,
  PRIMARY KEY (`id`)
) ENGINE=InnoDB AUTO_INCREMENT=2 DEFAULT CHARSET=utf8mb4 COLLATE=utf8mb4_unicode_ci;

--
-- Dumping data for table `ec_store_locators`
--

INSERT INTO `ec_store_locators` VALUES (1,'HASA SG','sales@botble.com','18006268','North Link Building, 10 Admiralty Street','SG','Singapore','Singapore',1,1,'2023-09-26 16:38:15','2023-09-26 16:38:15');

--
-- Table structure for table `ec_tax_products`
--

CREATE TABLE `ec_tax_products` (
  `tax_id` bigint unsigned NOT NULL,
  `product_id` bigint unsigned NOT NULL,
  PRIMARY KEY (`product_id`,`tax_id`),
  KEY `ec_tax_products_tax_id_index` (`tax_id`),
  KEY `ec_tax_products_product_id_index` (`product_id`)
) ENGINE=InnoDB DEFAULT CHARSET=utf8mb4 COLLATE=utf8mb4_unicode_ci;

--
-- Dumping data for table `ec_tax_products`
--

INSERT INTO `ec_tax_products` VALUES (1,1),(1,2),(1,3),(1,4),(1,5),(1,6),(1,7),(1,8);

--
-- Table structure for table `ec_tax_rules`
--

CREATE TABLE `ec_tax_rules` (
  `id` bigint unsigned NOT NULL AUTO_INCREMENT,
  `tax_id` bigint unsigned NOT NULL,
  `country` varchar(120) COLLATE utf8mb4_unicode_ci DEFAULT NULL,
  `state` varchar(120) COLLATE utf8mb4_unicode_ci DEFAULT NULL,
  `city` varchar(120) COLLATE utf8mb4_unicode_ci DEFAULT NULL,
  `zip_code` varchar(20) COLLATE utf8mb4_unicode_ci DEFAULT NULL,
  `priority` int DEFAULT NULL,
  `is_enabled` tinyint(1) NOT NULL DEFAULT '1',
  `created_at` timestamp NULL DEFAULT NULL,
  `updated_at` timestamp NULL DEFAULT NULL,
  PRIMARY KEY (`id`)
) ENGINE=InnoDB DEFAULT CHARSET=utf8mb4 COLLATE=utf8mb4_unicode_ci;

--
-- Dumping data for table `ec_tax_rules`
--


--
-- Table structure for table `ec_taxes`
--

CREATE TABLE `ec_taxes` (
  `id` bigint unsigned NOT NULL AUTO_INCREMENT,
  `title` varchar(191) COLLATE utf8mb4_unicode_ci DEFAULT NULL,
  `percentage` double(8,6) DEFAULT NULL,
  `priority` int DEFAULT NULL,
  `status` varchar(60) COLLATE utf8mb4_unicode_ci NOT NULL DEFAULT 'published',
  `created_at` timestamp NULL DEFAULT NULL,
  `updated_at` timestamp NULL DEFAULT NULL,
  PRIMARY KEY (`id`)
) ENGINE=InnoDB AUTO_INCREMENT=4 DEFAULT CHARSET=utf8mb4 COLLATE=utf8mb4_unicode_ci;

--
-- Dumping data for table `ec_taxes`
--

INSERT INTO `ec_taxes` VALUES (1,'VAT',10.000000,1,'published','2023-09-26 16:38:09','2023-09-26 16:38:09'),(2,'None',0.000000,2,'published','2023-09-26 16:38:09','2023-09-26 16:38:09'),(3,'Import Tax',15.000000,3,'published','2023-09-26 16:38:09','2023-09-26 16:38:09');

--
-- Table structure for table `ec_wish_lists`
--

CREATE TABLE `ec_wish_lists` (
  `id` bigint unsigned NOT NULL AUTO_INCREMENT,
  `customer_id` bigint unsigned NOT NULL,
  `product_id` bigint unsigned NOT NULL,
  `created_at` timestamp NULL DEFAULT NULL,
  `updated_at` timestamp NULL DEFAULT NULL,
  PRIMARY KEY (`id`),
  KEY `ec_wish_lists_product_id_customer_id_index` (`product_id`,`customer_id`)
) ENGINE=InnoDB DEFAULT CHARSET=utf8mb4 COLLATE=utf8mb4_unicode_ci;

--
-- Dumping data for table `ec_wish_lists`
--


--
-- Table structure for table `failed_jobs`
--

CREATE TABLE `failed_jobs` (
  `id` bigint unsigned NOT NULL AUTO_INCREMENT,
  `uuid` varchar(191) COLLATE utf8mb4_unicode_ci NOT NULL,
  `connection` text COLLATE utf8mb4_unicode_ci NOT NULL,
  `queue` text COLLATE utf8mb4_unicode_ci NOT NULL,
  `payload` longtext COLLATE utf8mb4_unicode_ci NOT NULL,
  `exception` longtext COLLATE utf8mb4_unicode_ci NOT NULL,
  `failed_at` timestamp NOT NULL DEFAULT CURRENT_TIMESTAMP,
  PRIMARY KEY (`id`),
  UNIQUE KEY `failed_jobs_uuid_unique` (`uuid`)
) ENGINE=InnoDB DEFAULT CHARSET=utf8mb4 COLLATE=utf8mb4_unicode_ci;

--
-- Dumping data for table `failed_jobs`
--


--
-- Table structure for table `faq_categories`
--

CREATE TABLE `faq_categories` (
  `id` bigint unsigned NOT NULL AUTO_INCREMENT,
  `name` varchar(120) COLLATE utf8mb4_unicode_ci NOT NULL,
  `order` tinyint NOT NULL DEFAULT '0',
  `status` varchar(60) COLLATE utf8mb4_unicode_ci NOT NULL DEFAULT 'published',
  `created_at` timestamp NULL DEFAULT NULL,
  `updated_at` timestamp NULL DEFAULT NULL,
  PRIMARY KEY (`id`)
) ENGINE=InnoDB AUTO_INCREMENT=4 DEFAULT CHARSET=utf8mb4 COLLATE=utf8mb4_unicode_ci;

--
-- Dumping data for table `faq_categories`
--

INSERT INTO `faq_categories` VALUES (1,'Shipping',0,'published','2023-09-26 16:38:15','2023-09-26 16:38:15'),(2,'Payment',1,'published','2023-09-26 16:38:15','2023-09-26 16:38:15'),(3,'Order &amp; Returns',2,'published','2023-09-26 16:38:15','2023-09-26 16:38:15');

--
-- Table structure for table `faq_categories_translations`
--

CREATE TABLE `faq_categories_translations` (
  `lang_code` varchar(191) COLLATE utf8mb4_unicode_ci NOT NULL,
  `faq_categories_id` bigint unsigned NOT NULL,
  `name` varchar(120) COLLATE utf8mb4_unicode_ci DEFAULT NULL,
  PRIMARY KEY (`lang_code`,`faq_categories_id`)
) ENGINE=InnoDB DEFAULT CHARSET=utf8mb4 COLLATE=utf8mb4_unicode_ci;

--
-- Dumping data for table `faq_categories_translations`
--


--
-- Table structure for table `faqs`
--

CREATE TABLE `faqs` (
  `id` bigint unsigned NOT NULL AUTO_INCREMENT,
  `question` text COLLATE utf8mb4_unicode_ci NOT NULL,
  `answer` text COLLATE utf8mb4_unicode_ci NOT NULL,
  `category_id` bigint unsigned NOT NULL,
  `status` varchar(60) COLLATE utf8mb4_unicode_ci NOT NULL DEFAULT 'published',
  `created_at` timestamp NULL DEFAULT NULL,
  `updated_at` timestamp NULL DEFAULT NULL,
  PRIMARY KEY (`id`)
) ENGINE=InnoDB AUTO_INCREMENT=11 DEFAULT CHARSET=utf8mb4 COLLATE=utf8mb4_unicode_ci;

--
-- Dumping data for table `faqs`
--

INSERT INTO `faqs` VALUES (1,'What Shipping Methods Are Available?','Ex Portland Pitchfork irure mustache. Eutra fap before they sold out literally. Aliquip ugh bicycle rights actually mlkshk, seitan squid craft beer tempor.',1,'published','2023-09-26 16:38:15','2023-09-26 16:38:15'),(2,'Do You Ship Internationally?','Hoodie tote bag mixtape tofu. Typewriter jean shorts wolf quinoa, messenger bag organic freegan cray.',1,'published','2023-09-26 16:38:15','2023-09-26 16:38:15'),(3,'How Long Will It Take To Get My Package?','Swag slow-carb quinoa VHS typewriter pork belly brunch, paleo single-origin coffee Wes Anderson. Flexitarian Pitchfork forage, literally paleo fap pour-over. Wes Anderson Pinterest YOLO fanny pack meggings, deep v XOXO chambray sustainable slow-carb raw denim church-key fap chillwave Etsy. +1 typewriter kitsch, American Apparel tofu Banksy Vice.',1,'published','2023-09-26 16:38:15','2023-09-26 16:38:15'),(4,'What Payment Methods Are Accepted?','Fashion axe DIY jean shorts, swag kale chips meh polaroid kogi butcher Wes Anderson chambray next level semiotics gentrify yr. Voluptate photo booth fugiat Vice. Austin sed Williamsburg, ea labore raw denim voluptate cred proident mixtape excepteur mustache. Twee chia photo booth readymade food truck, hoodie roof party swag keytar PBR DIY.',2,'published','2023-09-26 16:38:15','2023-09-26 16:38:15'),(5,'Is Buying On-Line Safe?','Art party authentic freegan semiotics jean shorts chia cred. Neutra Austin roof party Brooklyn, synth Thundercats swag 8-bit photo booth. Plaid letterpress leggings craft beer meh ethical Pinterest.',2,'published','2023-09-26 16:38:15','2023-09-26 16:38:15'),(6,'How do I place an Order?','Keytar cray slow-carb, Godard banh mi salvia pour-over. Slow-carb Odd Future seitan normcore. Master cleanse American Apparel gentrify flexitarian beard slow-carb next level. Raw denim polaroid paleo farm-to-table, put a bird on it lo-fi tattooed Wes Anderson Pinterest letterpress. Fingerstache McSweeney’s pour-over, letterpress Schlitz photo booth master cleanse bespoke hashtag chillwave gentrify.',3,'published','2023-09-26 16:38:15','2023-09-26 16:38:15'),(7,'How Can I Cancel Or Change My Order?','Plaid letterpress leggings craft beer meh ethical Pinterest. Art party authentic freegan semiotics jean shorts chia cred. Neutra Austin roof party Brooklyn, synth Thundercats swag 8-bit photo booth.',3,'published','2023-09-26 16:38:15','2023-09-26 16:38:15'),(8,'Do I need an account to place an order?','Thundercats swag 8-bit photo booth. Plaid letterpress leggings craft beer meh ethical Pinterest. Twee chia photo booth readymade food truck, hoodie roof party swag keytar PBR DIY. Cray ugh 3 wolf moon fap, fashion axe irony butcher cornhole typewriter chambray VHS banjo street art.',3,'published','2023-09-26 16:38:15','2023-09-26 16:38:15'),(9,'How Do I Track My Order?','Keytar cray slow-carb, Godard banh mi salvia pour-over. Slow-carb @Odd Future seitan normcore. Master cleanse American Apparel gentrify flexitarian beard slow-carb next level.',3,'published','2023-09-26 16:38:15','2023-09-26 16:38:15'),(10,'How Can I Return a Product?','Kale chips Truffaut Williamsburg, hashtag fixie Pinterest raw denim c hambray drinking vinegar Carles street art Bushwick gastropub. Wolf Tumblr paleo church-key. Plaid food truck Echo Park YOLO bitters hella, direct trade Thundercats leggings quinoa before they sold out. You probably haven’t heard of them wayfarers authentic umami drinking vinegar Pinterest Cosby sweater, fingerstache fap High Life.',3,'published','2023-09-26 16:38:15','2023-09-26 16:38:15');

--
-- Table structure for table `faqs_translations`
--

CREATE TABLE `faqs_translations` (
  `lang_code` varchar(191) COLLATE utf8mb4_unicode_ci NOT NULL,
  `faqs_id` bigint unsigned NOT NULL,
  `question` text COLLATE utf8mb4_unicode_ci,
  `answer` text COLLATE utf8mb4_unicode_ci,
  PRIMARY KEY (`lang_code`,`faqs_id`)
) ENGINE=InnoDB DEFAULT CHARSET=utf8mb4 COLLATE=utf8mb4_unicode_ci;

--
-- Dumping data for table `faqs_translations`
--


--
-- Table structure for table `galleries`
--

CREATE TABLE `galleries` (
  `id` bigint unsigned NOT NULL AUTO_INCREMENT,
  `name` varchar(120) COLLATE utf8mb4_unicode_ci NOT NULL,
  `description` longtext COLLATE utf8mb4_unicode_ci NOT NULL,
  `is_featured` tinyint unsigned NOT NULL DEFAULT '0',
  `order` tinyint unsigned NOT NULL DEFAULT '0',
  `image` varchar(255) COLLATE utf8mb4_unicode_ci DEFAULT NULL,
  `user_id` bigint unsigned DEFAULT NULL,
  `status` varchar(60) COLLATE utf8mb4_unicode_ci NOT NULL DEFAULT 'published',
  `created_at` timestamp NULL DEFAULT NULL,
  `updated_at` timestamp NULL DEFAULT NULL,
  PRIMARY KEY (`id`),
  KEY `galleries_user_id_index` (`user_id`)
) ENGINE=InnoDB AUTO_INCREMENT=7 DEFAULT CHARSET=utf8mb4 COLLATE=utf8mb4_unicode_ci;

--
-- Dumping data for table `galleries`
--

INSERT INTO `galleries` VALUES (1,'Men','Ipsum maiores quo dolorem rerum. Similique voluptas est quae eligendi. Tempora mollitia ut quod est beatae ea. Rerum cupiditate quaerat iure et.',1,0,'galleries/1.jpg',1,'published','2023-09-26 16:38:15','2023-09-26 16:38:15'),(2,'Women','Accusamus illo harum id. Magnam nemo temporibus rerum corrupti blanditiis sed et.',1,0,'galleries/2.jpg',1,'published','2023-09-26 16:38:15','2023-09-26 16:38:15'),(3,'Accessories','Nulla architecto ullam eum rerum voluptatem tenetur. Aspernatur commodi dolor qui ullam aut magni minus. Molestiae fugiat provident ut autem.',1,0,'galleries/3.jpg',1,'published','2023-09-26 16:38:15','2023-09-26 16:38:15'),(4,'Shoes','Officiis vel sed ut cumque illo explicabo unde. Inventore quia cupiditate nobis et est earum. Earum libero eveniet eaque neque amet sunt debitis.',1,0,'galleries/4.jpg',1,'published','2023-09-26 16:38:15','2023-09-26 16:38:15'),(5,'Denim','Quia eos et occaecati iusto. Modi distinctio perspiciatis ea nesciunt saepe quia sapiente. Sint optio dolore rem unde dolores nesciunt quas.',1,0,'galleries/5.jpg',1,'published','2023-09-26 16:38:15','2023-09-26 16:38:15'),(6,'Dress','Laborum molestiae consequatur repellat beatae perferendis. Pariatur voluptatem omnis quos similique inventore repellendus.',1,0,'galleries/6.jpg',1,'published','2023-09-26 16:38:15','2023-09-26 16:38:15');

--
-- Table structure for table `galleries_translations`
--

CREATE TABLE `galleries_translations` (
  `lang_code` varchar(191) COLLATE utf8mb4_unicode_ci NOT NULL,
  `galleries_id` bigint unsigned NOT NULL,
  `name` varchar(255) COLLATE utf8mb4_unicode_ci DEFAULT NULL,
  `description` longtext COLLATE utf8mb4_unicode_ci,
  PRIMARY KEY (`lang_code`,`galleries_id`)
) ENGINE=InnoDB DEFAULT CHARSET=utf8mb4 COLLATE=utf8mb4_unicode_ci;

--
-- Dumping data for table `galleries_translations`
--


--
-- Table structure for table `gallery_meta`
--

CREATE TABLE `gallery_meta` (
  `id` bigint unsigned NOT NULL AUTO_INCREMENT,
  `images` text COLLATE utf8mb4_unicode_ci,
  `reference_id` bigint unsigned NOT NULL,
  `reference_type` varchar(120) COLLATE utf8mb4_unicode_ci NOT NULL,
  `created_at` timestamp NULL DEFAULT NULL,
  `updated_at` timestamp NULL DEFAULT NULL,
  PRIMARY KEY (`id`),
  KEY `gallery_meta_reference_id_index` (`reference_id`)
) ENGINE=InnoDB AUTO_INCREMENT=7 DEFAULT CHARSET=utf8mb4 COLLATE=utf8mb4_unicode_ci;

--
-- Dumping data for table `gallery_meta`
--

INSERT INTO `gallery_meta` VALUES (1,'[{\"img\":\"galleries\\/1.jpg\",\"description\":\"Fuga expedita facere cupiditate ut. Sunt itaque explicabo necessitatibus omnis pariatur. Nihil nihil sint mollitia cupiditate veniam ipsam.\"},{\"img\":\"galleries\\/2.jpg\",\"description\":\"Eos odio provident officia quis et. Ut et nemo dolore repellendus ut aut. Corporis deserunt consequuntur ea dolor excepturi dignissimos.\"},{\"img\":\"galleries\\/3.jpg\",\"description\":\"Omnis non eum omnis omnis. Reiciendis sunt ut ipsa ducimus nihil. Odio repudiandae aliquid in. Veritatis minus qui ut.\"},{\"img\":\"galleries\\/4.jpg\",\"description\":\"Est quae sit repellendus nihil ducimus nam itaque. Molestiae laboriosam et fuga sint sequi quo dolor. Quia corrupti facilis labore harum et.\"},{\"img\":\"galleries\\/5.jpg\",\"description\":\"Ut est vitae culpa quasi est. Totam vitae ut eligendi amet sit dolore. Fugiat est recusandae tenetur. Earum et sint rem delectus et qui magnam.\"},{\"img\":\"galleries\\/6.jpg\",\"description\":\"Enim cum officiis repudiandae totam. Ea sequi adipisci omnis aut odio voluptas quis. Velit tenetur facere explicabo rem labore delectus impedit.\"},{\"img\":\"galleries\\/7.jpg\",\"description\":\"Et aut iusto aut recusandae cupiditate. Dolorum accusantium perspiciatis asperiores et. Commodi debitis et qui et saepe.\"},{\"img\":\"galleries\\/8.jpg\",\"description\":\"Perspiciatis non neque voluptates. Minus et ut et quisquam veniam. Vel asperiores vero pariatur voluptatem ut tempora est.\"},{\"img\":\"galleries\\/9.jpg\",\"description\":\"Dolore quis ea quae optio voluptatibus. Eveniet id ut saepe. Est repudiandae ut excepturi voluptatem illum sed optio.\"},{\"img\":\"galleries\\/10.jpg\",\"description\":\"Reiciendis aut sed fugit omnis. Ab aliquam eius eos ducimus ducimus. Quo est nemo facere aliquid magni et.\"}]',1,'Botble\\Gallery\\Models\\Gallery','2023-09-26 16:38:15','2023-09-26 16:38:15'),(2,'[{\"img\":\"galleries\\/1.jpg\",\"description\":\"Fuga expedita facere cupiditate ut. Sunt itaque explicabo necessitatibus omnis pariatur. Nihil nihil sint mollitia cupiditate veniam ipsam.\"},{\"img\":\"galleries\\/2.jpg\",\"description\":\"Eos odio provident officia quis et. Ut et nemo dolore repellendus ut aut. Corporis deserunt consequuntur ea dolor excepturi dignissimos.\"},{\"img\":\"galleries\\/3.jpg\",\"description\":\"Omnis non eum omnis omnis. Reiciendis sunt ut ipsa ducimus nihil. Odio repudiandae aliquid in. Veritatis minus qui ut.\"},{\"img\":\"galleries\\/4.jpg\",\"description\":\"Est quae sit repellendus nihil ducimus nam itaque. Molestiae laboriosam et fuga sint sequi quo dolor. Quia corrupti facilis labore harum et.\"},{\"img\":\"galleries\\/5.jpg\",\"description\":\"Ut est vitae culpa quasi est. Totam vitae ut eligendi amet sit dolore. Fugiat est recusandae tenetur. Earum et sint rem delectus et qui magnam.\"},{\"img\":\"galleries\\/6.jpg\",\"description\":\"Enim cum officiis repudiandae totam. Ea sequi adipisci omnis aut odio voluptas quis. Velit tenetur facere explicabo rem labore delectus impedit.\"},{\"img\":\"galleries\\/7.jpg\",\"description\":\"Et aut iusto aut recusandae cupiditate. Dolorum accusantium perspiciatis asperiores et. Commodi debitis et qui et saepe.\"},{\"img\":\"galleries\\/8.jpg\",\"description\":\"Perspiciatis non neque voluptates. Minus et ut et quisquam veniam. Vel asperiores vero pariatur voluptatem ut tempora est.\"},{\"img\":\"galleries\\/9.jpg\",\"description\":\"Dolore quis ea quae optio voluptatibus. Eveniet id ut saepe. Est repudiandae ut excepturi voluptatem illum sed optio.\"},{\"img\":\"galleries\\/10.jpg\",\"description\":\"Reiciendis aut sed fugit omnis. Ab aliquam eius eos ducimus ducimus. Quo est nemo facere aliquid magni et.\"}]',2,'Botble\\Gallery\\Models\\Gallery','2023-09-26 16:38:15','2023-09-26 16:38:15'),(3,'[{\"img\":\"galleries\\/1.jpg\",\"description\":\"Fuga expedita facere cupiditate ut. Sunt itaque explicabo necessitatibus omnis pariatur. Nihil nihil sint mollitia cupiditate veniam ipsam.\"},{\"img\":\"galleries\\/2.jpg\",\"description\":\"Eos odio provident officia quis et. Ut et nemo dolore repellendus ut aut. Corporis deserunt consequuntur ea dolor excepturi dignissimos.\"},{\"img\":\"galleries\\/3.jpg\",\"description\":\"Omnis non eum omnis omnis. Reiciendis sunt ut ipsa ducimus nihil. Odio repudiandae aliquid in. Veritatis minus qui ut.\"},{\"img\":\"galleries\\/4.jpg\",\"description\":\"Est quae sit repellendus nihil ducimus nam itaque. Molestiae laboriosam et fuga sint sequi quo dolor. Quia corrupti facilis labore harum et.\"},{\"img\":\"galleries\\/5.jpg\",\"description\":\"Ut est vitae culpa quasi est. Totam vitae ut eligendi amet sit dolore. Fugiat est recusandae tenetur. Earum et sint rem delectus et qui magnam.\"},{\"img\":\"galleries\\/6.jpg\",\"description\":\"Enim cum officiis repudiandae totam. Ea sequi adipisci omnis aut odio voluptas quis. Velit tenetur facere explicabo rem labore delectus impedit.\"},{\"img\":\"galleries\\/7.jpg\",\"description\":\"Et aut iusto aut recusandae cupiditate. Dolorum accusantium perspiciatis asperiores et. Commodi debitis et qui et saepe.\"},{\"img\":\"galleries\\/8.jpg\",\"description\":\"Perspiciatis non neque voluptates. Minus et ut et quisquam veniam. Vel asperiores vero pariatur voluptatem ut tempora est.\"},{\"img\":\"galleries\\/9.jpg\",\"description\":\"Dolore quis ea quae optio voluptatibus. Eveniet id ut saepe. Est repudiandae ut excepturi voluptatem illum sed optio.\"},{\"img\":\"galleries\\/10.jpg\",\"description\":\"Reiciendis aut sed fugit omnis. Ab aliquam eius eos ducimus ducimus. Quo est nemo facere aliquid magni et.\"}]',3,'Botble\\Gallery\\Models\\Gallery','2023-09-26 16:38:15','2023-09-26 16:38:15'),(4,'[{\"img\":\"galleries\\/1.jpg\",\"description\":\"Fuga expedita facere cupiditate ut. Sunt itaque explicabo necessitatibus omnis pariatur. Nihil nihil sint mollitia cupiditate veniam ipsam.\"},{\"img\":\"galleries\\/2.jpg\",\"description\":\"Eos odio provident officia quis et. Ut et nemo dolore repellendus ut aut. Corporis deserunt consequuntur ea dolor excepturi dignissimos.\"},{\"img\":\"galleries\\/3.jpg\",\"description\":\"Omnis non eum omnis omnis. Reiciendis sunt ut ipsa ducimus nihil. Odio repudiandae aliquid in. Veritatis minus qui ut.\"},{\"img\":\"galleries\\/4.jpg\",\"description\":\"Est quae sit repellendus nihil ducimus nam itaque. Molestiae laboriosam et fuga sint sequi quo dolor. Quia corrupti facilis labore harum et.\"},{\"img\":\"galleries\\/5.jpg\",\"description\":\"Ut est vitae culpa quasi est. Totam vitae ut eligendi amet sit dolore. Fugiat est recusandae tenetur. Earum et sint rem delectus et qui magnam.\"},{\"img\":\"galleries\\/6.jpg\",\"description\":\"Enim cum officiis repudiandae totam. Ea sequi adipisci omnis aut odio voluptas quis. Velit tenetur facere explicabo rem labore delectus impedit.\"},{\"img\":\"galleries\\/7.jpg\",\"description\":\"Et aut iusto aut recusandae cupiditate. Dolorum accusantium perspiciatis asperiores et. Commodi debitis et qui et saepe.\"},{\"img\":\"galleries\\/8.jpg\",\"description\":\"Perspiciatis non neque voluptates. Minus et ut et quisquam veniam. Vel asperiores vero pariatur voluptatem ut tempora est.\"},{\"img\":\"galleries\\/9.jpg\",\"description\":\"Dolore quis ea quae optio voluptatibus. Eveniet id ut saepe. Est repudiandae ut excepturi voluptatem illum sed optio.\"},{\"img\":\"galleries\\/10.jpg\",\"description\":\"Reiciendis aut sed fugit omnis. Ab aliquam eius eos ducimus ducimus. Quo est nemo facere aliquid magni et.\"}]',4,'Botble\\Gallery\\Models\\Gallery','2023-09-26 16:38:15','2023-09-26 16:38:15'),(5,'[{\"img\":\"galleries\\/1.jpg\",\"description\":\"Fuga expedita facere cupiditate ut. Sunt itaque explicabo necessitatibus omnis pariatur. Nihil nihil sint mollitia cupiditate veniam ipsam.\"},{\"img\":\"galleries\\/2.jpg\",\"description\":\"Eos odio provident officia quis et. Ut et nemo dolore repellendus ut aut. Corporis deserunt consequuntur ea dolor excepturi dignissimos.\"},{\"img\":\"galleries\\/3.jpg\",\"description\":\"Omnis non eum omnis omnis. Reiciendis sunt ut ipsa ducimus nihil. Odio repudiandae aliquid in. Veritatis minus qui ut.\"},{\"img\":\"galleries\\/4.jpg\",\"description\":\"Est quae sit repellendus nihil ducimus nam itaque. Molestiae laboriosam et fuga sint sequi quo dolor. Quia corrupti facilis labore harum et.\"},{\"img\":\"galleries\\/5.jpg\",\"description\":\"Ut est vitae culpa quasi est. Totam vitae ut eligendi amet sit dolore. Fugiat est recusandae tenetur. Earum et sint rem delectus et qui magnam.\"},{\"img\":\"galleries\\/6.jpg\",\"description\":\"Enim cum officiis repudiandae totam. Ea sequi adipisci omnis aut odio voluptas quis. Velit tenetur facere explicabo rem labore delectus impedit.\"},{\"img\":\"galleries\\/7.jpg\",\"description\":\"Et aut iusto aut recusandae cupiditate. Dolorum accusantium perspiciatis asperiores et. Commodi debitis et qui et saepe.\"},{\"img\":\"galleries\\/8.jpg\",\"description\":\"Perspiciatis non neque voluptates. Minus et ut et quisquam veniam. Vel asperiores vero pariatur voluptatem ut tempora est.\"},{\"img\":\"galleries\\/9.jpg\",\"description\":\"Dolore quis ea quae optio voluptatibus. Eveniet id ut saepe. Est repudiandae ut excepturi voluptatem illum sed optio.\"},{\"img\":\"galleries\\/10.jpg\",\"description\":\"Reiciendis aut sed fugit omnis. Ab aliquam eius eos ducimus ducimus. Quo est nemo facere aliquid magni et.\"}]',5,'Botble\\Gallery\\Models\\Gallery','2023-09-26 16:38:15','2023-09-26 16:38:15'),(6,'[{\"img\":\"galleries\\/1.jpg\",\"description\":\"Fuga expedita facere cupiditate ut. Sunt itaque explicabo necessitatibus omnis pariatur. Nihil nihil sint mollitia cupiditate veniam ipsam.\"},{\"img\":\"galleries\\/2.jpg\",\"description\":\"Eos odio provident officia quis et. Ut et nemo dolore repellendus ut aut. Corporis deserunt consequuntur ea dolor excepturi dignissimos.\"},{\"img\":\"galleries\\/3.jpg\",\"description\":\"Omnis non eum omnis omnis. Reiciendis sunt ut ipsa ducimus nihil. Odio repudiandae aliquid in. Veritatis minus qui ut.\"},{\"img\":\"galleries\\/4.jpg\",\"description\":\"Est quae sit repellendus nihil ducimus nam itaque. Molestiae laboriosam et fuga sint sequi quo dolor. Quia corrupti facilis labore harum et.\"},{\"img\":\"galleries\\/5.jpg\",\"description\":\"Ut est vitae culpa quasi est. Totam vitae ut eligendi amet sit dolore. Fugiat est recusandae tenetur. Earum et sint rem delectus et qui magnam.\"},{\"img\":\"galleries\\/6.jpg\",\"description\":\"Enim cum officiis repudiandae totam. Ea sequi adipisci omnis aut odio voluptas quis. Velit tenetur facere explicabo rem labore delectus impedit.\"},{\"img\":\"galleries\\/7.jpg\",\"description\":\"Et aut iusto aut recusandae cupiditate. Dolorum accusantium perspiciatis asperiores et. Commodi debitis et qui et saepe.\"},{\"img\":\"galleries\\/8.jpg\",\"description\":\"Perspiciatis non neque voluptates. Minus et ut et quisquam veniam. Vel asperiores vero pariatur voluptatem ut tempora est.\"},{\"img\":\"galleries\\/9.jpg\",\"description\":\"Dolore quis ea quae optio voluptatibus. Eveniet id ut saepe. Est repudiandae ut excepturi voluptatem illum sed optio.\"},{\"img\":\"galleries\\/10.jpg\",\"description\":\"Reiciendis aut sed fugit omnis. Ab aliquam eius eos ducimus ducimus. Quo est nemo facere aliquid magni et.\"}]',6,'Botble\\Gallery\\Models\\Gallery','2023-09-26 16:38:15','2023-09-26 16:38:15');

--
-- Table structure for table `gallery_meta_translations`
--

CREATE TABLE `gallery_meta_translations` (
  `lang_code` varchar(191) COLLATE utf8mb4_unicode_ci NOT NULL,
  `gallery_meta_id` bigint unsigned NOT NULL,
  `images` text COLLATE utf8mb4_unicode_ci,
  PRIMARY KEY (`lang_code`,`gallery_meta_id`)
) ENGINE=InnoDB DEFAULT CHARSET=utf8mb4 COLLATE=utf8mb4_unicode_ci;

--
-- Dumping data for table `gallery_meta_translations`
--


--
-- Table structure for table `jobs`
--

CREATE TABLE `jobs` (
  `id` bigint unsigned NOT NULL AUTO_INCREMENT,
  `queue` varchar(191) COLLATE utf8mb4_unicode_ci NOT NULL,
  `payload` longtext COLLATE utf8mb4_unicode_ci NOT NULL,
  `attempts` tinyint unsigned NOT NULL,
  `reserved_at` int unsigned DEFAULT NULL,
  `available_at` int unsigned NOT NULL,
  `created_at` int unsigned NOT NULL,
  PRIMARY KEY (`id`),
  KEY `jobs_queue_index` (`queue`)
) ENGINE=InnoDB DEFAULT CHARSET=utf8mb4 COLLATE=utf8mb4_unicode_ci;

--
-- Dumping data for table `jobs`
--


--
-- Table structure for table `language_meta`
--

CREATE TABLE `language_meta` (
  `lang_meta_id` bigint unsigned NOT NULL AUTO_INCREMENT,
  `lang_meta_code` varchar(20) CHARACTER SET utf8mb4 COLLATE utf8mb4_unicode_ci DEFAULT NULL,
  `lang_meta_origin` varchar(32) CHARACTER SET utf8mb4 COLLATE utf8mb4_unicode_ci NOT NULL,
  `reference_id` bigint unsigned NOT NULL,
  `reference_type` varchar(120) COLLATE utf8mb4_unicode_ci NOT NULL,
  PRIMARY KEY (`lang_meta_id`),
  KEY `language_meta_reference_id_index` (`reference_id`),
  KEY `meta_code_index` (`lang_meta_code`),
  KEY `meta_origin_index` (`lang_meta_origin`),
  KEY `meta_reference_type_index` (`reference_type`)
) ENGINE=InnoDB AUTO_INCREMENT=5 DEFAULT CHARSET=utf8mb4 COLLATE=utf8mb4_unicode_ci;

--
-- Dumping data for table `language_meta`
--

INSERT INTO `language_meta` VALUES (1,'en_US','72e2c5c6a8ad2bf0ec629f43b1b7fe13',1,'Botble\\SimpleSlider\\Models\\SimpleSlider'),(2,'en_US','bc9d538211e1cea8fa5ffca54a4bc038',1,'Botble\\Menu\\Models\\MenuLocation'),(3,'en_US','6b41002b3647f7d0aa63140efd8fc224',1,'Botble\\Menu\\Models\\Menu'),(4,'en_US','79e40beeed9cd65eefb7861436386903',2,'Botble\\Menu\\Models\\Menu');

--
-- Table structure for table `languages`
--

CREATE TABLE `languages` (
  `lang_id` bigint unsigned NOT NULL AUTO_INCREMENT,
  `lang_name` varchar(120) COLLATE utf8mb4_unicode_ci NOT NULL,
  `lang_locale` varchar(20) COLLATE utf8mb4_unicode_ci NOT NULL,
  `lang_code` varchar(20) COLLATE utf8mb4_unicode_ci NOT NULL,
  `lang_flag` varchar(20) COLLATE utf8mb4_unicode_ci DEFAULT NULL,
  `lang_is_default` tinyint unsigned NOT NULL DEFAULT '0',
  `lang_order` int NOT NULL DEFAULT '0',
  `lang_is_rtl` tinyint unsigned NOT NULL DEFAULT '0',
  PRIMARY KEY (`lang_id`),
  KEY `lang_locale_index` (`lang_locale`),
  KEY `lang_code_index` (`lang_code`),
  KEY `lang_is_default_index` (`lang_is_default`)
) ENGINE=InnoDB AUTO_INCREMENT=2 DEFAULT CHARSET=utf8mb4 COLLATE=utf8mb4_unicode_ci;

--
-- Dumping data for table `languages`
--

INSERT INTO `languages` VALUES (1,'English','en','en_US','us',1,0,0);

--
-- Table structure for table `media_files`
--

CREATE TABLE `media_files` (
  `id` bigint unsigned NOT NULL AUTO_INCREMENT,
  `user_id` bigint unsigned NOT NULL,
  `name` varchar(255) COLLATE utf8mb4_unicode_ci NOT NULL,
  `alt` varchar(191) COLLATE utf8mb4_unicode_ci DEFAULT NULL,
  `folder_id` bigint unsigned NOT NULL DEFAULT '0',
  `mime_type` varchar(120) COLLATE utf8mb4_unicode_ci NOT NULL,
  `size` int NOT NULL,
  `url` varchar(255) COLLATE utf8mb4_unicode_ci NOT NULL,
  `options` text COLLATE utf8mb4_unicode_ci,
  `created_at` timestamp NULL DEFAULT NULL,
  `updated_at` timestamp NULL DEFAULT NULL,
  `deleted_at` timestamp NULL DEFAULT NULL,
  PRIMARY KEY (`id`),
  KEY `media_files_user_id_index` (`user_id`),
  KEY `media_files_index` (`folder_id`,`user_id`,`created_at`)
) ENGINE=InnoDB AUTO_INCREMENT=86 DEFAULT CHARSET=utf8mb4 COLLATE=utf8mb4_unicode_ci;

--
-- Dumping data for table `media_files`
--

INSERT INTO `media_files` VALUES (1,0,'1','1',1,'image/png',755,'brands/1.png','[]','2023-09-26 16:38:06','2023-09-26 16:38:06',NULL),(2,0,'2','2',1,'image/png',755,'brands/2.png','[]','2023-09-26 16:38:06','2023-09-26 16:38:06',NULL),(3,0,'3','3',1,'image/png',755,'brands/3.png','[]','2023-09-26 16:38:06','2023-09-26 16:38:06',NULL),(4,0,'4','4',1,'image/png',755,'brands/4.png','[]','2023-09-26 16:38:06','2023-09-26 16:38:06',NULL),(5,0,'5','5',1,'image/png',755,'brands/5.png','[]','2023-09-26 16:38:06','2023-09-26 16:38:06',NULL),(6,0,'6','6',1,'image/png',755,'brands/6.png','[]','2023-09-26 16:38:06','2023-09-26 16:38:06',NULL),(7,0,'7','7',1,'image/png',755,'brands/7.png','[]','2023-09-26 16:38:06','2023-09-26 16:38:06',NULL),(8,0,'1','1',2,'image/png',2165,'product-categories/1.png','[]','2023-09-26 16:38:06','2023-09-26 16:38:06',NULL),(9,0,'2','2',2,'image/png',2165,'product-categories/2.png','[]','2023-09-26 16:38:06','2023-09-26 16:38:06',NULL),(10,0,'3','3',2,'image/png',2165,'product-categories/3.png','[]','2023-09-26 16:38:06','2023-09-26 16:38:06',NULL),(11,0,'4','4',2,'image/png',2165,'product-categories/4.png','[]','2023-09-26 16:38:06','2023-09-26 16:38:06',NULL),(12,0,'5','5',2,'image/png',2165,'product-categories/5.png','[]','2023-09-26 16:38:06','2023-09-26 16:38:06',NULL),(13,0,'6','6',2,'image/png',2165,'product-categories/6.png','[]','2023-09-26 16:38:06','2023-09-26 16:38:06',NULL),(14,0,'7','7',2,'image/png',2165,'product-categories/7.png','[]','2023-09-26 16:38:06','2023-09-26 16:38:06',NULL),(15,0,'1','1',3,'image/jpeg',2165,'product-collections/1.jpg','[]','2023-09-26 16:38:06','2023-09-26 16:38:06',NULL),(16,0,'2','2',3,'image/jpeg',2165,'product-collections/2.jpg','[]','2023-09-26 16:38:06','2023-09-26 16:38:06',NULL),(17,0,'3','3',3,'image/jpeg',2165,'product-collections/3.jpg','[]','2023-09-26 16:38:06','2023-09-26 16:38:06',NULL),(18,0,'4','4',3,'image/jpeg',2165,'product-collections/4.jpg','[]','2023-09-26 16:38:06','2023-09-26 16:38:06',NULL),(19,0,'1-1','1-1',4,'image/jpeg',2165,'products/1-1.jpg','[]','2023-09-26 16:38:07','2023-09-26 16:38:07',NULL),(20,0,'1','1',4,'image/jpeg',2165,'products/1.jpg','[]','2023-09-26 16:38:07','2023-09-26 16:38:07',NULL),(21,0,'10-1','10-1',4,'image/jpeg',2165,'products/10-1.jpg','[]','2023-09-26 16:38:07','2023-09-26 16:38:07',NULL),(22,0,'10-2','10-2',4,'image/jpeg',2165,'products/10-2.jpg','[]','2023-09-26 16:38:07','2023-09-26 16:38:07',NULL),(23,0,'10','10',4,'image/jpeg',2165,'products/10.jpg','[]','2023-09-26 16:38:07','2023-09-26 16:38:07',NULL),(24,0,'11','11',4,'image/jpeg',2165,'products/11.jpg','[]','2023-09-26 16:38:07','2023-09-26 16:38:07',NULL),(25,0,'2-1','2-1',4,'image/jpeg',2165,'products/2-1.jpg','[]','2023-09-26 16:38:07','2023-09-26 16:38:07',NULL),(26,0,'2-2','2-2',4,'image/jpeg',2165,'products/2-2.jpg','[]','2023-09-26 16:38:07','2023-09-26 16:38:07',NULL),(27,0,'2-3','2-3',4,'image/jpeg',2165,'products/2-3.jpg','[]','2023-09-26 16:38:07','2023-09-26 16:38:07',NULL),(28,0,'2','2',4,'image/jpeg',2165,'products/2.jpg','[]','2023-09-26 16:38:07','2023-09-26 16:38:07',NULL),(29,0,'3-1','3-1',4,'image/jpeg',2165,'products/3-1.jpg','[]','2023-09-26 16:38:07','2023-09-26 16:38:07',NULL),(30,0,'3-2','3-2',4,'image/jpeg',2165,'products/3-2.jpg','[]','2023-09-26 16:38:07','2023-09-26 16:38:07',NULL),(31,0,'3-3','3-3',4,'image/jpeg',2165,'products/3-3.jpg','[]','2023-09-26 16:38:07','2023-09-26 16:38:07',NULL),(32,0,'3','3',4,'image/jpeg',2165,'products/3.jpg','[]','2023-09-26 16:38:07','2023-09-26 16:38:07',NULL),(33,0,'4-1','4-1',4,'image/jpeg',2165,'products/4-1.jpg','[]','2023-09-26 16:38:07','2023-09-26 16:38:07',NULL),(34,0,'4-2','4-2',4,'image/jpeg',2165,'products/4-2.jpg','[]','2023-09-26 16:38:07','2023-09-26 16:38:07',NULL),(35,0,'4','4',4,'image/jpeg',2165,'products/4.jpg','[]','2023-09-26 16:38:07','2023-09-26 16:38:07',NULL),(36,0,'5-1','5-1',4,'image/jpeg',2165,'products/5-1.jpg','[]','2023-09-26 16:38:07','2023-09-26 16:38:07',NULL),(37,0,'5-2','5-2',4,'image/jpeg',2165,'products/5-2.jpg','[]','2023-09-26 16:38:08','2023-09-26 16:38:08',NULL),(38,0,'5','5',4,'image/jpeg',2165,'products/5.jpg','[]','2023-09-26 16:38:08','2023-09-26 16:38:08',NULL),(39,0,'6-1','6-1',4,'image/jpeg',2165,'products/6-1.jpg','[]','2023-09-26 16:38:08','2023-09-26 16:38:08',NULL),(40,0,'6','6',4,'image/jpeg',2165,'products/6.jpg','[]','2023-09-26 16:38:08','2023-09-26 16:38:08',NULL),(41,0,'7-1','7-1',4,'image/jpeg',2165,'products/7-1.jpg','[]','2023-09-26 16:38:08','2023-09-26 16:38:08',NULL),(42,0,'7-2','7-2',4,'image/jpeg',2165,'products/7-2.jpg','[]','2023-09-26 16:38:08','2023-09-26 16:38:08',NULL),(43,0,'7','7',4,'image/jpeg',2165,'products/7.jpg','[]','2023-09-26 16:38:08','2023-09-26 16:38:08',NULL),(44,0,'8','8',4,'image/jpeg',2165,'products/8.jpg','[]','2023-09-26 16:38:08','2023-09-26 16:38:08',NULL),(45,0,'9','9',4,'image/jpeg',2165,'products/9.jpg','[]','2023-09-26 16:38:08','2023-09-26 16:38:08',NULL),(46,0,'1','1',5,'image/jpeg',2165,'customers/1.jpg','[]','2023-09-26 16:38:09','2023-09-26 16:38:09',NULL),(47,0,'10','10',5,'image/jpeg',2165,'customers/10.jpg','[]','2023-09-26 16:38:09','2023-09-26 16:38:09',NULL),(48,0,'2','2',5,'image/jpeg',2165,'customers/2.jpg','[]','2023-09-26 16:38:09','2023-09-26 16:38:09',NULL),(49,0,'3','3',5,'image/jpeg',2165,'customers/3.jpg','[]','2023-09-26 16:38:09','2023-09-26 16:38:09',NULL),(50,0,'4','4',5,'image/jpeg',2165,'customers/4.jpg','[]','2023-09-26 16:38:09','2023-09-26 16:38:09',NULL),(51,0,'5','5',5,'image/jpeg',2165,'customers/5.jpg','[]','2023-09-26 16:38:09','2023-09-26 16:38:09',NULL),(52,0,'6','6',5,'image/jpeg',2165,'customers/6.jpg','[]','2023-09-26 16:38:09','2023-09-26 16:38:09',NULL),(53,0,'7','7',5,'image/jpeg',2165,'customers/7.jpg','[]','2023-09-26 16:38:09','2023-09-26 16:38:09',NULL),(54,0,'8','8',5,'image/jpeg',2165,'customers/8.jpg','[]','2023-09-26 16:38:09','2023-09-26 16:38:09',NULL),(55,0,'9','9',5,'image/jpeg',2165,'customers/9.jpg','[]','2023-09-26 16:38:09','2023-09-26 16:38:09',NULL),(56,0,'1','1',6,'image/jpeg',2147,'flash-sales/1.jpg','[]','2023-09-26 16:38:13','2023-09-26 16:38:13',NULL),(57,0,'2','2',6,'image/jpeg',2147,'flash-sales/2.jpg','[]','2023-09-26 16:38:13','2023-09-26 16:38:13',NULL),(58,0,'1','1',7,'image/jpeg',8290,'sliders/1.jpg','[]','2023-09-26 16:38:13','2023-09-26 16:38:13',NULL),(59,0,'2','2',7,'image/jpeg',8290,'sliders/2.jpg','[]','2023-09-26 16:38:13','2023-09-26 16:38:13',NULL),(60,0,'3','3',7,'image/jpeg',8290,'sliders/3.jpg','[]','2023-09-26 16:38:13','2023-09-26 16:38:13',NULL),(61,0,'1','1',8,'image/jpeg',2165,'news/1.jpg','[]','2023-09-26 16:38:14','2023-09-26 16:38:14',NULL),(62,0,'10','10',8,'image/jpeg',2165,'news/10.jpg','[]','2023-09-26 16:38:14','2023-09-26 16:38:14',NULL),(63,0,'11','11',8,'image/jpeg',2165,'news/11.jpg','[]','2023-09-26 16:38:14','2023-09-26 16:38:14',NULL),(64,0,'2','2',8,'image/jpeg',2165,'news/2.jpg','[]','2023-09-26 16:38:14','2023-09-26 16:38:14',NULL),(65,0,'3','3',8,'image/jpeg',2165,'news/3.jpg','[]','2023-09-26 16:38:14','2023-09-26 16:38:14',NULL),(66,0,'4','4',8,'image/jpeg',2165,'news/4.jpg','[]','2023-09-26 16:38:14','2023-09-26 16:38:14',NULL),(67,0,'5','5',8,'image/jpeg',2165,'news/5.jpg','[]','2023-09-26 16:38:14','2023-09-26 16:38:14',NULL),(68,0,'6','6',8,'image/jpeg',2165,'news/6.jpg','[]','2023-09-26 16:38:14','2023-09-26 16:38:14',NULL),(69,0,'7','7',8,'image/jpeg',2165,'news/7.jpg','[]','2023-09-26 16:38:14','2023-09-26 16:38:14',NULL),(70,0,'8','8',8,'image/jpeg',2165,'news/8.jpg','[]','2023-09-26 16:38:14','2023-09-26 16:38:14',NULL),(71,0,'9','9',8,'image/jpeg',2165,'news/9.jpg','[]','2023-09-26 16:38:15','2023-09-26 16:38:15',NULL),(72,0,'1','1',9,'image/jpeg',2165,'galleries/1.jpg','[]','2023-09-26 16:38:15','2023-09-26 16:38:15',NULL),(73,0,'10','10',9,'image/jpeg',2165,'galleries/10.jpg','[]','2023-09-26 16:38:15','2023-09-26 16:38:15',NULL),(74,0,'2','2',9,'image/jpeg',2165,'galleries/2.jpg','[]','2023-09-26 16:38:15','2023-09-26 16:38:15',NULL),(75,0,'3','3',9,'image/jpeg',2165,'galleries/3.jpg','[]','2023-09-26 16:38:15','2023-09-26 16:38:15',NULL),(76,0,'4','4',9,'image/jpeg',2165,'galleries/4.jpg','[]','2023-09-26 16:38:15','2023-09-26 16:38:15',NULL),(77,0,'5','5',9,'image/jpeg',2165,'galleries/5.jpg','[]','2023-09-26 16:38:15','2023-09-26 16:38:15',NULL),(78,0,'6','6',9,'image/jpeg',2165,'galleries/6.jpg','[]','2023-09-26 16:38:15','2023-09-26 16:38:15',NULL),(79,0,'7','7',9,'image/jpeg',2165,'galleries/7.jpg','[]','2023-09-26 16:38:15','2023-09-26 16:38:15',NULL),(80,0,'8','8',9,'image/jpeg',2165,'galleries/8.jpg','[]','2023-09-26 16:38:15','2023-09-26 16:38:15',NULL),(81,0,'9','9',9,'image/jpeg',2165,'galleries/9.jpg','[]','2023-09-26 16:38:15','2023-09-26 16:38:15',NULL),(82,0,'favicon','favicon',10,'image/png',14500,'general/favicon.png','[]','2023-09-26 16:38:16','2023-09-26 16:38:16',NULL),(83,0,'logo-light','logo-light',10,'image/png',35316,'general/logo-light.png','[]','2023-09-26 16:38:16','2023-09-26 16:38:16',NULL),(84,0,'logo','logo',10,'image/png',41654,'general/logo.png','[]','2023-09-26 16:38:16','2023-09-26 16:38:16',NULL),(85,0,'open-graph-image','open-graph-image',10,'image/png',580691,'general/open-graph-image.png','[]','2023-09-26 16:38:16','2023-09-26 16:38:16',NULL);

--
-- Table structure for table `media_folders`
--

CREATE TABLE `media_folders` (
  `id` bigint unsigned NOT NULL AUTO_INCREMENT,
  `user_id` bigint unsigned NOT NULL,
  `name` varchar(191) COLLATE utf8mb4_unicode_ci DEFAULT NULL,
  `slug` varchar(191) COLLATE utf8mb4_unicode_ci DEFAULT NULL,
  `parent_id` bigint unsigned NOT NULL DEFAULT '0',
  `created_at` timestamp NULL DEFAULT NULL,
  `updated_at` timestamp NULL DEFAULT NULL,
  `deleted_at` timestamp NULL DEFAULT NULL,
  PRIMARY KEY (`id`),
  KEY `media_folders_user_id_index` (`user_id`),
  KEY `media_folders_index` (`parent_id`,`user_id`,`created_at`)
) ENGINE=InnoDB AUTO_INCREMENT=11 DEFAULT CHARSET=utf8mb4 COLLATE=utf8mb4_unicode_ci;

--
-- Dumping data for table `media_folders`
--

INSERT INTO `media_folders` VALUES (1,0,'brands','brands',0,'2023-09-26 16:38:06','2023-09-26 16:38:06',NULL),(2,0,'product-categories','product-categories',0,'2023-09-26 16:38:06','2023-09-26 16:38:06',NULL),(3,0,'product-collections','product-collections',0,'2023-09-26 16:38:06','2023-09-26 16:38:06',NULL),(4,0,'products','products',0,'2023-09-26 16:38:07','2023-09-26 16:38:07',NULL),(5,0,'customers','customers',0,'2023-09-26 16:38:09','2023-09-26 16:38:09',NULL),(6,0,'flash-sales','flash-sales',0,'2023-09-26 16:38:13','2023-09-26 16:38:13',NULL),(7,0,'sliders','sliders',0,'2023-09-26 16:38:13','2023-09-26 16:38:13',NULL),(8,0,'news','news',0,'2023-09-26 16:38:14','2023-09-26 16:38:14',NULL),(9,0,'galleries','galleries',0,'2023-09-26 16:38:15','2023-09-26 16:38:15',NULL),(10,0,'general','general',0,'2023-09-26 16:38:16','2023-09-26 16:38:16',NULL);

--
-- Table structure for table `media_settings`
--

CREATE TABLE `media_settings` (
  `id` bigint unsigned NOT NULL AUTO_INCREMENT,
  `key` varchar(120) COLLATE utf8mb4_unicode_ci NOT NULL,
  `value` text COLLATE utf8mb4_unicode_ci,
  `media_id` bigint unsigned DEFAULT NULL,
  `user_id` bigint unsigned DEFAULT NULL,
  `created_at` timestamp NULL DEFAULT NULL,
  `updated_at` timestamp NULL DEFAULT NULL,
  PRIMARY KEY (`id`)
) ENGINE=InnoDB DEFAULT CHARSET=utf8mb4 COLLATE=utf8mb4_unicode_ci;

--
-- Dumping data for table `media_settings`
--


--
-- Table structure for table `menu_locations`
--

CREATE TABLE `menu_locations` (
  `id` bigint unsigned NOT NULL AUTO_INCREMENT,
  `menu_id` bigint unsigned NOT NULL,
  `location` varchar(120) COLLATE utf8mb4_unicode_ci NOT NULL,
  `created_at` timestamp NULL DEFAULT NULL,
  `updated_at` timestamp NULL DEFAULT NULL,
  PRIMARY KEY (`id`),
  KEY `menu_locations_menu_id_created_at_index` (`menu_id`,`created_at`)
) ENGINE=InnoDB AUTO_INCREMENT=2 DEFAULT CHARSET=utf8mb4 COLLATE=utf8mb4_unicode_ci;

--
-- Dumping data for table `menu_locations`
--

INSERT INTO `menu_locations` VALUES (1,1,'main-menu','2023-09-26 16:38:15','2023-09-26 16:38:15');

--
-- Table structure for table `menu_nodes`
--

CREATE TABLE `menu_nodes` (
  `id` bigint unsigned NOT NULL AUTO_INCREMENT,
  `menu_id` bigint unsigned NOT NULL,
  `parent_id` bigint unsigned NOT NULL DEFAULT '0',
  `reference_id` bigint unsigned DEFAULT NULL,
  `reference_type` varchar(255) COLLATE utf8mb4_unicode_ci DEFAULT NULL,
  `url` varchar(120) COLLATE utf8mb4_unicode_ci DEFAULT NULL,
  `icon_font` varchar(50) COLLATE utf8mb4_unicode_ci DEFAULT NULL,
  `position` tinyint unsigned NOT NULL DEFAULT '0',
  `title` varchar(120) COLLATE utf8mb4_unicode_ci DEFAULT NULL,
  `css_class` varchar(120) COLLATE utf8mb4_unicode_ci DEFAULT NULL,
  `target` varchar(20) COLLATE utf8mb4_unicode_ci NOT NULL DEFAULT '_self',
  `has_child` tinyint unsigned NOT NULL DEFAULT '0',
  `created_at` timestamp NULL DEFAULT NULL,
  `updated_at` timestamp NULL DEFAULT NULL,
  PRIMARY KEY (`id`),
  KEY `menu_nodes_menu_id_index` (`menu_id`),
  KEY `menu_nodes_parent_id_index` (`parent_id`),
  KEY `reference_id` (`reference_id`),
  KEY `reference_type` (`reference_type`)
) ENGINE=InnoDB AUTO_INCREMENT=14 DEFAULT CHARSET=utf8mb4 COLLATE=utf8mb4_unicode_ci;

--
-- Dumping data for table `menu_nodes`
--

INSERT INTO `menu_nodes` VALUES (1,1,0,NULL,NULL,'/',NULL,0,'Home',NULL,'_self',0,'2023-09-26 16:38:15','2023-09-26 16:38:15'),(2,1,0,NULL,NULL,'/products',NULL,0,'Products',NULL,'_self',1,'2023-09-26 16:38:15','2023-09-26 16:38:15'),(3,1,2,1,'Botble\\Ecommerce\\Models\\ProductCategory','/product-categories/office-bags',NULL,0,'Woman wallet',NULL,'_self',0,'2023-09-26 16:38:15','2023-09-26 16:38:16'),(4,1,2,2,'Botble\\Ecommerce\\Models\\ProductCategory','/product-categories/hand-bag',NULL,0,'Office bags',NULL,'_self',0,'2023-09-26 16:38:15','2023-09-26 16:38:16'),(5,1,2,3,'Botble\\Ecommerce\\Models\\ProductCategory','/product-categories/woman',NULL,0,'Hand bag',NULL,'_self',0,'2023-09-26 16:38:15','2023-09-26 16:38:16'),(6,1,2,4,'Botble\\Ecommerce\\Models\\ProductCategory','/product-categories/woman-wallet',NULL,0,'Backpack',NULL,'_self',0,'2023-09-26 16:38:15','2023-09-26 16:38:16'),(7,1,0,2,'Botble\\Page\\Models\\Page','/blog',NULL,0,'Blog',NULL,'_self',0,'2023-09-26 16:38:15','2023-09-26 16:38:16'),(8,1,0,5,'Botble\\Page\\Models\\Page','/faqs',NULL,0,'FAQ',NULL,'_self',0,'2023-09-26 16:38:15','2023-09-26 16:38:16'),(9,1,0,3,'Botble\\Page\\Models\\Page','/contact',NULL,0,'Contact',NULL,'_self',0,'2023-09-26 16:38:15','2023-09-26 16:38:16'),(10,2,0,NULL,NULL,'/login',NULL,0,'Login',NULL,'_self',0,'2023-09-26 16:38:16','2023-09-26 16:38:16'),(11,2,0,NULL,NULL,'/register',NULL,0,'Register',NULL,'_self',0,'2023-09-26 16:38:16','2023-09-26 16:38:16'),(12,2,0,2,'Botble\\Page\\Models\\Page','/blog',NULL,0,'Blog',NULL,'_self',0,'2023-09-26 16:38:16','2023-09-26 16:38:16'),(13,2,0,3,'Botble\\Page\\Models\\Page','/contact',NULL,0,'Contact',NULL,'_self',0,'2023-09-26 16:38:16','2023-09-26 16:38:16');

--
-- Table structure for table `menus`
--

CREATE TABLE `menus` (
  `id` bigint unsigned NOT NULL AUTO_INCREMENT,
  `name` varchar(120) COLLATE utf8mb4_unicode_ci NOT NULL,
  `slug` varchar(120) COLLATE utf8mb4_unicode_ci DEFAULT NULL,
  `status` varchar(60) COLLATE utf8mb4_unicode_ci NOT NULL DEFAULT 'published',
  `created_at` timestamp NULL DEFAULT NULL,
  `updated_at` timestamp NULL DEFAULT NULL,
  PRIMARY KEY (`id`),
  UNIQUE KEY `menus_slug_unique` (`slug`)
) ENGINE=InnoDB AUTO_INCREMENT=3 DEFAULT CHARSET=utf8mb4 COLLATE=utf8mb4_unicode_ci;

--
-- Dumping data for table `menus`
--

INSERT INTO `menus` VALUES (1,'Main menu','main-menu','published','2023-09-26 16:38:15','2023-09-26 16:38:15'),(2,'Customer services','customer-services','published','2023-09-26 16:38:16','2023-09-26 16:38:16');

--
-- Table structure for table `meta_boxes`
--

CREATE TABLE `meta_boxes` (
  `id` bigint unsigned NOT NULL AUTO_INCREMENT,
  `meta_key` varchar(255) COLLATE utf8mb4_unicode_ci NOT NULL,
  `meta_value` text COLLATE utf8mb4_unicode_ci,
  `reference_id` bigint unsigned NOT NULL,
  `reference_type` varchar(120) COLLATE utf8mb4_unicode_ci NOT NULL,
  `created_at` timestamp NULL DEFAULT NULL,
  `updated_at` timestamp NULL DEFAULT NULL,
  PRIMARY KEY (`id`),
  KEY `meta_boxes_reference_id_index` (`reference_id`)
) ENGINE=InnoDB AUTO_INCREMENT=14 DEFAULT CHARSET=utf8mb4 COLLATE=utf8mb4_unicode_ci;

--
-- Dumping data for table `meta_boxes`
--

INSERT INTO `meta_boxes` VALUES (1,'faq_schema_config','[[[{\"key\":\"question\",\"value\":\"What Shipping Methods Are Available?\"},{\"key\":\"answer\",\"value\":\"Ex Portland Pitchfork irure mustache. Eutra fap before they sold out literally. Aliquip ugh bicycle rights actually mlkshk, seitan squid craft beer tempor.\"}],[{\"key\":\"question\",\"value\":\"Do You Ship Internationally?\"},{\"key\":\"answer\",\"value\":\"Hoodie tote bag mixtape tofu. Typewriter jean shorts wolf quinoa, messenger bag organic freegan cray.\"}],[{\"key\":\"question\",\"value\":\"How Long Will It Take To Get My Package?\"},{\"key\":\"answer\",\"value\":\"Swag slow-carb quinoa VHS typewriter pork belly brunch, paleo single-origin coffee Wes Anderson. Flexitarian Pitchfork forage, literally paleo fap pour-over. Wes Anderson Pinterest YOLO fanny pack meggings, deep v XOXO chambray sustainable slow-carb raw denim church-key fap chillwave Etsy. +1 typewriter kitsch, American Apparel tofu Banksy Vice.\"}],[{\"key\":\"question\",\"value\":\"What Payment Methods Are Accepted?\"},{\"key\":\"answer\",\"value\":\"Fashion axe DIY jean shorts, swag kale chips meh polaroid kogi butcher Wes Anderson chambray next level semiotics gentrify yr. Voluptate photo booth fugiat Vice. Austin sed Williamsburg, ea labore raw denim voluptate cred proident mixtape excepteur mustache. Twee chia photo booth readymade food truck, hoodie roof party swag keytar PBR DIY.\"}],[{\"key\":\"question\",\"value\":\"Is Buying On-Line Safe?\"},{\"key\":\"answer\",\"value\":\"Art party authentic freegan semiotics jean shorts chia cred. Neutra Austin roof party Brooklyn, synth Thundercats swag 8-bit photo booth. Plaid letterpress leggings craft beer meh ethical Pinterest.\"}]]]',1,'Botble\\Ecommerce\\Models\\Product','2023-09-26 16:38:08','2023-09-26 16:38:08'),(2,'faq_schema_config','[[[{\"key\":\"question\",\"value\":\"What Shipping Methods Are Available?\"},{\"key\":\"answer\",\"value\":\"Ex Portland Pitchfork irure mustache. Eutra fap before they sold out literally. Aliquip ugh bicycle rights actually mlkshk, seitan squid craft beer tempor.\"}],[{\"key\":\"question\",\"value\":\"Do You Ship Internationally?\"},{\"key\":\"answer\",\"value\":\"Hoodie tote bag mixtape tofu. Typewriter jean shorts wolf quinoa, messenger bag organic freegan cray.\"}],[{\"key\":\"question\",\"value\":\"How Long Will It Take To Get My Package?\"},{\"key\":\"answer\",\"value\":\"Swag slow-carb quinoa VHS typewriter pork belly brunch, paleo single-origin coffee Wes Anderson. Flexitarian Pitchfork forage, literally paleo fap pour-over. Wes Anderson Pinterest YOLO fanny pack meggings, deep v XOXO chambray sustainable slow-carb raw denim church-key fap chillwave Etsy. +1 typewriter kitsch, American Apparel tofu Banksy Vice.\"}],[{\"key\":\"question\",\"value\":\"What Payment Methods Are Accepted?\"},{\"key\":\"answer\",\"value\":\"Fashion axe DIY jean shorts, swag kale chips meh polaroid kogi butcher Wes Anderson chambray next level semiotics gentrify yr. Voluptate photo booth fugiat Vice. Austin sed Williamsburg, ea labore raw denim voluptate cred proident mixtape excepteur mustache. Twee chia photo booth readymade food truck, hoodie roof party swag keytar PBR DIY.\"}],[{\"key\":\"question\",\"value\":\"Is Buying On-Line Safe?\"},{\"key\":\"answer\",\"value\":\"Art party authentic freegan semiotics jean shorts chia cred. Neutra Austin roof party Brooklyn, synth Thundercats swag 8-bit photo booth. Plaid letterpress leggings craft beer meh ethical Pinterest.\"}]]]',2,'Botble\\Ecommerce\\Models\\Product','2023-09-26 16:38:08','2023-09-26 16:38:08'),(3,'faq_schema_config','[[[{\"key\":\"question\",\"value\":\"What Shipping Methods Are Available?\"},{\"key\":\"answer\",\"value\":\"Ex Portland Pitchfork irure mustache. Eutra fap before they sold out literally. Aliquip ugh bicycle rights actually mlkshk, seitan squid craft beer tempor.\"}],[{\"key\":\"question\",\"value\":\"Do You Ship Internationally?\"},{\"key\":\"answer\",\"value\":\"Hoodie tote bag mixtape tofu. Typewriter jean shorts wolf quinoa, messenger bag organic freegan cray.\"}],[{\"key\":\"question\",\"value\":\"How Long Will It Take To Get My Package?\"},{\"key\":\"answer\",\"value\":\"Swag slow-carb quinoa VHS typewriter pork belly brunch, paleo single-origin coffee Wes Anderson. Flexitarian Pitchfork forage, literally paleo fap pour-over. Wes Anderson Pinterest YOLO fanny pack meggings, deep v XOXO chambray sustainable slow-carb raw denim church-key fap chillwave Etsy. +1 typewriter kitsch, American Apparel tofu Banksy Vice.\"}],[{\"key\":\"question\",\"value\":\"What Payment Methods Are Accepted?\"},{\"key\":\"answer\",\"value\":\"Fashion axe DIY jean shorts, swag kale chips meh polaroid kogi butcher Wes Anderson chambray next level semiotics gentrify yr. Voluptate photo booth fugiat Vice. Austin sed Williamsburg, ea labore raw denim voluptate cred proident mixtape excepteur mustache. Twee chia photo booth readymade food truck, hoodie roof party swag keytar PBR DIY.\"}],[{\"key\":\"question\",\"value\":\"Is Buying On-Line Safe?\"},{\"key\":\"answer\",\"value\":\"Art party authentic freegan semiotics jean shorts chia cred. Neutra Austin roof party Brooklyn, synth Thundercats swag 8-bit photo booth. Plaid letterpress leggings craft beer meh ethical Pinterest.\"}]]]',3,'Botble\\Ecommerce\\Models\\Product','2023-09-26 16:38:08','2023-09-26 16:38:08'),(4,'faq_schema_config','[[[{\"key\":\"question\",\"value\":\"What Shipping Methods Are Available?\"},{\"key\":\"answer\",\"value\":\"Ex Portland Pitchfork irure mustache. Eutra fap before they sold out literally. Aliquip ugh bicycle rights actually mlkshk, seitan squid craft beer tempor.\"}],[{\"key\":\"question\",\"value\":\"Do You Ship Internationally?\"},{\"key\":\"answer\",\"value\":\"Hoodie tote bag mixtape tofu. Typewriter jean shorts wolf quinoa, messenger bag organic freegan cray.\"}],[{\"key\":\"question\",\"value\":\"How Long Will It Take To Get My Package?\"},{\"key\":\"answer\",\"value\":\"Swag slow-carb quinoa VHS typewriter pork belly brunch, paleo single-origin coffee Wes Anderson. Flexitarian Pitchfork forage, literally paleo fap pour-over. Wes Anderson Pinterest YOLO fanny pack meggings, deep v XOXO chambray sustainable slow-carb raw denim church-key fap chillwave Etsy. +1 typewriter kitsch, American Apparel tofu Banksy Vice.\"}],[{\"key\":\"question\",\"value\":\"What Payment Methods Are Accepted?\"},{\"key\":\"answer\",\"value\":\"Fashion axe DIY jean shorts, swag kale chips meh polaroid kogi butcher Wes Anderson chambray next level semiotics gentrify yr. Voluptate photo booth fugiat Vice. Austin sed Williamsburg, ea labore raw denim voluptate cred proident mixtape excepteur mustache. Twee chia photo booth readymade food truck, hoodie roof party swag keytar PBR DIY.\"}],[{\"key\":\"question\",\"value\":\"Is Buying On-Line Safe?\"},{\"key\":\"answer\",\"value\":\"Art party authentic freegan semiotics jean shorts chia cred. Neutra Austin roof party Brooklyn, synth Thundercats swag 8-bit photo booth. Plaid letterpress leggings craft beer meh ethical Pinterest.\"}]]]',4,'Botble\\Ecommerce\\Models\\Product','2023-09-26 16:38:08','2023-09-26 16:38:08'),(5,'faq_schema_config','[[[{\"key\":\"question\",\"value\":\"What Shipping Methods Are Available?\"},{\"key\":\"answer\",\"value\":\"Ex Portland Pitchfork irure mustache. Eutra fap before they sold out literally. Aliquip ugh bicycle rights actually mlkshk, seitan squid craft beer tempor.\"}],[{\"key\":\"question\",\"value\":\"Do You Ship Internationally?\"},{\"key\":\"answer\",\"value\":\"Hoodie tote bag mixtape tofu. Typewriter jean shorts wolf quinoa, messenger bag organic freegan cray.\"}],[{\"key\":\"question\",\"value\":\"How Long Will It Take To Get My Package?\"},{\"key\":\"answer\",\"value\":\"Swag slow-carb quinoa VHS typewriter pork belly brunch, paleo single-origin coffee Wes Anderson. Flexitarian Pitchfork forage, literally paleo fap pour-over. Wes Anderson Pinterest YOLO fanny pack meggings, deep v XOXO chambray sustainable slow-carb raw denim church-key fap chillwave Etsy. +1 typewriter kitsch, American Apparel tofu Banksy Vice.\"}],[{\"key\":\"question\",\"value\":\"What Payment Methods Are Accepted?\"},{\"key\":\"answer\",\"value\":\"Fashion axe DIY jean shorts, swag kale chips meh polaroid kogi butcher Wes Anderson chambray next level semiotics gentrify yr. Voluptate photo booth fugiat Vice. Austin sed Williamsburg, ea labore raw denim voluptate cred proident mixtape excepteur mustache. Twee chia photo booth readymade food truck, hoodie roof party swag keytar PBR DIY.\"}],[{\"key\":\"question\",\"value\":\"Is Buying On-Line Safe?\"},{\"key\":\"answer\",\"value\":\"Art party authentic freegan semiotics jean shorts chia cred. Neutra Austin roof party Brooklyn, synth Thundercats swag 8-bit photo booth. Plaid letterpress leggings craft beer meh ethical Pinterest.\"}]]]',5,'Botble\\Ecommerce\\Models\\Product','2023-09-26 16:38:08','2023-09-26 16:38:08'),(6,'faq_schema_config','[[[{\"key\":\"question\",\"value\":\"What Shipping Methods Are Available?\"},{\"key\":\"answer\",\"value\":\"Ex Portland Pitchfork irure mustache. Eutra fap before they sold out literally. Aliquip ugh bicycle rights actually mlkshk, seitan squid craft beer tempor.\"}],[{\"key\":\"question\",\"value\":\"Do You Ship Internationally?\"},{\"key\":\"answer\",\"value\":\"Hoodie tote bag mixtape tofu. Typewriter jean shorts wolf quinoa, messenger bag organic freegan cray.\"}],[{\"key\":\"question\",\"value\":\"How Long Will It Take To Get My Package?\"},{\"key\":\"answer\",\"value\":\"Swag slow-carb quinoa VHS typewriter pork belly brunch, paleo single-origin coffee Wes Anderson. Flexitarian Pitchfork forage, literally paleo fap pour-over. Wes Anderson Pinterest YOLO fanny pack meggings, deep v XOXO chambray sustainable slow-carb raw denim church-key fap chillwave Etsy. +1 typewriter kitsch, American Apparel tofu Banksy Vice.\"}],[{\"key\":\"question\",\"value\":\"What Payment Methods Are Accepted?\"},{\"key\":\"answer\",\"value\":\"Fashion axe DIY jean shorts, swag kale chips meh polaroid kogi butcher Wes Anderson chambray next level semiotics gentrify yr. Voluptate photo booth fugiat Vice. Austin sed Williamsburg, ea labore raw denim voluptate cred proident mixtape excepteur mustache. Twee chia photo booth readymade food truck, hoodie roof party swag keytar PBR DIY.\"}],[{\"key\":\"question\",\"value\":\"Is Buying On-Line Safe?\"},{\"key\":\"answer\",\"value\":\"Art party authentic freegan semiotics jean shorts chia cred. Neutra Austin roof party Brooklyn, synth Thundercats swag 8-bit photo booth. Plaid letterpress leggings craft beer meh ethical Pinterest.\"}]]]',6,'Botble\\Ecommerce\\Models\\Product','2023-09-26 16:38:08','2023-09-26 16:38:08'),(7,'faq_schema_config','[[[{\"key\":\"question\",\"value\":\"What Shipping Methods Are Available?\"},{\"key\":\"answer\",\"value\":\"Ex Portland Pitchfork irure mustache. Eutra fap before they sold out literally. Aliquip ugh bicycle rights actually mlkshk, seitan squid craft beer tempor.\"}],[{\"key\":\"question\",\"value\":\"Do You Ship Internationally?\"},{\"key\":\"answer\",\"value\":\"Hoodie tote bag mixtape tofu. Typewriter jean shorts wolf quinoa, messenger bag organic freegan cray.\"}],[{\"key\":\"question\",\"value\":\"How Long Will It Take To Get My Package?\"},{\"key\":\"answer\",\"value\":\"Swag slow-carb quinoa VHS typewriter pork belly brunch, paleo single-origin coffee Wes Anderson. Flexitarian Pitchfork forage, literally paleo fap pour-over. Wes Anderson Pinterest YOLO fanny pack meggings, deep v XOXO chambray sustainable slow-carb raw denim church-key fap chillwave Etsy. +1 typewriter kitsch, American Apparel tofu Banksy Vice.\"}],[{\"key\":\"question\",\"value\":\"What Payment Methods Are Accepted?\"},{\"key\":\"answer\",\"value\":\"Fashion axe DIY jean shorts, swag kale chips meh polaroid kogi butcher Wes Anderson chambray next level semiotics gentrify yr. Voluptate photo booth fugiat Vice. Austin sed Williamsburg, ea labore raw denim voluptate cred proident mixtape excepteur mustache. Twee chia photo booth readymade food truck, hoodie roof party swag keytar PBR DIY.\"}],[{\"key\":\"question\",\"value\":\"Is Buying On-Line Safe?\"},{\"key\":\"answer\",\"value\":\"Art party authentic freegan semiotics jean shorts chia cred. Neutra Austin roof party Brooklyn, synth Thundercats swag 8-bit photo booth. Plaid letterpress leggings craft beer meh ethical Pinterest.\"}]]]',7,'Botble\\Ecommerce\\Models\\Product','2023-09-26 16:38:08','2023-09-26 16:38:08'),(8,'faq_schema_config','[[[{\"key\":\"question\",\"value\":\"What Shipping Methods Are Available?\"},{\"key\":\"answer\",\"value\":\"Ex Portland Pitchfork irure mustache. Eutra fap before they sold out literally. Aliquip ugh bicycle rights actually mlkshk, seitan squid craft beer tempor.\"}],[{\"key\":\"question\",\"value\":\"Do You Ship Internationally?\"},{\"key\":\"answer\",\"value\":\"Hoodie tote bag mixtape tofu. Typewriter jean shorts wolf quinoa, messenger bag organic freegan cray.\"}],[{\"key\":\"question\",\"value\":\"How Long Will It Take To Get My Package?\"},{\"key\":\"answer\",\"value\":\"Swag slow-carb quinoa VHS typewriter pork belly brunch, paleo single-origin coffee Wes Anderson. Flexitarian Pitchfork forage, literally paleo fap pour-over. Wes Anderson Pinterest YOLO fanny pack meggings, deep v XOXO chambray sustainable slow-carb raw denim church-key fap chillwave Etsy. +1 typewriter kitsch, American Apparel tofu Banksy Vice.\"}],[{\"key\":\"question\",\"value\":\"What Payment Methods Are Accepted?\"},{\"key\":\"answer\",\"value\":\"Fashion axe DIY jean shorts, swag kale chips meh polaroid kogi butcher Wes Anderson chambray next level semiotics gentrify yr. Voluptate photo booth fugiat Vice. Austin sed Williamsburg, ea labore raw denim voluptate cred proident mixtape excepteur mustache. Twee chia photo booth readymade food truck, hoodie roof party swag keytar PBR DIY.\"}],[{\"key\":\"question\",\"value\":\"Is Buying On-Line Safe?\"},{\"key\":\"answer\",\"value\":\"Art party authentic freegan semiotics jean shorts chia cred. Neutra Austin roof party Brooklyn, synth Thundercats swag 8-bit photo booth. Plaid letterpress leggings craft beer meh ethical Pinterest.\"}]]]',8,'Botble\\Ecommerce\\Models\\Product','2023-09-26 16:38:08','2023-09-26 16:38:08'),(9,'image','[\"flash-sales\\/1.jpg\"]',1,'Botble\\Ecommerce\\Models\\FlashSale','2023-09-26 16:38:13','2023-09-26 16:38:13'),(10,'image','[\"flash-sales\\/2.jpg\"]',2,'Botble\\Ecommerce\\Models\\FlashSale','2023-09-26 16:38:13','2023-09-26 16:38:13'),(11,'button_text','[\"Shop now\"]',1,'Botble\\SimpleSlider\\Models\\SimpleSliderItem','2023-09-26 16:38:13','2023-09-26 16:38:13'),(12,'button_text','[\"Discover now\"]',2,'Botble\\SimpleSlider\\Models\\SimpleSliderItem','2023-09-26 16:38:13','2023-09-26 16:38:13'),(13,'button_text','[\"Shop now\"]',3,'Botble\\SimpleSlider\\Models\\SimpleSliderItem','2023-09-26 16:38:13','2023-09-26 16:38:13');

--
-- Table structure for table `migrations`
--

CREATE TABLE `migrations` (
  `id` int unsigned NOT NULL AUTO_INCREMENT,
  `migration` varchar(191) COLLATE utf8mb4_unicode_ci NOT NULL,
  `batch` int NOT NULL,
  PRIMARY KEY (`id`)
) ENGINE=InnoDB AUTO_INCREMENT=136 DEFAULT CHARSET=utf8mb4 COLLATE=utf8mb4_unicode_ci;

--
-- Dumping data for table `migrations`
--

INSERT INTO `migrations` VALUES (1,'2013_04_09_032329_create_base_tables',1),(2,'2013_04_09_062329_create_revisions_table',1),(3,'2014_10_12_000000_create_users_table',1),(4,'2014_10_12_100000_create_password_reset_tokens_table',1),(5,'2016_06_10_230148_create_acl_tables',1),(6,'2016_06_14_230857_create_menus_table',1),(7,'2016_06_28_221418_create_pages_table',1),(8,'2016_10_05_074239_create_setting_table',1),(9,'2016_11_28_032840_create_dashboard_widget_tables',1),(10,'2016_12_16_084601_create_widgets_table',1),(11,'2017_05_09_070343_create_media_tables',1),(12,'2017_11_03_070450_create_slug_table',1),(13,'2019_01_05_053554_create_jobs_table',1),(14,'2019_08_19_000000_create_failed_jobs_table',1),(15,'2019_12_14_000001_create_personal_access_tokens_table',1),(16,'2022_04_20_100851_add_index_to_media_table',1),(17,'2022_04_20_101046_add_index_to_menu_table',1),(18,'2022_07_10_034813_move_lang_folder_to_root',1),(19,'2022_08_04_051940_add_missing_column_expires_at',1),(20,'2022_09_01_000001_create_admin_notifications_tables',1),(21,'2022_10_14_024629_drop_column_is_featured',1),(22,'2022_11_18_063357_add_missing_timestamp_in_table_settings',1),(23,'2022_12_02_093615_update_slug_index_columns',1),(24,'2023_01_30_024431_add_alt_to_media_table',1),(25,'2023_02_16_042611_drop_table_password_resets',1),(26,'2023_04_23_005903_add_column_permissions_to_admin_notifications',1),(27,'2023_05_10_075124_drop_column_id_in_role_users_table',1),(28,'2023_08_21_090810_make_page_content_nullable',1),(29,'2023_09_14_021936_update_index_for_slugs_table',1),(30,'2015_06_29_025744_create_audit_history',2),(31,'2015_06_18_033822_create_blog_table',3),(32,'2021_02_16_092633_remove_default_value_for_author_type',3),(33,'2021_12_03_030600_create_blog_translations',3),(34,'2022_04_19_113923_add_index_to_table_posts',3),(35,'2023_08_29_074620_make_column_author_id_nullable',3),(36,'2016_06_17_091537_create_contacts_table',4),(37,'2020_03_05_041139_create_ecommerce_tables',5),(38,'2021_01_01_044147_ecommerce_create_flash_sale_table',5),(39,'2021_01_17_082713_add_column_is_featured_to_product_collections_table',5),(40,'2021_01_18_024333_add_zip_code_into_table_customer_addresses',5),(41,'2021_02_18_073505_update_table_ec_reviews',5),(42,'2021_03_10_024419_add_column_confirmed_at_to_table_ec_customers',5),(43,'2021_03_10_025153_change_column_tax_amount',5),(44,'2021_03_20_033103_add_column_availability_to_table_ec_products',5),(45,'2021_04_28_074008_ecommerce_create_product_label_table',5),(46,'2021_05_31_173037_ecommerce_create_ec_products_translations',5),(47,'2021_08_17_105016_remove_column_currency_id_in_some_tables',5),(48,'2021_08_30_142128_add_images_column_to_ec_reviews_table',5),(49,'2021_10_04_030050_add_column_created_by_to_table_ec_products',5),(50,'2021_10_05_122616_add_status_column_to_ec_customers_table',5),(51,'2021_11_03_025806_nullable_phone_number_in_ec_customer_addresses',5),(52,'2021_11_23_071403_correct_languages_for_product_variations',5),(53,'2021_11_28_031808_add_product_tags_translations',5),(54,'2021_12_01_031123_add_featured_image_to_ec_products',5),(55,'2022_01_01_033107_update_table_ec_shipments',5),(56,'2022_02_16_042457_improve_product_attribute_sets',5),(57,'2022_03_22_075758_correct_product_name',5),(58,'2022_04_19_113334_add_index_to_ec_products',5),(59,'2022_04_28_144405_remove_unused_table',5),(60,'2022_05_05_115015_create_ec_customer_recently_viewed_products_table',5),(61,'2022_05_18_143720_add_index_to_table_ec_product_categories',5),(62,'2022_06_16_095633_add_index_to_some_tables',5),(63,'2022_06_30_035148_create_order_referrals_table',5),(64,'2022_07_24_153815_add_completed_at_to_ec_orders_table',5),(65,'2022_08_14_032836_create_ec_order_returns_table',5),(66,'2022_08_14_033554_create_ec_order_return_items_table',5),(67,'2022_08_15_040324_add_billing_address',5),(68,'2022_08_30_091114_support_digital_products_table',5),(69,'2022_09_13_095744_create_options_table',5),(70,'2022_09_13_104347_create_option_value_table',5),(71,'2022_10_05_163518_alter_table_ec_order_product',5),(72,'2022_10_12_041517_create_invoices_table',5),(73,'2022_10_12_142226_update_orders_table',5),(74,'2022_10_13_024916_update_table_order_returns',5),(75,'2022_10_21_030830_update_columns_in_ec_shipments_table',5),(76,'2022_10_28_021046_update_columns_in_ec_shipments_table',5),(77,'2022_11_16_034522_update_type_column_in_ec_shipping_rules_table',5),(78,'2022_11_19_041643_add_ec_tax_product_table',5),(79,'2022_12_12_063830_update_tax_defadult_in_ec_tax_products_table',5),(80,'2022_12_17_041532_fix_address_in_order_invoice',5),(81,'2022_12_26_070329_create_ec_product_views_table',5),(82,'2023_01_04_033051_fix_product_categories',5),(83,'2023_01_09_050400_add_ec_global_options_translations_table',5),(84,'2023_01_10_093754_add_missing_option_value_id',5),(85,'2023_01_17_082713_add_column_barcode_and_cost_per_item_to_product_table',5),(86,'2023_01_26_021854_add_ec_customer_used_coupons_table',5),(87,'2023_02_08_015900_update_options_column_in_ec_order_product_table',5),(88,'2023_02_27_095752_remove_duplicate_reviews',5),(89,'2023_03_20_115757_add_user_type_column_to_ec_shipment_histories_table',5),(90,'2023_04_21_082427_create_ec_product_categorizables_table',5),(91,'2023_05_03_011331_add_missing_column_price_into_invoice_items_table',5),(92,'2023_05_17_025812_fix_invoice_issue',5),(93,'2023_05_26_073140_move_option_make_phone_field_optional_at_checkout_page_to_mandatory_fields',5),(94,'2023_05_27_144611_fix_exchange_rate_setting',5),(95,'2023_06_22_084331_add_generate_license_code_to_ec_products_table',5),(96,'2023_06_30_042512_create_ec_order_tax_information_table',5),(97,'2023_07_14_022724_remove_column_id_from_ec_product_collection_products',5),(98,'2023_08_09_012940_remove_column_status_in_ec_product_attributes',5),(99,'2023_08_15_064505_create_ec_tax_rules_table',5),(100,'2023_08_21_021819_make_column_address_in_ec_customer_addresses_nullable',5),(101,'2023_08_22_094114_drop_unique_for_barcode',5),(102,'2023_08_30_031811_add_apply_via_url_column_to_ec_discounts_table',5),(103,'2023_09_07_094312_add_index_to_product_sku_and_translations',5),(104,'2023_09_19_024955_create_discount_product_categories_table',5),(105,'2018_07_09_221238_create_faq_table',6),(106,'2021_12_03_082134_create_faq_translations',6),(107,'2016_10_13_150201_create_galleries_table',7),(108,'2021_12_03_082953_create_gallery_translations',7),(109,'2022_04_30_034048_create_gallery_meta_translations_table',7),(110,'2023_08_29_075308_make_column_user_id_nullable',7),(111,'2016_10_03_032336_create_languages_table',8),(112,'2023_09_14_022423_add_index_for_language_table',8),(113,'2021_10_25_021023_fix-priority-load-for-language-advanced',9),(114,'2021_12_03_075608_create_page_translations',9),(115,'2023_07_06_011444_create_slug_translations_table',9),(116,'2019_11_18_061011_create_country_table',10),(117,'2021_12_03_084118_create_location_translations',10),(118,'2021_12_03_094518_migrate_old_location_data',11),(119,'2021_12_10_034440_switch_plugin_location_to_use_language_advanced',11),(120,'2022_01_16_085908_improve_plugin_location',11),(121,'2022_08_04_052122_delete_location_backup_tables',11),(122,'2023_04_23_061847_increase_state_translations_abbreviation_column',11),(123,'2023_07_26_041451_add_more_columns_to_location_table',11),(124,'2023_07_27_041451_add_more_columns_to_location_translation_table',11),(125,'2023_08_15_073307_drop_unique_in_states_cities_translations',11),(126,'2017_10_24_154832_create_newsletter_table',12),(127,'2017_05_18_080441_create_payment_tables',13),(128,'2021_03_27_144913_add_customer_type_into_table_payments',13),(129,'2021_05_24_034720_make_column_currency_nullable',13),(130,'2021_08_09_161302_add_metadata_column_to_payments_table',13),(131,'2021_10_19_020859_update_metadata_field',13),(132,'2022_06_28_151901_activate_paypal_stripe_plugin',13),(133,'2022_07_07_153354_update_charge_id_in_table_payments',13),(134,'2017_07_11_140018_create_simple_slider_table',14),(135,'2016_10_07_193005_create_translations_table',15);

--
-- Table structure for table `newsletters`
--

CREATE TABLE `newsletters` (
  `id` bigint unsigned NOT NULL AUTO_INCREMENT,
  `email` varchar(120) COLLATE utf8mb4_unicode_ci NOT NULL,
  `name` varchar(120) COLLATE utf8mb4_unicode_ci DEFAULT NULL,
  `status` varchar(60) COLLATE utf8mb4_unicode_ci NOT NULL DEFAULT 'subscribed',
  `created_at` timestamp NULL DEFAULT NULL,
  `updated_at` timestamp NULL DEFAULT NULL,
  PRIMARY KEY (`id`)
) ENGINE=InnoDB DEFAULT CHARSET=utf8mb4 COLLATE=utf8mb4_unicode_ci;

--
-- Dumping data for table `newsletters`
--


--
-- Table structure for table `pages`
--

CREATE TABLE `pages` (
  `id` bigint unsigned NOT NULL AUTO_INCREMENT,
  `name` varchar(120) COLLATE utf8mb4_unicode_ci NOT NULL,
  `content` longtext CHARACTER SET utf8mb4 COLLATE utf8mb4_unicode_ci,
  `user_id` bigint unsigned DEFAULT NULL,
  `image` varchar(255) COLLATE utf8mb4_unicode_ci DEFAULT NULL,
  `template` varchar(60) COLLATE utf8mb4_unicode_ci DEFAULT NULL,
  `description` varchar(400) COLLATE utf8mb4_unicode_ci DEFAULT NULL,
  `status` varchar(60) COLLATE utf8mb4_unicode_ci NOT NULL DEFAULT 'published',
  `created_at` timestamp NULL DEFAULT NULL,
  `updated_at` timestamp NULL DEFAULT NULL,
  PRIMARY KEY (`id`),
  KEY `pages_user_id_index` (`user_id`)
) ENGINE=InnoDB AUTO_INCREMENT=6 DEFAULT CHARSET=utf8mb4 COLLATE=utf8mb4_unicode_ci;

--
-- Dumping data for table `pages`
--

INSERT INTO `pages` VALUES (1,'Homepage','<div>[simple-slider key=\"home-slider\"][/simple-slider]</div><div>[featured-product-categories title=\"Top Categories\" subtitle=\"Lorem ipsum dolor sit amet, consectetur adipiscing elit. Phasellus blandit massa enim Nullam nunc varius.\"][/featured-product-categories]</div><div>[product-collections title=\"A change of Season\" subtitle=\"Update your wardrobe with new seasonal trend\"][/product-collections]</div><div>[flash-sale title=\"Deal of the day\" subtitle=\"Best Deals For You\" show_popup=\"yes\"][/flash-sale]</div><div>[featured-products title=\"Our Picks For You\" subtitle=\"Always find the best ways for you\" limit=\"8\"][/featured-products]</div><div>[trending-products title=\"Trending Products\" subtitle=\"Products on trending\" limit=\"4\"][/trending-products]</div><div>[featured-brands title=\"Our Brands\"][/featured-brands]</div><div>[news title=\"Visit Our Blog\" subtitle=\"Our Blog updated the newest trend of the world regularly\"][/news]</div><div>[theme-galleries title=\"@ OUR GALLERIES\" subtitle=\"Our latest fashion galleries images\" limit=\"8\"][/theme-galleries]</div><div>[site-features icon1=\"icon-truck\" title1=\"FREE SHIPPING\" subtitle1=\"Free shipping on all US order or order above $200\" icon2=\"icon-life-buoy\" title2=\"SUPPORT 24/7\" subtitle2=\"Contact us 24 hours a day, 7 days a week\" icon3=\"icon-refresh-ccw\" title3=\"30 DAYS RETURN\" subtitle3=\"Simply return it within 30 days for an exchange\" icon4=\"icon-shield\" title4=\"100% PAYMENT SECURE\" subtitle4=\"We ensure secure payment with PEV\"][/site-features]</div>',1,NULL,'homepage',NULL,'published','2023-09-26 16:38:15','2023-09-26 16:38:15'),(2,'Blog','<p style=\"text-align: center\">We always share fashion tips with the hope you guys will find the best style for yourself.<br />Besides, we update the fashion trend as soon as we can.<br />Enjoy your journey!</p>',1,NULL,'default',NULL,'published','2023-09-26 16:38:15','2023-09-26 16:38:15'),(3,'Contact','<p>[contact-form][/contact-form]</p>',1,NULL,'default',NULL,'published','2023-09-26 16:38:15','2023-09-26 16:38:15'),(4,'Cookie Policy','<h3>EU Cookie Consent</h3><p>To use this website we are using Cookies and collecting some data. To be compliant with the EU GDPR we give you to choose if you allow us to use certain Cookies and to collect some Data.</p><h4>Essential Data</h4><p>The Essential Data is needed to run the Site you are visiting technically. You can not deactivate them.</p><p>- Session Cookie: PHP uses a Cookie to identify user sessions. Without this Cookie the Website is not working.</p><p>- XSRF-Token Cookie: Laravel automatically generates a CSRF \"token\" for each active user session managed by the application. This token is used to verify that the authenticated user is the one actually making the requests to the application.</p>',1,NULL,'default',NULL,'published','2023-09-26 16:38:15','2023-09-26 16:38:15'),(5,'FAQs','<div>[faqs][/faqs]</div>',1,NULL,'default',NULL,'published','2023-09-26 16:38:15','2023-09-26 16:38:15');

--
-- Table structure for table `pages_translations`
--

CREATE TABLE `pages_translations` (
  `lang_code` varchar(191) COLLATE utf8mb4_unicode_ci NOT NULL,
  `pages_id` bigint unsigned NOT NULL,
  `name` varchar(255) COLLATE utf8mb4_unicode_ci DEFAULT NULL,
  `description` varchar(400) COLLATE utf8mb4_unicode_ci DEFAULT NULL,
  `content` longtext COLLATE utf8mb4_unicode_ci,
  PRIMARY KEY (`lang_code`,`pages_id`)
) ENGINE=InnoDB DEFAULT CHARSET=utf8mb4 COLLATE=utf8mb4_unicode_ci;

--
-- Dumping data for table `pages_translations`
--


--
-- Table structure for table `password_reset_tokens`
--

CREATE TABLE `password_reset_tokens` (
  `email` varchar(191) COLLATE utf8mb4_unicode_ci NOT NULL,
  `token` varchar(191) COLLATE utf8mb4_unicode_ci NOT NULL,
  `created_at` timestamp NULL DEFAULT NULL,
  PRIMARY KEY (`email`)
) ENGINE=InnoDB DEFAULT CHARSET=utf8mb4 COLLATE=utf8mb4_unicode_ci;

--
-- Dumping data for table `password_reset_tokens`
--


--
-- Table structure for table `payments`
--

CREATE TABLE `payments` (
  `id` bigint unsigned NOT NULL AUTO_INCREMENT,
  `currency` varchar(120) CHARACTER SET utf8mb4 COLLATE utf8mb4_unicode_ci DEFAULT NULL,
  `user_id` bigint unsigned NOT NULL DEFAULT '0',
  `charge_id` varchar(255) CHARACTER SET utf8mb4 COLLATE utf8mb4_unicode_ci DEFAULT NULL,
  `payment_channel` varchar(60) COLLATE utf8mb4_unicode_ci DEFAULT NULL,
  `description` varchar(255) COLLATE utf8mb4_unicode_ci DEFAULT NULL,
  `amount` decimal(15,2) unsigned NOT NULL,
  `order_id` bigint unsigned DEFAULT NULL,
  `status` varchar(60) COLLATE utf8mb4_unicode_ci DEFAULT 'pending',
  `payment_type` varchar(191) COLLATE utf8mb4_unicode_ci DEFAULT 'confirm',
  `customer_id` bigint unsigned DEFAULT NULL,
  `refunded_amount` decimal(15,2) unsigned DEFAULT NULL,
  `refund_note` varchar(255) COLLATE utf8mb4_unicode_ci DEFAULT NULL,
  `created_at` timestamp NULL DEFAULT NULL,
  `updated_at` timestamp NULL DEFAULT NULL,
  `customer_type` varchar(255) COLLATE utf8mb4_unicode_ci DEFAULT NULL,
  `metadata` mediumtext CHARACTER SET utf8mb4 COLLATE utf8mb4_unicode_ci,
  PRIMARY KEY (`id`)
) ENGINE=InnoDB AUTO_INCREMENT=21 DEFAULT CHARSET=utf8mb4 COLLATE=utf8mb4_unicode_ci;

--
-- Dumping data for table `payments`
--

INSERT INTO `payments` VALUES (1,'USD',0,'Z0COFLTQG5','bank_transfer',NULL,1743.00,1,'pending','confirm',4,NULL,NULL,'2023-09-26 16:38:12','2023-09-26 16:38:12','Botble\\Ecommerce\\Models\\Customer',NULL),(2,'USD',0,'NNBHSISCG2','paypal',NULL,776.00,2,'completed','confirm',5,NULL,NULL,'2023-09-26 16:38:12','2023-09-26 16:38:12','Botble\\Ecommerce\\Models\\Customer',NULL),(3,'USD',0,'S1GWKRUESK','paypal',NULL,2243.00,3,'completed','confirm',10,NULL,NULL,'2023-09-26 16:38:12','2023-09-26 16:38:12','Botble\\Ecommerce\\Models\\Customer',NULL),(4,'USD',0,'4QUVTPZKYL','stripe',NULL,264.00,4,'completed','confirm',4,NULL,NULL,'2023-09-26 16:38:12','2023-09-26 16:38:12','Botble\\Ecommerce\\Models\\Customer',NULL),(5,'USD',0,'LZW1XXQMD0','paystack',NULL,1682.00,5,'completed','confirm',3,NULL,NULL,'2023-09-26 16:38:12','2023-09-26 16:38:12','Botble\\Ecommerce\\Models\\Customer',NULL),(6,'USD',0,'7IQYBGU8EF','bank_transfer',NULL,419.00,6,'pending','confirm',2,NULL,NULL,'2023-09-26 16:38:12','2023-09-26 16:38:12','Botble\\Ecommerce\\Models\\Customer',NULL),(7,'USD',0,'2SJRBRWVIZ','stripe',NULL,844.00,7,'completed','confirm',4,NULL,NULL,'2023-09-26 16:38:12','2023-09-26 16:38:12','Botble\\Ecommerce\\Models\\Customer',NULL),(8,'USD',0,'8LPIUDYF9X','paystack',NULL,1389.00,8,'completed','confirm',5,NULL,NULL,'2023-09-26 16:38:12','2023-09-26 16:38:12','Botble\\Ecommerce\\Models\\Customer',NULL),(9,'USD',0,'TPHUECK9FM','razorpay',NULL,581.00,9,'completed','confirm',2,NULL,NULL,'2023-09-26 16:38:12','2023-09-26 16:38:12','Botble\\Ecommerce\\Models\\Customer',NULL),(10,'USD',0,'0YYK34FDWD','sslcommerz',NULL,120.00,10,'completed','confirm',8,NULL,NULL,'2023-09-26 16:38:12','2023-09-26 16:38:12','Botble\\Ecommerce\\Models\\Customer',NULL),(11,'USD',0,'IPNHRKCCZH','razorpay',NULL,1169.00,11,'completed','confirm',4,NULL,NULL,'2023-09-26 16:38:12','2023-09-26 16:38:12','Botble\\Ecommerce\\Models\\Customer',NULL),(12,'USD',0,'2AOQTZ14ZG','sslcommerz',NULL,1581.00,12,'completed','confirm',4,NULL,NULL,'2023-09-26 16:38:12','2023-09-26 16:38:12','Botble\\Ecommerce\\Models\\Customer',NULL),(13,'USD',0,'JZVMKKFXYZ','sslcommerz',NULL,421.00,13,'completed','confirm',9,NULL,NULL,'2023-09-26 16:38:12','2023-09-26 16:38:12','Botble\\Ecommerce\\Models\\Customer',NULL),(14,'USD',0,'XZ68HOTPGV','sslcommerz',NULL,1864.00,14,'completed','confirm',1,NULL,NULL,'2023-09-26 16:38:12','2023-09-26 16:38:12','Botble\\Ecommerce\\Models\\Customer',NULL),(15,'USD',0,'D4B9L4AWG8','stripe',NULL,1138.00,15,'completed','confirm',2,NULL,NULL,'2023-09-26 16:38:12','2023-09-26 16:38:12','Botble\\Ecommerce\\Models\\Customer',NULL),(16,'USD',0,'FSZMOQL0D2','stripe',NULL,702.00,16,'completed','confirm',3,NULL,NULL,'2023-09-26 16:38:12','2023-09-26 16:38:12','Botble\\Ecommerce\\Models\\Customer',NULL),(17,'USD',0,'AVGNDLDEQB','sslcommerz',NULL,2482.00,17,'completed','confirm',6,NULL,NULL,'2023-09-26 16:38:12','2023-09-26 16:38:12','Botble\\Ecommerce\\Models\\Customer',NULL),(18,'USD',0,'RIOMJRCHGU','bank_transfer',NULL,200.00,18,'pending','confirm',3,NULL,NULL,'2023-09-26 16:38:13','2023-09-26 16:38:13','Botble\\Ecommerce\\Models\\Customer',NULL),(19,'USD',0,'2SKT5ELTLB','sslcommerz',NULL,2448.00,19,'completed','confirm',2,NULL,NULL,'2023-09-26 16:38:13','2023-09-26 16:38:13','Botble\\Ecommerce\\Models\\Customer',NULL),(20,'USD',0,'PN60UFTXJT','cod',NULL,2127.00,20,'pending','confirm',8,NULL,NULL,'2023-09-26 16:38:13','2023-09-26 16:38:13','Botble\\Ecommerce\\Models\\Customer',NULL);

--
-- Table structure for table `personal_access_tokens`
--

CREATE TABLE `personal_access_tokens` (
  `id` bigint unsigned NOT NULL AUTO_INCREMENT,
  `tokenable_type` varchar(191) COLLATE utf8mb4_unicode_ci NOT NULL,
  `tokenable_id` bigint unsigned NOT NULL,
  `name` varchar(191) COLLATE utf8mb4_unicode_ci NOT NULL,
  `token` varchar(64) COLLATE utf8mb4_unicode_ci NOT NULL,
  `abilities` text COLLATE utf8mb4_unicode_ci,
  `last_used_at` timestamp NULL DEFAULT NULL,
  `expires_at` timestamp NULL DEFAULT NULL,
  `created_at` timestamp NULL DEFAULT NULL,
  `updated_at` timestamp NULL DEFAULT NULL,
  PRIMARY KEY (`id`),
  UNIQUE KEY `personal_access_tokens_token_unique` (`token`),
  KEY `personal_access_tokens_tokenable_type_tokenable_id_index` (`tokenable_type`,`tokenable_id`)
) ENGINE=InnoDB DEFAULT CHARSET=utf8mb4 COLLATE=utf8mb4_unicode_ci;

--
-- Dumping data for table `personal_access_tokens`
--


--
-- Table structure for table `post_categories`
--

CREATE TABLE `post_categories` (
  `category_id` bigint unsigned NOT NULL,
  `post_id` bigint unsigned NOT NULL,
  KEY `post_categories_category_id_index` (`category_id`),
  KEY `post_categories_post_id_index` (`post_id`)
) ENGINE=InnoDB DEFAULT CHARSET=utf8mb4 COLLATE=utf8mb4_unicode_ci;

--
-- Dumping data for table `post_categories`
--

INSERT INTO `post_categories` VALUES (1,1),(3,1),(2,2),(3,2),(1,3),(3,3),(1,4),(3,4),(1,5),(4,5),(1,6),(3,6),(2,7),(4,7),(2,8),(4,8),(1,9),(3,9),(1,10),(4,10),(1,11),(3,11);

--
-- Table structure for table `post_tags`
--

CREATE TABLE `post_tags` (
  `tag_id` bigint unsigned NOT NULL,
  `post_id` bigint unsigned NOT NULL,
  KEY `post_tags_tag_id_index` (`tag_id`),
  KEY `post_tags_post_id_index` (`post_id`)
) ENGINE=InnoDB DEFAULT CHARSET=utf8mb4 COLLATE=utf8mb4_unicode_ci;

--
-- Dumping data for table `post_tags`
--

INSERT INTO `post_tags` VALUES (1,1),(2,1),(3,1),(4,1),(5,1),(1,2),(2,2),(3,2),(4,2),(5,2),(1,3),(2,3),(3,3),(4,3),(5,3),(1,4),(2,4),(3,4),(4,4),(5,4),(1,5),(2,5),(3,5),(4,5),(5,5),(1,6),(2,6),(3,6),(4,6),(5,6),(1,7),(2,7),(3,7),(4,7),(5,7),(1,8),(2,8),(3,8),(4,8),(5,8),(1,9),(2,9),(3,9),(4,9),(5,9),(1,10),(2,10),(3,10),(4,10),(5,10),(1,11),(2,11),(3,11),(4,11),(5,11);

--
-- Table structure for table `posts`
--

CREATE TABLE `posts` (
  `id` bigint unsigned NOT NULL AUTO_INCREMENT,
  `name` varchar(255) COLLATE utf8mb4_unicode_ci NOT NULL,
  `description` varchar(400) COLLATE utf8mb4_unicode_ci DEFAULT NULL,
  `content` longtext COLLATE utf8mb4_unicode_ci,
  `status` varchar(60) COLLATE utf8mb4_unicode_ci NOT NULL DEFAULT 'published',
  `author_id` bigint unsigned DEFAULT NULL,
  `author_type` varchar(255) CHARACTER SET utf8mb4 COLLATE utf8mb4_unicode_ci NOT NULL DEFAULT 'Botble\\ACL\\Models\\User',
  `is_featured` tinyint unsigned NOT NULL DEFAULT '0',
  `image` varchar(255) COLLATE utf8mb4_unicode_ci DEFAULT NULL,
  `views` int unsigned NOT NULL DEFAULT '0',
  `format_type` varchar(30) COLLATE utf8mb4_unicode_ci DEFAULT NULL,
  `created_at` timestamp NULL DEFAULT NULL,
  `updated_at` timestamp NULL DEFAULT NULL,
  PRIMARY KEY (`id`),
  KEY `posts_status_index` (`status`),
  KEY `posts_author_id_index` (`author_id`),
  KEY `posts_author_type_index` (`author_type`),
  KEY `posts_created_at_index` (`created_at`)
) ENGINE=InnoDB AUTO_INCREMENT=12 DEFAULT CHARSET=utf8mb4 COLLATE=utf8mb4_unicode_ci;

--
-- Dumping data for table `posts`
--

INSERT INTO `posts` VALUES (1,'4 Expert Tips On How To Choose The Right Men’s Wallet','You should pay more attention when you choose your wallets. There are a lot of them on the market with the different designs and styles. When you choose carefully, you would be able to buy a wallet that is catered to your needs. Not to mention that it will help to enhance your style significantly.','<p>I have seen many people underestimating the power of their wallets. To them, they are just a functional item they use to carry. As a result, they often end up with the wallets which are not really suitable for them.</p>\n\n<p>You should pay more attention when you choose your wallets. There are a lot of them on the market with the different designs and styles. When you choose carefully, you would be able to buy a wallet that is catered to your needs. Not to mention that it will help to enhance your style significantly.</p>\n\n<p style=\"text-align:center\"><img alt=\"f4\" src=\"/storage/news/1.jpg\" /></p>\n\n<p><br />\n&nbsp;</p>\n\n<p><strong><em>For all of the reason above, here are 7 expert tips to help you pick up the right men&rsquo;s wallet for you:</em></strong></p>\n\n<h4><strong>Number 1: Choose A Neat Wallet</strong></h4>\n\n<p>The wallet is an essential accessory that you should go simple. Simplicity is the best in this case. A simple and neat wallet with the plain color and even&nbsp;<strong>minimalist style</strong>&nbsp;is versatile. It can be used for both formal and casual events. In addition, that wallet will go well with most of the clothes in your wardrobe.</p>\n\n<p>Keep in mind that a wallet will tell other people about your personality and your fashion sense as much as other clothes you put on. Hence, don&rsquo;t go cheesy on your wallet or else people will think that you have a funny and particular style.</p>\n\n<p style=\"text-align:center\"><img alt=\"f5\" src=\"/storage/news/2.jpg\" /></p>\n\n<p><br />\n&nbsp;</p>\n<hr />\n<h4><strong>Number 2: Choose The Right Size For Your Wallet</strong></h4>\n\n<p>You should avoid having an over-sized wallet. Don&rsquo;t think that you need to buy a big wallet because you have a lot to carry with you. In addition, a fat wallet is very ugly. It will make it harder for you to slide the wallet into your trousers&rsquo; pocket. In addition, it will create a bulge and ruin your look.</p>\n\n<p>Before you go on to buy a new wallet, clean out your wallet and place all of the items from your wallet on a table. Throw away things that you would never need any more such as the old bills or the expired gift cards. Remember to check your wallet on a frequent basis to get rid of all of the old stuff that you don&rsquo;t need anymore.</p>\n\n<p style=\"text-align:center\"><img alt=\"f1\" src=\"/storage/news/3.jpg\" /></p>\n\n<p><br />\n&nbsp;</p>\n\n<hr />\n<h4><strong>Number 3: Don&rsquo;t Limit Your Options Of Materials</strong></h4>\n\n<p>The types and designs of wallets are not the only things that you should consider when you go out searching for your best wallet. You have more than 1 option of material rather than leather to choose from as well.</p>\n\n<p>You can experiment with other available options such as cotton, polyester and canvas. They all have their own pros and cons. As a result, they will be suitable for different needs and requirements. You should think about them all in order to choose the material which you would like the most.</p>\n\n<p style=\"text-align:center\"><img alt=\"f6\" height=\"375\" src=\"/storage/news/4.jpg\" /></p>\n\n<p><br />\n&nbsp;</p>\n\n<hr />\n<h4><strong>Number 4: Consider A Wallet As A Long Term Investment</strong></h4>\n\n<p>Your wallet is indeed an investment that you should consider spending a decent amount of time and effort on it. Another factor that you need to consider is how much you want to spend on your wallet. The price ranges of wallets on the market vary a great deal. You can find a wallet which is as cheap as about 5 to 7 dollars. On the other hand, you should expect to pay around 250 to 300 dollars for a high-quality wallet.</p>\n\n<p>In case you need a wallet to use for a long time, it is a good idea that you should invest a decent amount of money on a wallet. A high quality wallet from a reputational brand with the premium quality such as cowhide leather will last for a long time. In addition, it is an accessory to show off your fashion sense and your social status.</p>\n\n<p style=\"text-align:center\"><img alt=\"f2\" height=\"400\" src=\"/storage/news/5.jpg\" /></p>\n\n<p>&nbsp;</p>\n','published',NULL,'Botble\\ACL\\Models\\User',1,'news/1.jpg',136,NULL,'2023-09-26 16:38:15','2023-09-26 16:38:15'),(2,'Sexy Clutches: How to Buy &amp; Wear a Designer Clutch Bag','You should pay more attention when you choose your wallets. There are a lot of them on the market with the different designs and styles. When you choose carefully, you would be able to buy a wallet that is catered to your needs. Not to mention that it will help to enhance your style significantly.','<p>I have seen many people underestimating the power of their wallets. To them, they are just a functional item they use to carry. As a result, they often end up with the wallets which are not really suitable for them.</p>\n\n<p>You should pay more attention when you choose your wallets. There are a lot of them on the market with the different designs and styles. When you choose carefully, you would be able to buy a wallet that is catered to your needs. Not to mention that it will help to enhance your style significantly.</p>\n\n<p style=\"text-align:center\"><img alt=\"f4\" src=\"/storage/news/1.jpg\" /></p>\n\n<p><br />\n&nbsp;</p>\n\n<p><strong><em>For all of the reason above, here are 7 expert tips to help you pick up the right men&rsquo;s wallet for you:</em></strong></p>\n\n<h4><strong>Number 1: Choose A Neat Wallet</strong></h4>\n\n<p>The wallet is an essential accessory that you should go simple. Simplicity is the best in this case. A simple and neat wallet with the plain color and even&nbsp;<strong>minimalist style</strong>&nbsp;is versatile. It can be used for both formal and casual events. In addition, that wallet will go well with most of the clothes in your wardrobe.</p>\n\n<p>Keep in mind that a wallet will tell other people about your personality and your fashion sense as much as other clothes you put on. Hence, don&rsquo;t go cheesy on your wallet or else people will think that you have a funny and particular style.</p>\n\n<p style=\"text-align:center\"><img alt=\"f5\" src=\"/storage/news/2.jpg\" /></p>\n\n<p><br />\n&nbsp;</p>\n<hr />\n<h4><strong>Number 2: Choose The Right Size For Your Wallet</strong></h4>\n\n<p>You should avoid having an over-sized wallet. Don&rsquo;t think that you need to buy a big wallet because you have a lot to carry with you. In addition, a fat wallet is very ugly. It will make it harder for you to slide the wallet into your trousers&rsquo; pocket. In addition, it will create a bulge and ruin your look.</p>\n\n<p>Before you go on to buy a new wallet, clean out your wallet and place all of the items from your wallet on a table. Throw away things that you would never need any more such as the old bills or the expired gift cards. Remember to check your wallet on a frequent basis to get rid of all of the old stuff that you don&rsquo;t need anymore.</p>\n\n<p style=\"text-align:center\"><img alt=\"f1\" src=\"/storage/news/3.jpg\" /></p>\n\n<p><br />\n&nbsp;</p>\n\n<hr />\n<h4><strong>Number 3: Don&rsquo;t Limit Your Options Of Materials</strong></h4>\n\n<p>The types and designs of wallets are not the only things that you should consider when you go out searching for your best wallet. You have more than 1 option of material rather than leather to choose from as well.</p>\n\n<p>You can experiment with other available options such as cotton, polyester and canvas. They all have their own pros and cons. As a result, they will be suitable for different needs and requirements. You should think about them all in order to choose the material which you would like the most.</p>\n\n<p style=\"text-align:center\"><img alt=\"f6\" height=\"375\" src=\"/storage/news/4.jpg\" /></p>\n\n<p><br />\n&nbsp;</p>\n\n<hr />\n<h4><strong>Number 4: Consider A Wallet As A Long Term Investment</strong></h4>\n\n<p>Your wallet is indeed an investment that you should consider spending a decent amount of time and effort on it. Another factor that you need to consider is how much you want to spend on your wallet. The price ranges of wallets on the market vary a great deal. You can find a wallet which is as cheap as about 5 to 7 dollars. On the other hand, you should expect to pay around 250 to 300 dollars for a high-quality wallet.</p>\n\n<p>In case you need a wallet to use for a long time, it is a good idea that you should invest a decent amount of money on a wallet. A high quality wallet from a reputational brand with the premium quality such as cowhide leather will last for a long time. In addition, it is an accessory to show off your fashion sense and your social status.</p>\n\n<p style=\"text-align:center\"><img alt=\"f2\" height=\"400\" src=\"/storage/news/5.jpg\" /></p>\n\n<p>&nbsp;</p>\n','published',NULL,'Botble\\ACL\\Models\\User',1,'news/2.jpg',1949,NULL,'2023-09-26 16:38:15','2023-09-26 16:38:15'),(3,'The Top 2020 Handbag Trends to Know','You should pay more attention when you choose your wallets. There are a lot of them on the market with the different designs and styles. When you choose carefully, you would be able to buy a wallet that is catered to your needs. Not to mention that it will help to enhance your style significantly.','<p>I have seen many people underestimating the power of their wallets. To them, they are just a functional item they use to carry. As a result, they often end up with the wallets which are not really suitable for them.</p>\n\n<p>You should pay more attention when you choose your wallets. There are a lot of them on the market with the different designs and styles. When you choose carefully, you would be able to buy a wallet that is catered to your needs. Not to mention that it will help to enhance your style significantly.</p>\n\n<p style=\"text-align:center\"><img alt=\"f4\" src=\"/storage/news/1.jpg\" /></p>\n\n<p><br />\n&nbsp;</p>\n\n<p><strong><em>For all of the reason above, here are 7 expert tips to help you pick up the right men&rsquo;s wallet for you:</em></strong></p>\n\n<h4><strong>Number 1: Choose A Neat Wallet</strong></h4>\n\n<p>The wallet is an essential accessory that you should go simple. Simplicity is the best in this case. A simple and neat wallet with the plain color and even&nbsp;<strong>minimalist style</strong>&nbsp;is versatile. It can be used for both formal and casual events. In addition, that wallet will go well with most of the clothes in your wardrobe.</p>\n\n<p>Keep in mind that a wallet will tell other people about your personality and your fashion sense as much as other clothes you put on. Hence, don&rsquo;t go cheesy on your wallet or else people will think that you have a funny and particular style.</p>\n\n<p style=\"text-align:center\"><img alt=\"f5\" src=\"/storage/news/2.jpg\" /></p>\n\n<p><br />\n&nbsp;</p>\n<hr />\n<h4><strong>Number 2: Choose The Right Size For Your Wallet</strong></h4>\n\n<p>You should avoid having an over-sized wallet. Don&rsquo;t think that you need to buy a big wallet because you have a lot to carry with you. In addition, a fat wallet is very ugly. It will make it harder for you to slide the wallet into your trousers&rsquo; pocket. In addition, it will create a bulge and ruin your look.</p>\n\n<p>Before you go on to buy a new wallet, clean out your wallet and place all of the items from your wallet on a table. Throw away things that you would never need any more such as the old bills or the expired gift cards. Remember to check your wallet on a frequent basis to get rid of all of the old stuff that you don&rsquo;t need anymore.</p>\n\n<p style=\"text-align:center\"><img alt=\"f1\" src=\"/storage/news/3.jpg\" /></p>\n\n<p><br />\n&nbsp;</p>\n\n<hr />\n<h4><strong>Number 3: Don&rsquo;t Limit Your Options Of Materials</strong></h4>\n\n<p>The types and designs of wallets are not the only things that you should consider when you go out searching for your best wallet. You have more than 1 option of material rather than leather to choose from as well.</p>\n\n<p>You can experiment with other available options such as cotton, polyester and canvas. They all have their own pros and cons. As a result, they will be suitable for different needs and requirements. You should think about them all in order to choose the material which you would like the most.</p>\n\n<p style=\"text-align:center\"><img alt=\"f6\" height=\"375\" src=\"/storage/news/4.jpg\" /></p>\n\n<p><br />\n&nbsp;</p>\n\n<hr />\n<h4><strong>Number 4: Consider A Wallet As A Long Term Investment</strong></h4>\n\n<p>Your wallet is indeed an investment that you should consider spending a decent amount of time and effort on it. Another factor that you need to consider is how much you want to spend on your wallet. The price ranges of wallets on the market vary a great deal. You can find a wallet which is as cheap as about 5 to 7 dollars. On the other hand, you should expect to pay around 250 to 300 dollars for a high-quality wallet.</p>\n\n<p>In case you need a wallet to use for a long time, it is a good idea that you should invest a decent amount of money on a wallet. A high quality wallet from a reputational brand with the premium quality such as cowhide leather will last for a long time. In addition, it is an accessory to show off your fashion sense and your social status.</p>\n\n<p style=\"text-align:center\"><img alt=\"f2\" height=\"400\" src=\"/storage/news/5.jpg\" /></p>\n\n<p>&nbsp;</p>\n','published',NULL,'Botble\\ACL\\Models\\User',1,'news/3.jpg',875,NULL,'2023-09-26 16:38:15','2023-09-26 16:38:15'),(4,'How to Match the Color of Your Handbag With an Outfit','You should pay more attention when you choose your wallets. There are a lot of them on the market with the different designs and styles. When you choose carefully, you would be able to buy a wallet that is catered to your needs. Not to mention that it will help to enhance your style significantly.','<p>I have seen many people underestimating the power of their wallets. To them, they are just a functional item they use to carry. As a result, they often end up with the wallets which are not really suitable for them.</p>\n\n<p>You should pay more attention when you choose your wallets. There are a lot of them on the market with the different designs and styles. When you choose carefully, you would be able to buy a wallet that is catered to your needs. Not to mention that it will help to enhance your style significantly.</p>\n\n<p style=\"text-align:center\"><img alt=\"f4\" src=\"/storage/news/1.jpg\" /></p>\n\n<p><br />\n&nbsp;</p>\n\n<p><strong><em>For all of the reason above, here are 7 expert tips to help you pick up the right men&rsquo;s wallet for you:</em></strong></p>\n\n<h4><strong>Number 1: Choose A Neat Wallet</strong></h4>\n\n<p>The wallet is an essential accessory that you should go simple. Simplicity is the best in this case. A simple and neat wallet with the plain color and even&nbsp;<strong>minimalist style</strong>&nbsp;is versatile. It can be used for both formal and casual events. In addition, that wallet will go well with most of the clothes in your wardrobe.</p>\n\n<p>Keep in mind that a wallet will tell other people about your personality and your fashion sense as much as other clothes you put on. Hence, don&rsquo;t go cheesy on your wallet or else people will think that you have a funny and particular style.</p>\n\n<p style=\"text-align:center\"><img alt=\"f5\" src=\"/storage/news/2.jpg\" /></p>\n\n<p><br />\n&nbsp;</p>\n<hr />\n<h4><strong>Number 2: Choose The Right Size For Your Wallet</strong></h4>\n\n<p>You should avoid having an over-sized wallet. Don&rsquo;t think that you need to buy a big wallet because you have a lot to carry with you. In addition, a fat wallet is very ugly. It will make it harder for you to slide the wallet into your trousers&rsquo; pocket. In addition, it will create a bulge and ruin your look.</p>\n\n<p>Before you go on to buy a new wallet, clean out your wallet and place all of the items from your wallet on a table. Throw away things that you would never need any more such as the old bills or the expired gift cards. Remember to check your wallet on a frequent basis to get rid of all of the old stuff that you don&rsquo;t need anymore.</p>\n\n<p style=\"text-align:center\"><img alt=\"f1\" src=\"/storage/news/3.jpg\" /></p>\n\n<p><br />\n&nbsp;</p>\n\n<hr />\n<h4><strong>Number 3: Don&rsquo;t Limit Your Options Of Materials</strong></h4>\n\n<p>The types and designs of wallets are not the only things that you should consider when you go out searching for your best wallet. You have more than 1 option of material rather than leather to choose from as well.</p>\n\n<p>You can experiment with other available options such as cotton, polyester and canvas. They all have their own pros and cons. As a result, they will be suitable for different needs and requirements. You should think about them all in order to choose the material which you would like the most.</p>\n\n<p style=\"text-align:center\"><img alt=\"f6\" height=\"375\" src=\"/storage/news/4.jpg\" /></p>\n\n<p><br />\n&nbsp;</p>\n\n<hr />\n<h4><strong>Number 4: Consider A Wallet As A Long Term Investment</strong></h4>\n\n<p>Your wallet is indeed an investment that you should consider spending a decent amount of time and effort on it. Another factor that you need to consider is how much you want to spend on your wallet. The price ranges of wallets on the market vary a great deal. You can find a wallet which is as cheap as about 5 to 7 dollars. On the other hand, you should expect to pay around 250 to 300 dollars for a high-quality wallet.</p>\n\n<p>In case you need a wallet to use for a long time, it is a good idea that you should invest a decent amount of money on a wallet. A high quality wallet from a reputational brand with the premium quality such as cowhide leather will last for a long time. In addition, it is an accessory to show off your fashion sense and your social status.</p>\n\n<p style=\"text-align:center\"><img alt=\"f2\" height=\"400\" src=\"/storage/news/5.jpg\" /></p>\n\n<p>&nbsp;</p>\n','published',NULL,'Botble\\ACL\\Models\\User',1,'news/4.jpg',1096,NULL,'2023-09-26 16:38:15','2023-09-26 16:38:15'),(5,'How to Care for Leather Bags','You should pay more attention when you choose your wallets. There are a lot of them on the market with the different designs and styles. When you choose carefully, you would be able to buy a wallet that is catered to your needs. Not to mention that it will help to enhance your style significantly.','<p>I have seen many people underestimating the power of their wallets. To them, they are just a functional item they use to carry. As a result, they often end up with the wallets which are not really suitable for them.</p>\n\n<p>You should pay more attention when you choose your wallets. There are a lot of them on the market with the different designs and styles. When you choose carefully, you would be able to buy a wallet that is catered to your needs. Not to mention that it will help to enhance your style significantly.</p>\n\n<p style=\"text-align:center\"><img alt=\"f4\" src=\"/storage/news/1.jpg\" /></p>\n\n<p><br />\n&nbsp;</p>\n\n<p><strong><em>For all of the reason above, here are 7 expert tips to help you pick up the right men&rsquo;s wallet for you:</em></strong></p>\n\n<h4><strong>Number 1: Choose A Neat Wallet</strong></h4>\n\n<p>The wallet is an essential accessory that you should go simple. Simplicity is the best in this case. A simple and neat wallet with the plain color and even&nbsp;<strong>minimalist style</strong>&nbsp;is versatile. It can be used for both formal and casual events. In addition, that wallet will go well with most of the clothes in your wardrobe.</p>\n\n<p>Keep in mind that a wallet will tell other people about your personality and your fashion sense as much as other clothes you put on. Hence, don&rsquo;t go cheesy on your wallet or else people will think that you have a funny and particular style.</p>\n\n<p style=\"text-align:center\"><img alt=\"f5\" src=\"/storage/news/2.jpg\" /></p>\n\n<p><br />\n&nbsp;</p>\n<hr />\n<h4><strong>Number 2: Choose The Right Size For Your Wallet</strong></h4>\n\n<p>You should avoid having an over-sized wallet. Don&rsquo;t think that you need to buy a big wallet because you have a lot to carry with you. In addition, a fat wallet is very ugly. It will make it harder for you to slide the wallet into your trousers&rsquo; pocket. In addition, it will create a bulge and ruin your look.</p>\n\n<p>Before you go on to buy a new wallet, clean out your wallet and place all of the items from your wallet on a table. Throw away things that you would never need any more such as the old bills or the expired gift cards. Remember to check your wallet on a frequent basis to get rid of all of the old stuff that you don&rsquo;t need anymore.</p>\n\n<p style=\"text-align:center\"><img alt=\"f1\" src=\"/storage/news/3.jpg\" /></p>\n\n<p><br />\n&nbsp;</p>\n\n<hr />\n<h4><strong>Number 3: Don&rsquo;t Limit Your Options Of Materials</strong></h4>\n\n<p>The types and designs of wallets are not the only things that you should consider when you go out searching for your best wallet. You have more than 1 option of material rather than leather to choose from as well.</p>\n\n<p>You can experiment with other available options such as cotton, polyester and canvas. They all have their own pros and cons. As a result, they will be suitable for different needs and requirements. You should think about them all in order to choose the material which you would like the most.</p>\n\n<p style=\"text-align:center\"><img alt=\"f6\" height=\"375\" src=\"/storage/news/4.jpg\" /></p>\n\n<p><br />\n&nbsp;</p>\n\n<hr />\n<h4><strong>Number 4: Consider A Wallet As A Long Term Investment</strong></h4>\n\n<p>Your wallet is indeed an investment that you should consider spending a decent amount of time and effort on it. Another factor that you need to consider is how much you want to spend on your wallet. The price ranges of wallets on the market vary a great deal. You can find a wallet which is as cheap as about 5 to 7 dollars. On the other hand, you should expect to pay around 250 to 300 dollars for a high-quality wallet.</p>\n\n<p>In case you need a wallet to use for a long time, it is a good idea that you should invest a decent amount of money on a wallet. A high quality wallet from a reputational brand with the premium quality such as cowhide leather will last for a long time. In addition, it is an accessory to show off your fashion sense and your social status.</p>\n\n<p style=\"text-align:center\"><img alt=\"f2\" height=\"400\" src=\"/storage/news/5.jpg\" /></p>\n\n<p>&nbsp;</p>\n','published',NULL,'Botble\\ACL\\Models\\User',1,'news/5.jpg',2181,NULL,'2023-09-26 16:38:15','2023-09-26 16:38:15'),(6,'We\'re Crushing Hard on Summer\'s 10 Biggest Bag Trends','You should pay more attention when you choose your wallets. There are a lot of them on the market with the different designs and styles. When you choose carefully, you would be able to buy a wallet that is catered to your needs. Not to mention that it will help to enhance your style significantly.','<p>I have seen many people underestimating the power of their wallets. To them, they are just a functional item they use to carry. As a result, they often end up with the wallets which are not really suitable for them.</p>\n\n<p>You should pay more attention when you choose your wallets. There are a lot of them on the market with the different designs and styles. When you choose carefully, you would be able to buy a wallet that is catered to your needs. Not to mention that it will help to enhance your style significantly.</p>\n\n<p style=\"text-align:center\"><img alt=\"f4\" src=\"/storage/news/1.jpg\" /></p>\n\n<p><br />\n&nbsp;</p>\n\n<p><strong><em>For all of the reason above, here are 7 expert tips to help you pick up the right men&rsquo;s wallet for you:</em></strong></p>\n\n<h4><strong>Number 1: Choose A Neat Wallet</strong></h4>\n\n<p>The wallet is an essential accessory that you should go simple. Simplicity is the best in this case. A simple and neat wallet with the plain color and even&nbsp;<strong>minimalist style</strong>&nbsp;is versatile. It can be used for both formal and casual events. In addition, that wallet will go well with most of the clothes in your wardrobe.</p>\n\n<p>Keep in mind that a wallet will tell other people about your personality and your fashion sense as much as other clothes you put on. Hence, don&rsquo;t go cheesy on your wallet or else people will think that you have a funny and particular style.</p>\n\n<p style=\"text-align:center\"><img alt=\"f5\" src=\"/storage/news/2.jpg\" /></p>\n\n<p><br />\n&nbsp;</p>\n<hr />\n<h4><strong>Number 2: Choose The Right Size For Your Wallet</strong></h4>\n\n<p>You should avoid having an over-sized wallet. Don&rsquo;t think that you need to buy a big wallet because you have a lot to carry with you. In addition, a fat wallet is very ugly. It will make it harder for you to slide the wallet into your trousers&rsquo; pocket. In addition, it will create a bulge and ruin your look.</p>\n\n<p>Before you go on to buy a new wallet, clean out your wallet and place all of the items from your wallet on a table. Throw away things that you would never need any more such as the old bills or the expired gift cards. Remember to check your wallet on a frequent basis to get rid of all of the old stuff that you don&rsquo;t need anymore.</p>\n\n<p style=\"text-align:center\"><img alt=\"f1\" src=\"/storage/news/3.jpg\" /></p>\n\n<p><br />\n&nbsp;</p>\n\n<hr />\n<h4><strong>Number 3: Don&rsquo;t Limit Your Options Of Materials</strong></h4>\n\n<p>The types and designs of wallets are not the only things that you should consider when you go out searching for your best wallet. You have more than 1 option of material rather than leather to choose from as well.</p>\n\n<p>You can experiment with other available options such as cotton, polyester and canvas. They all have their own pros and cons. As a result, they will be suitable for different needs and requirements. You should think about them all in order to choose the material which you would like the most.</p>\n\n<p style=\"text-align:center\"><img alt=\"f6\" height=\"375\" src=\"/storage/news/4.jpg\" /></p>\n\n<p><br />\n&nbsp;</p>\n\n<hr />\n<h4><strong>Number 4: Consider A Wallet As A Long Term Investment</strong></h4>\n\n<p>Your wallet is indeed an investment that you should consider spending a decent amount of time and effort on it. Another factor that you need to consider is how much you want to spend on your wallet. The price ranges of wallets on the market vary a great deal. You can find a wallet which is as cheap as about 5 to 7 dollars. On the other hand, you should expect to pay around 250 to 300 dollars for a high-quality wallet.</p>\n\n<p>In case you need a wallet to use for a long time, it is a good idea that you should invest a decent amount of money on a wallet. A high quality wallet from a reputational brand with the premium quality such as cowhide leather will last for a long time. In addition, it is an accessory to show off your fashion sense and your social status.</p>\n\n<p style=\"text-align:center\"><img alt=\"f2\" height=\"400\" src=\"/storage/news/5.jpg\" /></p>\n\n<p>&nbsp;</p>\n','published',NULL,'Botble\\ACL\\Models\\User',1,'news/6.jpg',296,NULL,'2023-09-26 16:38:15','2023-09-26 16:38:15'),(7,'Essential Qualities of Highly Successful Music','You should pay more attention when you choose your wallets. There are a lot of them on the market with the different designs and styles. When you choose carefully, you would be able to buy a wallet that is catered to your needs. Not to mention that it will help to enhance your style significantly.','<p>I have seen many people underestimating the power of their wallets. To them, they are just a functional item they use to carry. As a result, they often end up with the wallets which are not really suitable for them.</p>\n\n<p>You should pay more attention when you choose your wallets. There are a lot of them on the market with the different designs and styles. When you choose carefully, you would be able to buy a wallet that is catered to your needs. Not to mention that it will help to enhance your style significantly.</p>\n\n<p style=\"text-align:center\"><img alt=\"f4\" src=\"/storage/news/1.jpg\" /></p>\n\n<p><br />\n&nbsp;</p>\n\n<p><strong><em>For all of the reason above, here are 7 expert tips to help you pick up the right men&rsquo;s wallet for you:</em></strong></p>\n\n<h4><strong>Number 1: Choose A Neat Wallet</strong></h4>\n\n<p>The wallet is an essential accessory that you should go simple. Simplicity is the best in this case. A simple and neat wallet with the plain color and even&nbsp;<strong>minimalist style</strong>&nbsp;is versatile. It can be used for both formal and casual events. In addition, that wallet will go well with most of the clothes in your wardrobe.</p>\n\n<p>Keep in mind that a wallet will tell other people about your personality and your fashion sense as much as other clothes you put on. Hence, don&rsquo;t go cheesy on your wallet or else people will think that you have a funny and particular style.</p>\n\n<p style=\"text-align:center\"><img alt=\"f5\" src=\"/storage/news/2.jpg\" /></p>\n\n<p><br />\n&nbsp;</p>\n<hr />\n<h4><strong>Number 2: Choose The Right Size For Your Wallet</strong></h4>\n\n<p>You should avoid having an over-sized wallet. Don&rsquo;t think that you need to buy a big wallet because you have a lot to carry with you. In addition, a fat wallet is very ugly. It will make it harder for you to slide the wallet into your trousers&rsquo; pocket. In addition, it will create a bulge and ruin your look.</p>\n\n<p>Before you go on to buy a new wallet, clean out your wallet and place all of the items from your wallet on a table. Throw away things that you would never need any more such as the old bills or the expired gift cards. Remember to check your wallet on a frequent basis to get rid of all of the old stuff that you don&rsquo;t need anymore.</p>\n\n<p style=\"text-align:center\"><img alt=\"f1\" src=\"/storage/news/3.jpg\" /></p>\n\n<p><br />\n&nbsp;</p>\n\n<hr />\n<h4><strong>Number 3: Don&rsquo;t Limit Your Options Of Materials</strong></h4>\n\n<p>The types and designs of wallets are not the only things that you should consider when you go out searching for your best wallet. You have more than 1 option of material rather than leather to choose from as well.</p>\n\n<p>You can experiment with other available options such as cotton, polyester and canvas. They all have their own pros and cons. As a result, they will be suitable for different needs and requirements. You should think about them all in order to choose the material which you would like the most.</p>\n\n<p style=\"text-align:center\"><img alt=\"f6\" height=\"375\" src=\"/storage/news/4.jpg\" /></p>\n\n<p><br />\n&nbsp;</p>\n\n<hr />\n<h4><strong>Number 4: Consider A Wallet As A Long Term Investment</strong></h4>\n\n<p>Your wallet is indeed an investment that you should consider spending a decent amount of time and effort on it. Another factor that you need to consider is how much you want to spend on your wallet. The price ranges of wallets on the market vary a great deal. You can find a wallet which is as cheap as about 5 to 7 dollars. On the other hand, you should expect to pay around 250 to 300 dollars for a high-quality wallet.</p>\n\n<p>In case you need a wallet to use for a long time, it is a good idea that you should invest a decent amount of money on a wallet. A high quality wallet from a reputational brand with the premium quality such as cowhide leather will last for a long time. In addition, it is an accessory to show off your fashion sense and your social status.</p>\n\n<p style=\"text-align:center\"><img alt=\"f2\" height=\"400\" src=\"/storage/news/5.jpg\" /></p>\n\n<p>&nbsp;</p>\n','published',NULL,'Botble\\ACL\\Models\\User',1,'news/7.jpg',1578,NULL,'2023-09-26 16:38:15','2023-09-26 16:38:15'),(8,'9 Things I Love About Shaving My Head','You should pay more attention when you choose your wallets. There are a lot of them on the market with the different designs and styles. When you choose carefully, you would be able to buy a wallet that is catered to your needs. Not to mention that it will help to enhance your style significantly.','<p>I have seen many people underestimating the power of their wallets. To them, they are just a functional item they use to carry. As a result, they often end up with the wallets which are not really suitable for them.</p>\n\n<p>You should pay more attention when you choose your wallets. There are a lot of them on the market with the different designs and styles. When you choose carefully, you would be able to buy a wallet that is catered to your needs. Not to mention that it will help to enhance your style significantly.</p>\n\n<p style=\"text-align:center\"><img alt=\"f4\" src=\"/storage/news/1.jpg\" /></p>\n\n<p><br />\n&nbsp;</p>\n\n<p><strong><em>For all of the reason above, here are 7 expert tips to help you pick up the right men&rsquo;s wallet for you:</em></strong></p>\n\n<h4><strong>Number 1: Choose A Neat Wallet</strong></h4>\n\n<p>The wallet is an essential accessory that you should go simple. Simplicity is the best in this case. A simple and neat wallet with the plain color and even&nbsp;<strong>minimalist style</strong>&nbsp;is versatile. It can be used for both formal and casual events. In addition, that wallet will go well with most of the clothes in your wardrobe.</p>\n\n<p>Keep in mind that a wallet will tell other people about your personality and your fashion sense as much as other clothes you put on. Hence, don&rsquo;t go cheesy on your wallet or else people will think that you have a funny and particular style.</p>\n\n<p style=\"text-align:center\"><img alt=\"f5\" src=\"/storage/news/2.jpg\" /></p>\n\n<p><br />\n&nbsp;</p>\n<hr />\n<h4><strong>Number 2: Choose The Right Size For Your Wallet</strong></h4>\n\n<p>You should avoid having an over-sized wallet. Don&rsquo;t think that you need to buy a big wallet because you have a lot to carry with you. In addition, a fat wallet is very ugly. It will make it harder for you to slide the wallet into your trousers&rsquo; pocket. In addition, it will create a bulge and ruin your look.</p>\n\n<p>Before you go on to buy a new wallet, clean out your wallet and place all of the items from your wallet on a table. Throw away things that you would never need any more such as the old bills or the expired gift cards. Remember to check your wallet on a frequent basis to get rid of all of the old stuff that you don&rsquo;t need anymore.</p>\n\n<p style=\"text-align:center\"><img alt=\"f1\" src=\"/storage/news/3.jpg\" /></p>\n\n<p><br />\n&nbsp;</p>\n\n<hr />\n<h4><strong>Number 3: Don&rsquo;t Limit Your Options Of Materials</strong></h4>\n\n<p>The types and designs of wallets are not the only things that you should consider when you go out searching for your best wallet. You have more than 1 option of material rather than leather to choose from as well.</p>\n\n<p>You can experiment with other available options such as cotton, polyester and canvas. They all have their own pros and cons. As a result, they will be suitable for different needs and requirements. You should think about them all in order to choose the material which you would like the most.</p>\n\n<p style=\"text-align:center\"><img alt=\"f6\" height=\"375\" src=\"/storage/news/4.jpg\" /></p>\n\n<p><br />\n&nbsp;</p>\n\n<hr />\n<h4><strong>Number 4: Consider A Wallet As A Long Term Investment</strong></h4>\n\n<p>Your wallet is indeed an investment that you should consider spending a decent amount of time and effort on it. Another factor that you need to consider is how much you want to spend on your wallet. The price ranges of wallets on the market vary a great deal. You can find a wallet which is as cheap as about 5 to 7 dollars. On the other hand, you should expect to pay around 250 to 300 dollars for a high-quality wallet.</p>\n\n<p>In case you need a wallet to use for a long time, it is a good idea that you should invest a decent amount of money on a wallet. A high quality wallet from a reputational brand with the premium quality such as cowhide leather will last for a long time. In addition, it is an accessory to show off your fashion sense and your social status.</p>\n\n<p style=\"text-align:center\"><img alt=\"f2\" height=\"400\" src=\"/storage/news/5.jpg\" /></p>\n\n<p>&nbsp;</p>\n','published',NULL,'Botble\\ACL\\Models\\User',1,'news/8.jpg',2053,NULL,'2023-09-26 16:38:15','2023-09-26 16:38:15'),(9,'Why Teamwork Really Makes The Dream Work','You should pay more attention when you choose your wallets. There are a lot of them on the market with the different designs and styles. When you choose carefully, you would be able to buy a wallet that is catered to your needs. Not to mention that it will help to enhance your style significantly.','<p>I have seen many people underestimating the power of their wallets. To them, they are just a functional item they use to carry. As a result, they often end up with the wallets which are not really suitable for them.</p>\n\n<p>You should pay more attention when you choose your wallets. There are a lot of them on the market with the different designs and styles. When you choose carefully, you would be able to buy a wallet that is catered to your needs. Not to mention that it will help to enhance your style significantly.</p>\n\n<p style=\"text-align:center\"><img alt=\"f4\" src=\"/storage/news/1.jpg\" /></p>\n\n<p><br />\n&nbsp;</p>\n\n<p><strong><em>For all of the reason above, here are 7 expert tips to help you pick up the right men&rsquo;s wallet for you:</em></strong></p>\n\n<h4><strong>Number 1: Choose A Neat Wallet</strong></h4>\n\n<p>The wallet is an essential accessory that you should go simple. Simplicity is the best in this case. A simple and neat wallet with the plain color and even&nbsp;<strong>minimalist style</strong>&nbsp;is versatile. It can be used for both formal and casual events. In addition, that wallet will go well with most of the clothes in your wardrobe.</p>\n\n<p>Keep in mind that a wallet will tell other people about your personality and your fashion sense as much as other clothes you put on. Hence, don&rsquo;t go cheesy on your wallet or else people will think that you have a funny and particular style.</p>\n\n<p style=\"text-align:center\"><img alt=\"f5\" src=\"/storage/news/2.jpg\" /></p>\n\n<p><br />\n&nbsp;</p>\n<hr />\n<h4><strong>Number 2: Choose The Right Size For Your Wallet</strong></h4>\n\n<p>You should avoid having an over-sized wallet. Don&rsquo;t think that you need to buy a big wallet because you have a lot to carry with you. In addition, a fat wallet is very ugly. It will make it harder for you to slide the wallet into your trousers&rsquo; pocket. In addition, it will create a bulge and ruin your look.</p>\n\n<p>Before you go on to buy a new wallet, clean out your wallet and place all of the items from your wallet on a table. Throw away things that you would never need any more such as the old bills or the expired gift cards. Remember to check your wallet on a frequent basis to get rid of all of the old stuff that you don&rsquo;t need anymore.</p>\n\n<p style=\"text-align:center\"><img alt=\"f1\" src=\"/storage/news/3.jpg\" /></p>\n\n<p><br />\n&nbsp;</p>\n\n<hr />\n<h4><strong>Number 3: Don&rsquo;t Limit Your Options Of Materials</strong></h4>\n\n<p>The types and designs of wallets are not the only things that you should consider when you go out searching for your best wallet. You have more than 1 option of material rather than leather to choose from as well.</p>\n\n<p>You can experiment with other available options such as cotton, polyester and canvas. They all have their own pros and cons. As a result, they will be suitable for different needs and requirements. You should think about them all in order to choose the material which you would like the most.</p>\n\n<p style=\"text-align:center\"><img alt=\"f6\" height=\"375\" src=\"/storage/news/4.jpg\" /></p>\n\n<p><br />\n&nbsp;</p>\n\n<hr />\n<h4><strong>Number 4: Consider A Wallet As A Long Term Investment</strong></h4>\n\n<p>Your wallet is indeed an investment that you should consider spending a decent amount of time and effort on it. Another factor that you need to consider is how much you want to spend on your wallet. The price ranges of wallets on the market vary a great deal. You can find a wallet which is as cheap as about 5 to 7 dollars. On the other hand, you should expect to pay around 250 to 300 dollars for a high-quality wallet.</p>\n\n<p>In case you need a wallet to use for a long time, it is a good idea that you should invest a decent amount of money on a wallet. A high quality wallet from a reputational brand with the premium quality such as cowhide leather will last for a long time. In addition, it is an accessory to show off your fashion sense and your social status.</p>\n\n<p style=\"text-align:center\"><img alt=\"f2\" height=\"400\" src=\"/storage/news/5.jpg\" /></p>\n\n<p>&nbsp;</p>\n','published',NULL,'Botble\\ACL\\Models\\User',1,'news/9.jpg',2490,NULL,'2023-09-26 16:38:15','2023-09-26 16:38:15'),(10,'The World Caters to Average People','You should pay more attention when you choose your wallets. There are a lot of them on the market with the different designs and styles. When you choose carefully, you would be able to buy a wallet that is catered to your needs. Not to mention that it will help to enhance your style significantly.','<p>I have seen many people underestimating the power of their wallets. To them, they are just a functional item they use to carry. As a result, they often end up with the wallets which are not really suitable for them.</p>\n\n<p>You should pay more attention when you choose your wallets. There are a lot of them on the market with the different designs and styles. When you choose carefully, you would be able to buy a wallet that is catered to your needs. Not to mention that it will help to enhance your style significantly.</p>\n\n<p style=\"text-align:center\"><img alt=\"f4\" src=\"/storage/news/1.jpg\" /></p>\n\n<p><br />\n&nbsp;</p>\n\n<p><strong><em>For all of the reason above, here are 7 expert tips to help you pick up the right men&rsquo;s wallet for you:</em></strong></p>\n\n<h4><strong>Number 1: Choose A Neat Wallet</strong></h4>\n\n<p>The wallet is an essential accessory that you should go simple. Simplicity is the best in this case. A simple and neat wallet with the plain color and even&nbsp;<strong>minimalist style</strong>&nbsp;is versatile. It can be used for both formal and casual events. In addition, that wallet will go well with most of the clothes in your wardrobe.</p>\n\n<p>Keep in mind that a wallet will tell other people about your personality and your fashion sense as much as other clothes you put on. Hence, don&rsquo;t go cheesy on your wallet or else people will think that you have a funny and particular style.</p>\n\n<p style=\"text-align:center\"><img alt=\"f5\" src=\"/storage/news/2.jpg\" /></p>\n\n<p><br />\n&nbsp;</p>\n<hr />\n<h4><strong>Number 2: Choose The Right Size For Your Wallet</strong></h4>\n\n<p>You should avoid having an over-sized wallet. Don&rsquo;t think that you need to buy a big wallet because you have a lot to carry with you. In addition, a fat wallet is very ugly. It will make it harder for you to slide the wallet into your trousers&rsquo; pocket. In addition, it will create a bulge and ruin your look.</p>\n\n<p>Before you go on to buy a new wallet, clean out your wallet and place all of the items from your wallet on a table. Throw away things that you would never need any more such as the old bills or the expired gift cards. Remember to check your wallet on a frequent basis to get rid of all of the old stuff that you don&rsquo;t need anymore.</p>\n\n<p style=\"text-align:center\"><img alt=\"f1\" src=\"/storage/news/3.jpg\" /></p>\n\n<p><br />\n&nbsp;</p>\n\n<hr />\n<h4><strong>Number 3: Don&rsquo;t Limit Your Options Of Materials</strong></h4>\n\n<p>The types and designs of wallets are not the only things that you should consider when you go out searching for your best wallet. You have more than 1 option of material rather than leather to choose from as well.</p>\n\n<p>You can experiment with other available options such as cotton, polyester and canvas. They all have their own pros and cons. As a result, they will be suitable for different needs and requirements. You should think about them all in order to choose the material which you would like the most.</p>\n\n<p style=\"text-align:center\"><img alt=\"f6\" height=\"375\" src=\"/storage/news/4.jpg\" /></p>\n\n<p><br />\n&nbsp;</p>\n\n<hr />\n<h4><strong>Number 4: Consider A Wallet As A Long Term Investment</strong></h4>\n\n<p>Your wallet is indeed an investment that you should consider spending a decent amount of time and effort on it. Another factor that you need to consider is how much you want to spend on your wallet. The price ranges of wallets on the market vary a great deal. You can find a wallet which is as cheap as about 5 to 7 dollars. On the other hand, you should expect to pay around 250 to 300 dollars for a high-quality wallet.</p>\n\n<p>In case you need a wallet to use for a long time, it is a good idea that you should invest a decent amount of money on a wallet. A high quality wallet from a reputational brand with the premium quality such as cowhide leather will last for a long time. In addition, it is an accessory to show off your fashion sense and your social status.</p>\n\n<p style=\"text-align:center\"><img alt=\"f2\" height=\"400\" src=\"/storage/news/5.jpg\" /></p>\n\n<p>&nbsp;</p>\n','published',NULL,'Botble\\ACL\\Models\\User',1,'news/10.jpg',2297,NULL,'2023-09-26 16:38:15','2023-09-26 16:38:15'),(11,'The litigants on the screen are not actors','You should pay more attention when you choose your wallets. There are a lot of them on the market with the different designs and styles. When you choose carefully, you would be able to buy a wallet that is catered to your needs. Not to mention that it will help to enhance your style significantly.','<p>I have seen many people underestimating the power of their wallets. To them, they are just a functional item they use to carry. As a result, they often end up with the wallets which are not really suitable for them.</p>\n\n<p>You should pay more attention when you choose your wallets. There are a lot of them on the market with the different designs and styles. When you choose carefully, you would be able to buy a wallet that is catered to your needs. Not to mention that it will help to enhance your style significantly.</p>\n\n<p style=\"text-align:center\"><img alt=\"f4\" src=\"/storage/news/1.jpg\" /></p>\n\n<p><br />\n&nbsp;</p>\n\n<p><strong><em>For all of the reason above, here are 7 expert tips to help you pick up the right men&rsquo;s wallet for you:</em></strong></p>\n\n<h4><strong>Number 1: Choose A Neat Wallet</strong></h4>\n\n<p>The wallet is an essential accessory that you should go simple. Simplicity is the best in this case. A simple and neat wallet with the plain color and even&nbsp;<strong>minimalist style</strong>&nbsp;is versatile. It can be used for both formal and casual events. In addition, that wallet will go well with most of the clothes in your wardrobe.</p>\n\n<p>Keep in mind that a wallet will tell other people about your personality and your fashion sense as much as other clothes you put on. Hence, don&rsquo;t go cheesy on your wallet or else people will think that you have a funny and particular style.</p>\n\n<p style=\"text-align:center\"><img alt=\"f5\" src=\"/storage/news/2.jpg\" /></p>\n\n<p><br />\n&nbsp;</p>\n<hr />\n<h4><strong>Number 2: Choose The Right Size For Your Wallet</strong></h4>\n\n<p>You should avoid having an over-sized wallet. Don&rsquo;t think that you need to buy a big wallet because you have a lot to carry with you. In addition, a fat wallet is very ugly. It will make it harder for you to slide the wallet into your trousers&rsquo; pocket. In addition, it will create a bulge and ruin your look.</p>\n\n<p>Before you go on to buy a new wallet, clean out your wallet and place all of the items from your wallet on a table. Throw away things that you would never need any more such as the old bills or the expired gift cards. Remember to check your wallet on a frequent basis to get rid of all of the old stuff that you don&rsquo;t need anymore.</p>\n\n<p style=\"text-align:center\"><img alt=\"f1\" src=\"/storage/news/3.jpg\" /></p>\n\n<p><br />\n&nbsp;</p>\n\n<hr />\n<h4><strong>Number 3: Don&rsquo;t Limit Your Options Of Materials</strong></h4>\n\n<p>The types and designs of wallets are not the only things that you should consider when you go out searching for your best wallet. You have more than 1 option of material rather than leather to choose from as well.</p>\n\n<p>You can experiment with other available options such as cotton, polyester and canvas. They all have their own pros and cons. As a result, they will be suitable for different needs and requirements. You should think about them all in order to choose the material which you would like the most.</p>\n\n<p style=\"text-align:center\"><img alt=\"f6\" height=\"375\" src=\"/storage/news/4.jpg\" /></p>\n\n<p><br />\n&nbsp;</p>\n\n<hr />\n<h4><strong>Number 4: Consider A Wallet As A Long Term Investment</strong></h4>\n\n<p>Your wallet is indeed an investment that you should consider spending a decent amount of time and effort on it. Another factor that you need to consider is how much you want to spend on your wallet. The price ranges of wallets on the market vary a great deal. You can find a wallet which is as cheap as about 5 to 7 dollars. On the other hand, you should expect to pay around 250 to 300 dollars for a high-quality wallet.</p>\n\n<p>In case you need a wallet to use for a long time, it is a good idea that you should invest a decent amount of money on a wallet. A high quality wallet from a reputational brand with the premium quality such as cowhide leather will last for a long time. In addition, it is an accessory to show off your fashion sense and your social status.</p>\n\n<p style=\"text-align:center\"><img alt=\"f2\" height=\"400\" src=\"/storage/news/5.jpg\" /></p>\n\n<p>&nbsp;</p>\n','published',NULL,'Botble\\ACL\\Models\\User',0,'news/11.jpg',1967,NULL,'2023-09-26 16:38:15','2023-09-26 16:38:15');

--
-- Table structure for table `posts_translations`
--

CREATE TABLE `posts_translations` (
  `lang_code` varchar(191) COLLATE utf8mb4_unicode_ci NOT NULL,
  `posts_id` bigint unsigned NOT NULL,
  `name` varchar(255) COLLATE utf8mb4_unicode_ci DEFAULT NULL,
  `description` varchar(400) COLLATE utf8mb4_unicode_ci DEFAULT NULL,
  `content` longtext COLLATE utf8mb4_unicode_ci,
  PRIMARY KEY (`lang_code`,`posts_id`)
) ENGINE=InnoDB DEFAULT CHARSET=utf8mb4 COLLATE=utf8mb4_unicode_ci;

--
-- Dumping data for table `posts_translations`
--


--
-- Table structure for table `revisions`
--

CREATE TABLE `revisions` (
  `id` bigint unsigned NOT NULL AUTO_INCREMENT,
  `revisionable_type` varchar(191) COLLATE utf8mb4_unicode_ci NOT NULL,
  `revisionable_id` bigint unsigned NOT NULL,
  `user_id` bigint unsigned DEFAULT NULL,
  `key` varchar(191) COLLATE utf8mb4_unicode_ci NOT NULL,
  `old_value` text COLLATE utf8mb4_unicode_ci,
  `new_value` text COLLATE utf8mb4_unicode_ci,
  `created_at` timestamp NULL DEFAULT NULL,
  `updated_at` timestamp NULL DEFAULT NULL,
  PRIMARY KEY (`id`),
  KEY `revisions_revisionable_id_revisionable_type_index` (`revisionable_id`,`revisionable_type`)
) ENGINE=InnoDB DEFAULT CHARSET=utf8mb4 COLLATE=utf8mb4_unicode_ci;

--
-- Dumping data for table `revisions`
--


--
-- Table structure for table `role_users`
--

CREATE TABLE `role_users` (
  `user_id` bigint unsigned NOT NULL,
  `role_id` bigint unsigned NOT NULL,
  `created_at` timestamp NULL DEFAULT NULL,
  `updated_at` timestamp NULL DEFAULT NULL,
  PRIMARY KEY (`user_id`,`role_id`),
  KEY `role_users_user_id_index` (`user_id`),
  KEY `role_users_role_id_index` (`role_id`)
) ENGINE=InnoDB DEFAULT CHARSET=utf8mb4 COLLATE=utf8mb4_unicode_ci;

--
-- Dumping data for table `role_users`
--

INSERT INTO `role_users` VALUES (3,1,'2023-09-26 16:38:14','2023-09-26 16:38:14');

--
-- Table structure for table `roles`
--

CREATE TABLE `roles` (
  `id` bigint unsigned NOT NULL AUTO_INCREMENT,
  `slug` varchar(120) COLLATE utf8mb4_unicode_ci NOT NULL,
  `name` varchar(120) COLLATE utf8mb4_unicode_ci NOT NULL,
  `permissions` text COLLATE utf8mb4_unicode_ci,
  `description` varchar(255) COLLATE utf8mb4_unicode_ci DEFAULT NULL,
  `is_default` tinyint unsigned NOT NULL DEFAULT '0',
  `created_by` bigint unsigned NOT NULL,
  `updated_by` bigint unsigned NOT NULL,
  `created_at` timestamp NULL DEFAULT NULL,
  `updated_at` timestamp NULL DEFAULT NULL,
  PRIMARY KEY (`id`),
  UNIQUE KEY `roles_slug_unique` (`slug`),
  KEY `roles_created_by_index` (`created_by`),
  KEY `roles_updated_by_index` (`updated_by`)
) ENGINE=InnoDB AUTO_INCREMENT=2 DEFAULT CHARSET=utf8mb4 COLLATE=utf8mb4_unicode_ci;

--
-- Dumping data for table `roles`
--

INSERT INTO `roles` VALUES (1,'admin','Admin','{\"users.index\":true,\"users.create\":true,\"users.edit\":true,\"users.destroy\":true,\"roles.index\":true,\"roles.create\":true,\"roles.edit\":true,\"roles.destroy\":true,\"core.system\":true,\"core.manage.license\":true,\"media.index\":true,\"files.index\":true,\"files.create\":true,\"files.edit\":true,\"files.trash\":true,\"files.destroy\":true,\"folders.index\":true,\"folders.create\":true,\"folders.edit\":true,\"folders.trash\":true,\"folders.destroy\":true,\"settings.options\":true,\"settings.email\":true,\"settings.media\":true,\"settings.cronjob\":true,\"menus.index\":true,\"menus.create\":true,\"menus.edit\":true,\"menus.destroy\":true,\"pages.index\":true,\"pages.create\":true,\"pages.edit\":true,\"pages.destroy\":true,\"plugins.index\":true,\"plugins.edit\":true,\"plugins.remove\":true,\"plugins.marketplace\":true,\"core.appearance\":true,\"theme.index\":true,\"theme.activate\":true,\"theme.remove\":true,\"theme.options\":true,\"theme.custom-css\":true,\"theme.custom-js\":true,\"theme.custom-html\":true,\"widgets.index\":true,\"analytics.general\":true,\"analytics.page\":true,\"analytics.browser\":true,\"analytics.referrer\":true,\"audit-log.index\":true,\"audit-log.destroy\":true,\"backups.index\":true,\"backups.create\":true,\"backups.restore\":true,\"backups.destroy\":true,\"plugins.blog\":true,\"posts.index\":true,\"posts.create\":true,\"posts.edit\":true,\"posts.destroy\":true,\"categories.index\":true,\"categories.create\":true,\"categories.edit\":true,\"categories.destroy\":true,\"tags.index\":true,\"tags.create\":true,\"tags.edit\":true,\"tags.destroy\":true,\"contacts.index\":true,\"contacts.edit\":true,\"contacts.destroy\":true,\"plugins.ecommerce\":true,\"ecommerce.settings\":true,\"ecommerce.report.index\":true,\"products.index\":true,\"products.create\":true,\"products.edit\":true,\"products.destroy\":true,\"products.duplicate\":true,\"product-categories.index\":true,\"product-categories.create\":true,\"product-categories.edit\":true,\"product-categories.destroy\":true,\"product-tag.index\":true,\"product-tag.create\":true,\"product-tag.edit\":true,\"product-tag.destroy\":true,\"brands.index\":true,\"brands.create\":true,\"brands.edit\":true,\"brands.destroy\":true,\"product-collections.index\":true,\"product-collections.create\":true,\"product-collections.edit\":true,\"product-collections.destroy\":true,\"product-attribute-sets.index\":true,\"product-attribute-sets.create\":true,\"product-attribute-sets.edit\":true,\"product-attribute-sets.destroy\":true,\"product-attributes.index\":true,\"product-attributes.create\":true,\"product-attributes.edit\":true,\"product-attributes.destroy\":true,\"tax.index\":true,\"tax.create\":true,\"tax.edit\":true,\"tax.destroy\":true,\"reviews.index\":true,\"reviews.destroy\":true,\"reviews.publish\":true,\"shipping_methods.index\":true,\"ecommerce.shipping-rule-items.index\":true,\"ecommerce.shipping-rule-items.create\":true,\"ecommerce.shipping-rule-items.edit\":true,\"ecommerce.shipping-rule-items.destroy\":true,\"ecommerce.shipping-rule-items.bulk-import\":true,\"ecommerce.shipments.index\":true,\"ecommerce.shipments.create\":true,\"ecommerce.shipments.edit\":true,\"ecommerce.shipments.destroy\":true,\"orders.index\":true,\"orders.create\":true,\"orders.edit\":true,\"orders.destroy\":true,\"discounts.index\":true,\"discounts.create\":true,\"discounts.edit\":true,\"discounts.destroy\":true,\"customers.index\":true,\"customers.create\":true,\"customers.edit\":true,\"customers.destroy\":true,\"flash-sale.index\":true,\"flash-sale.create\":true,\"flash-sale.edit\":true,\"flash-sale.destroy\":true,\"product-label.index\":true,\"product-label.create\":true,\"product-label.edit\":true,\"product-label.destroy\":true,\"ecommerce.import.products.index\":true,\"ecommerce.export.products.index\":true,\"order_returns.index\":true,\"order_returns.edit\":true,\"order_returns.destroy\":true,\"global-option.index\":true,\"global-option.create\":true,\"global-option.edit\":true,\"global-option.destroy\":true,\"ecommerce.invoice.index\":true,\"ecommerce.invoice.edit\":true,\"ecommerce.invoice.destroy\":true,\"ecommerce.invoice-template.index\":true,\"plugin.faq\":true,\"faq.index\":true,\"faq.create\":true,\"faq.edit\":true,\"faq.destroy\":true,\"faq_category.index\":true,\"faq_category.create\":true,\"faq_category.edit\":true,\"faq_category.destroy\":true,\"galleries.index\":true,\"galleries.create\":true,\"galleries.edit\":true,\"galleries.destroy\":true,\"languages.index\":true,\"languages.create\":true,\"languages.edit\":true,\"languages.destroy\":true,\"plugin.location\":true,\"country.index\":true,\"country.create\":true,\"country.edit\":true,\"country.destroy\":true,\"state.index\":true,\"state.create\":true,\"state.edit\":true,\"state.destroy\":true,\"city.index\":true,\"city.create\":true,\"city.edit\":true,\"city.destroy\":true,\"location.bulk-import.index\":true,\"location.export.index\":true,\"newsletter.index\":true,\"newsletter.destroy\":true,\"payment.index\":true,\"payments.settings\":true,\"payment.destroy\":true,\"simple-slider.index\":true,\"simple-slider.create\":true,\"simple-slider.edit\":true,\"simple-slider.destroy\":true,\"simple-slider-item.index\":true,\"simple-slider-item.create\":true,\"simple-slider-item.edit\":true,\"simple-slider-item.destroy\":true,\"social-login.settings\":true,\"plugins.translation\":true,\"translations.locales\":true,\"translations.theme-translations\":true,\"translations.index\":true}','Admin users role',1,1,1,'2023-09-26 16:38:13','2023-09-26 16:38:13');

--
-- Table structure for table `settings`
--

CREATE TABLE `settings` (
  `id` bigint unsigned NOT NULL AUTO_INCREMENT,
  `key` varchar(191) COLLATE utf8mb4_unicode_ci NOT NULL,
  `value` text COLLATE utf8mb4_unicode_ci,
  `created_at` timestamp NULL DEFAULT NULL,
  `updated_at` timestamp NULL DEFAULT NULL,
  PRIMARY KEY (`id`),
  UNIQUE KEY `settings_key_unique` (`key`)
) ENGINE=InnoDB AUTO_INCREMENT=64 DEFAULT CHARSET=utf8mb4 COLLATE=utf8mb4_unicode_ci;

--
-- Dumping data for table `settings`
--

INSERT INTO `settings` VALUES (1,'activated_plugins','[\"language\",\"language-advanced\",\"analytics\",\"audit-log\",\"backup\",\"blog\",\"captcha\",\"contact\",\"cookie-consent\",\"ecommerce\",\"faq\",\"gallery\",\"location\",\"newsletter\",\"payment\",\"paypal\",\"paystack\",\"razorpay\",\"shippo\",\"simple-slider\",\"social-login\",\"sslcommerz\",\"stripe\",\"translation\"]',NULL,'2023-09-26 16:38:15'),(5,'api_enabled','0',NULL,'2023-09-26 16:38:15'),(8,'language_hide_default','1',NULL,'2023-09-26 16:38:15'),(10,'language_display','all',NULL,'2023-09-26 16:38:15'),(11,'language_hide_languages','[]',NULL,'2023-09-26 16:38:15'),(12,'payment_cod_status','1',NULL,NULL),(13,'payment_bank_transfer_status','1',NULL,NULL),(14,'media_random_hash','7532950a81377b8401a5c054b969b443',NULL,NULL),(15,'show_admin_bar','1',NULL,NULL),(16,'theme','september',NULL,NULL),(17,'language_switcher_display','dropdown',NULL,NULL),(18,'admin_favicon','general/favicon.png',NULL,NULL),(19,'admin_logo','general/logo-light.png',NULL,NULL),(20,'permalink-botble-blog-models-post','blog',NULL,NULL),(21,'permalink-botble-blog-models-category','blog',NULL,NULL),(22,'payment_cod_description','Please pay money directly to the postman, if you choose cash on delivery method (COD).',NULL,NULL),(23,'payment_bank_transfer_description','Please send money to our bank account: ACB - 69270 213 19.',NULL,NULL),(24,'payment_stripe_payment_type','stripe_checkout',NULL,NULL),(25,'plugins_ecommerce_customer_new_order_status','0',NULL,NULL),(26,'plugins_ecommerce_admin_new_order_status','0',NULL,NULL),(27,'ecommerce_is_enabled_support_digital_products','1',NULL,NULL),(28,'ecommerce_load_countries_states_cities_from_location_plugin','0',NULL,NULL),(29,'payment_bank_transfer_display_bank_info_at_the_checkout_success_page','1',NULL,NULL),(30,'ecommerce_product_sku_format','HS-2443-[%S]',NULL,NULL),(31,'ecommerce_store_name','HASA SG',NULL,NULL),(32,'ecommerce_store_phone','18006268',NULL,NULL),(33,'ecommerce_store_address','North Link Building, 10 Admiralty Street',NULL,NULL),(34,'ecommerce_store_state','Singapore',NULL,NULL),(35,'ecommerce_store_city','Singapore',NULL,NULL),(36,'ecommerce_store_country','SG',NULL,NULL),(37,'theme-september-site_title','HASA',NULL,NULL),(38,'theme-september-seo_title','HASA - Multipurpose Laravel Fashion Shop',NULL,NULL),(39,'theme-september-seo_description','HASA is made specifically for a Fashion store, but also well suited for an electronics store, furniture store, etc. It’s clean and minimal. Every page is fully responsive, making your creation look good on any device.',NULL,NULL),(40,'theme-september-copyright','© 2023 Botble Technologies. All Rights Reserved.',NULL,NULL),(41,'theme-september-favicon','general/favicon.png',NULL,NULL),(42,'theme-september-logo','general/logo.png',NULL,NULL),(43,'theme-september-seo_og_image','general/open-graph-image.png',NULL,NULL),(44,'theme-september-address','North Link Building, 10 Admiralty Street, 757695 Singapore',NULL,NULL),(45,'theme-september-hotline','18006268',NULL,NULL),(46,'theme-september-email','sales@botble.com',NULL,NULL),(47,'theme-september-facebook','https://facebook.com',NULL,NULL),(48,'theme-september-twitter','https://twitter.com',NULL,NULL),(49,'theme-september-youtube','https://youtube.com',NULL,NULL),(50,'theme-september-linkedin','https://linkedin.com',NULL,NULL),(51,'theme-september-pinterest','https://pinterest.com',NULL,NULL),(52,'theme-september-instagram','https://instagram.com',NULL,NULL),(53,'theme-september-homepage_id','1',NULL,NULL),(54,'theme-september-blog_page_id','2',NULL,NULL),(55,'theme-september-cookie_consent_message','Your experience on this site will be improved by allowing cookies ',NULL,NULL),(56,'theme-september-cookie_consent_learn_more_url','https://hasa.test/cookie-policy',NULL,NULL),(57,'theme-september-cookie_consent_learn_more_text','Cookie Policy',NULL,NULL),(58,'theme-september-enabled_sticky_header','yes',NULL,NULL),(59,'theme-september-product_page_banner_title','Enjoy Shopping with us',NULL,NULL),(63,'theme-september-social_links','[[{\"key\":\"social-name\",\"value\":\"Facebook\"},{\"key\":\"social-icon\",\"value\":\"fa fa-facebook\"},{\"key\":\"social-url\",\"value\":\"https:\\/\\/facebook.com.com\"}],[{\"key\":\"social-name\",\"value\":\"Twitter\"},{\"key\":\"social-icon\",\"value\":\"fa fa-twitter\"},{\"key\":\"social-url\",\"value\":\"https:\\/\\/twitter.com\"}],[{\"key\":\"social-name\",\"value\":\"Instagram\"},{\"key\":\"social-icon\",\"value\":\"fa fa-instagram\"},{\"key\":\"social-url\",\"value\":\"https:\\/\\/instagram.com\"}],[{\"key\":\"social-name\",\"value\":\"Pinterest\"},{\"key\":\"social-icon\",\"value\":\"fa fa-pinterest\"},{\"key\":\"social-url\",\"value\":\"https:\\/\\/pinterest.com\"}],[{\"key\":\"social-name\",\"value\":\"Linkedin\"},{\"key\":\"social-icon\",\"value\":\"fa fa-linkedin\"},{\"key\":\"social-url\",\"value\":\"https:\\/\\/linkedin.com\"}],[{\"key\":\"social-name\",\"value\":\"Youtube\"},{\"key\":\"social-icon\",\"value\":\"fa fa-youtube\"},{\"key\":\"social-url\",\"value\":\"https:\\/\\/youtube.com\"}]]',NULL,NULL);

--
-- Table structure for table `simple_slider_items`
--

CREATE TABLE `simple_slider_items` (
  `id` bigint unsigned NOT NULL AUTO_INCREMENT,
  `simple_slider_id` bigint unsigned NOT NULL,
  `title` varchar(255) COLLATE utf8mb4_unicode_ci DEFAULT NULL,
  `image` varchar(255) COLLATE utf8mb4_unicode_ci NOT NULL,
  `link` varchar(255) COLLATE utf8mb4_unicode_ci DEFAULT NULL,
  `description` text COLLATE utf8mb4_unicode_ci,
  `order` int unsigned NOT NULL DEFAULT '0',
  `created_at` timestamp NULL DEFAULT NULL,
  `updated_at` timestamp NULL DEFAULT NULL,
  PRIMARY KEY (`id`)
) ENGINE=InnoDB AUTO_INCREMENT=4 DEFAULT CHARSET=utf8mb4 COLLATE=utf8mb4_unicode_ci;

--
-- Dumping data for table `simple_slider_items`
--

INSERT INTO `simple_slider_items` VALUES (1,1,'New Collection','sliders/1.jpg','/products','Save more with coupons &amp; up to 70% off',1,'2023-09-26 16:38:13','2023-09-26 16:38:13'),(2,1,'Big Deals','sliders/2.jpg','/products','Headphone, Gaming Laptop, PC and more...',2,'2023-09-26 16:38:13','2023-09-26 16:38:13'),(3,1,'Trending Collection','sliders/3.jpg','/products','Save more with coupons &amp; up to 20% off',3,'2023-09-26 16:38:13','2023-09-26 16:38:13');

--
-- Table structure for table `slugs_translations`
--

CREATE TABLE `slugs_translations` (
  `lang_code` varchar(191) COLLATE utf8mb4_unicode_ci NOT NULL,
  `slugs_id` bigint unsigned NOT NULL,
  `key` varchar(255) COLLATE utf8mb4_unicode_ci DEFAULT NULL,
  `prefix` varchar(120) COLLATE utf8mb4_unicode_ci DEFAULT '',
  PRIMARY KEY (`lang_code`,`slugs_id`)
) ENGINE=InnoDB DEFAULT CHARSET=utf8mb4 COLLATE=utf8mb4_unicode_ci;

--
-- Dumping data for table `slugs_translations`
--


--
-- Table structure for table `states`
--

CREATE TABLE `states` (
  `id` bigint unsigned NOT NULL AUTO_INCREMENT,
  `name` varchar(120) COLLATE utf8mb4_unicode_ci NOT NULL,
  `slug` varchar(120) COLLATE utf8mb4_unicode_ci DEFAULT NULL,
  `abbreviation` varchar(10) CHARACTER SET utf8mb4 COLLATE utf8mb4_unicode_ci DEFAULT NULL,
  `country_id` bigint unsigned DEFAULT NULL,
  `order` tinyint NOT NULL DEFAULT '0',
  `image` varchar(255) COLLATE utf8mb4_unicode_ci DEFAULT NULL,
  `is_default` tinyint unsigned NOT NULL DEFAULT '0',
  `status` varchar(60) COLLATE utf8mb4_unicode_ci NOT NULL DEFAULT 'published',
  `created_at` timestamp NULL DEFAULT NULL,
  `updated_at` timestamp NULL DEFAULT NULL,
  PRIMARY KEY (`id`),
  UNIQUE KEY `states_slug_unique` (`slug`)
) ENGINE=InnoDB DEFAULT CHARSET=utf8mb4 COLLATE=utf8mb4_unicode_ci;

--
-- Dumping data for table `states`
--


--
-- Table structure for table `states_translations`
--

CREATE TABLE `states_translations` (
  `lang_code` varchar(191) COLLATE utf8mb4_unicode_ci NOT NULL,
  `states_id` bigint unsigned NOT NULL,
  `name` varchar(120) COLLATE utf8mb4_unicode_ci DEFAULT NULL,
  `slug` varchar(120) CHARACTER SET utf8mb4 COLLATE utf8mb4_unicode_ci DEFAULT NULL,
  `abbreviation` varchar(10) CHARACTER SET utf8mb4 COLLATE utf8mb4_unicode_ci DEFAULT NULL,
  PRIMARY KEY (`lang_code`,`states_id`)
) ENGINE=InnoDB DEFAULT CHARSET=utf8mb4 COLLATE=utf8mb4_unicode_ci;

--
-- Dumping data for table `states_translations`
--


--
-- Table structure for table `tags`
--

CREATE TABLE `tags` (
  `id` bigint unsigned NOT NULL AUTO_INCREMENT,
  `name` varchar(120) COLLATE utf8mb4_unicode_ci NOT NULL,
  `author_id` bigint unsigned DEFAULT NULL,
  `author_type` varchar(255) CHARACTER SET utf8mb4 COLLATE utf8mb4_unicode_ci NOT NULL DEFAULT 'Botble\\ACL\\Models\\User',
  `description` varchar(400) COLLATE utf8mb4_unicode_ci DEFAULT '',
  `status` varchar(60) COLLATE utf8mb4_unicode_ci NOT NULL DEFAULT 'published',
  `created_at` timestamp NULL DEFAULT NULL,
  `updated_at` timestamp NULL DEFAULT NULL,
  PRIMARY KEY (`id`)
) ENGINE=InnoDB AUTO_INCREMENT=6 DEFAULT CHARSET=utf8mb4 COLLATE=utf8mb4_unicode_ci;

--
-- Dumping data for table `tags`
--

INSERT INTO `tags` VALUES (1,'General',NULL,'Botble\\ACL\\Models\\User','','published','2023-09-26 16:38:15','2023-09-26 16:38:15'),(2,'Design',NULL,'Botble\\ACL\\Models\\User','','published','2023-09-26 16:38:15','2023-09-26 16:38:15'),(3,'Fashion',NULL,'Botble\\ACL\\Models\\User','','published','2023-09-26 16:38:15','2023-09-26 16:38:15'),(4,'Branding',NULL,'Botble\\ACL\\Models\\User','','published','2023-09-26 16:38:15','2023-09-26 16:38:15'),(5,'Modern',NULL,'Botble\\ACL\\Models\\User','','published','2023-09-26 16:38:15','2023-09-26 16:38:15');

--
-- Table structure for table `tags_translations`
--

CREATE TABLE `tags_translations` (
  `lang_code` varchar(191) COLLATE utf8mb4_unicode_ci NOT NULL,
  `tags_id` bigint unsigned NOT NULL,
  `name` varchar(255) COLLATE utf8mb4_unicode_ci DEFAULT NULL,
  `description` varchar(400) COLLATE utf8mb4_unicode_ci DEFAULT NULL,
  PRIMARY KEY (`lang_code`,`tags_id`)
) ENGINE=InnoDB DEFAULT CHARSET=utf8mb4 COLLATE=utf8mb4_unicode_ci;

--
-- Dumping data for table `tags_translations`
--


--
-- Table structure for table `translations`
--

CREATE TABLE `translations` (
  `id` bigint unsigned NOT NULL AUTO_INCREMENT,
  `status` int NOT NULL DEFAULT '0',
  `locale` varchar(191) COLLATE utf8mb4_unicode_ci NOT NULL,
  `group` varchar(191) COLLATE utf8mb4_unicode_ci NOT NULL,
  `key` varchar(191) COLLATE utf8mb4_unicode_ci NOT NULL,
  `value` text COLLATE utf8mb4_unicode_ci,
  `created_at` timestamp NULL DEFAULT NULL,
  `updated_at` timestamp NULL DEFAULT NULL,
  PRIMARY KEY (`id`)
) ENGINE=InnoDB AUTO_INCREMENT=3310 DEFAULT CHARSET=utf8mb4 COLLATE=utf8mb4_unicode_ci;

--
-- Dumping data for table `translations`
--



--
-- Table structure for table `user_meta`
--

CREATE TABLE `user_meta` (
  `id` bigint unsigned NOT NULL AUTO_INCREMENT,
  `key` varchar(191) COLLATE utf8mb4_unicode_ci DEFAULT NULL,
  `value` varchar(191) COLLATE utf8mb4_unicode_ci DEFAULT NULL,
  `user_id` bigint unsigned NOT NULL,
  `created_at` timestamp NULL DEFAULT NULL,
  `updated_at` timestamp NULL DEFAULT NULL,
  PRIMARY KEY (`id`),
  KEY `user_meta_user_id_index` (`user_id`)
) ENGINE=InnoDB DEFAULT CHARSET=utf8mb4 COLLATE=utf8mb4_unicode_ci;

--
-- Dumping data for table `user_meta`
--


--
-- Table structure for table `widgets`
--

CREATE TABLE `widgets` (
  `id` bigint unsigned NOT NULL AUTO_INCREMENT,
  `widget_id` varchar(120) COLLATE utf8mb4_unicode_ci NOT NULL,
  `sidebar_id` varchar(120) COLLATE utf8mb4_unicode_ci NOT NULL,
  `theme` varchar(120) COLLATE utf8mb4_unicode_ci NOT NULL,
  `position` tinyint unsigned NOT NULL DEFAULT '0',
  `data` text COLLATE utf8mb4_unicode_ci,
  `created_at` timestamp NULL DEFAULT NULL,
  `updated_at` timestamp NULL DEFAULT NULL,
  PRIMARY KEY (`id`)
) ENGINE=InnoDB AUTO_INCREMENT=2 DEFAULT CHARSET=utf8mb4 COLLATE=utf8mb4_unicode_ci;

--
-- Dumping data for table `widgets`
--

INSERT INTO `widgets` VALUES (1,'CustomMenuWidget','footer_sidebar','september',1,'{\"id\":\"CustomMenuWidget\",\"name\":\"Customer services\",\"menu_id\":\"customer-services\"}','2023-09-26 16:38:16','2023-09-26 16:38:16');


